{"id":1246,"date":"2010-12-13T11:43:26","date_gmt":"2010-12-13T15:43:26","guid":{"rendered":"http:\/\/carleton.ca\/africanstudies\/?page_id=1246"},"modified":"2011-07-14T13:04:02","modified_gmt":"2011-07-14T17:04:02","slug":"sudan-what-next","status":"publish","type":"page","link":"https:\/\/carleton.ca\/africanstudies\/sudan-what-next\/","title":{"rendered":"&#8220;Sudan: What Next?&#8221;"},"content":{"rendered":"<p>The Institute of African Studies hosted a Panel Discussion entitled \u201cSudan: What Next?\u201d on Wednesday, November 24th in 3380 Mackenzie Building.<\/p>\n<p>The Institute of African Studies at Carleton University<br \/>\ncordially invites you to a<\/p>\n<p>Panel Discussion<\/p>\n<p>\u201cSudan: What Next?\u201d<\/p>\n<p>With<\/p>\n<p>Dr. David Bassiouni<br \/>\nFormer Sudanese Minister of Agriculture, UNICEF Rep and UN Humanitarian Coordinator<\/p>\n<p>Dr. Khalid Medani<br \/>\nProfessor, African and Middle East Politics, McGill University<\/p>\n<p>Mr. Omer Ismail<br \/>\nVP, Darfur Peace and Development Organization<\/p>\n<p>Mr. Scott Proudfoot<br \/>\nDirector, Sudan Task Force, DFAIT<\/p>\n<p>Moderated by Dr. Chris Brown<br \/>\nProfessor, Political Science &amp; African Studies, Carleton<\/p>\n[slideshow thumbnail=small title=false]\n<p><em>photos taken by H\u00fcstin L\u00e4k\u00fc<\/em><\/p>\n<p><a href=\"http:\/\/carleton.ca\/africanstudies\/wp-content\/uploads\/Sudan_Referendum_Poster1.pdf\">For\u00a0poster information<\/a><\/p>\n","protected":false},"excerpt":{"rendered":"<p>The Institute of African Studies hosted a Panel Discussion entitled \u201cSudan: What Next?\u201d on Wednesday, November 24th in 3380 Mackenzie Building. The Institute of African Studies at Carleton University cordially invites you to a Panel Discussion \u201cSudan: What Next?\u201d With Dr. David Bassiouni Former Sudanese Minister of Agriculture, UNICEF Rep and UN Humanitarian Coordinator Dr. [&hellip;]<\/p>\n","protected":false},"author":3,"featured_media":0,"parent":0,"menu_order":47,"comment_status":"open","ping_status":"open","template":"","meta":{"_relevanssi_hide_post":"","_relevanssi_hide_content":"","_relevanssi_pin_for_all":"","_relevanssi_pin_keywords":"","_relevanssi_unpin_keywords":"","_relevanssi_related_keywords":"","_relevanssi_related_include_ids":"","_relevanssi_related_exclude_ids":"","_relevanssi_related_no_append":"","_relevanssi_related_not_related":"","_relevanssi_related_posts":"","_relevanssi_noindex_reason":"","_mi_skip_tracking":false,"_exactmetrics_sitenote_active":false,"_exactmetrics_sitenote_note":"","_exactmetrics_sitenote_category":0,"footnotes":"","_links_to":"","_links_to_target":""},"yoast_head":"<!-- This site is optimized with the Yoast SEO plugin v21.2 - https:\/\/yoast.com\/wordpress\/plugins\/seo\/ -->\n<title>&quot;Sudan: What Next?&quot; - Institute of African Studies<\/title>\n<meta name=\"description\" content=\"The Institute of African Studies hosted a Panel Discussion entitled \u201cSudan: What Next?\u201d on Wednesday, November 24th in 3380 Mackenzie Building. The\" \/>\n<meta name=\"robots\" content=\"index, follow, max-snippet:-1, max-image-preview:large, max-video-preview:-1\" \/>\n<link rel=\"canonical\" href=\"https:\/\/carleton.ca\/africanstudies\/sudan-what-next\/\" \/>\n<meta name=\"twitter:label1\" content=\"Est. reading time\" \/>\n\t<meta name=\"twitter:data1\" content=\"1 minute\" \/>\n<script type=\"application\/ld+json\" class=\"yoast-schema-graph\">{\"@context\":\"https:\/\/schema.org\",\"@graph\":[{\"@type\":\"WebPage\",\"@id\":\"https:\/\/carleton.ca\/africanstudies\/sudan-what-next\/\",\"url\":\"https:\/\/carleton.ca\/africanstudies\/sudan-what-next\/\",\"name\":\"\\\"Sudan: What Next?\\\" - Institute of African Studies\",\"isPartOf\":{\"@id\":\"https:\/\/carleton.ca\/africanstudies\/#website\"},\"datePublished\":\"2010-12-13T15:43:26+00:00\",\"dateModified\":\"2011-07-14T17:04:02+00:00\",\"description\":\"The Institute of African Studies hosted a Panel Discussion entitled \u201cSudan: What Next?\u201d on Wednesday, November 24th in 3380 Mackenzie Building. The\",\"breadcrumb\":{\"@id\":\"https:\/\/carleton.ca\/africanstudies\/sudan-what-next\/#breadcrumb\"},\"inLanguage\":\"en-US\",\"potentialAction\":[{\"@type\":\"ReadAction\",\"target\":[\"https:\/\/carleton.ca\/africanstudies\/sudan-what-next\/\"]}]},{\"@type\":\"BreadcrumbList\",\"@id\":\"https:\/\/carleton.ca\/africanstudies\/sudan-what-next\/#breadcrumb\",\"itemListElement\":[{\"@type\":\"ListItem\",\"position\":1,\"name\":\"Home\",\"item\":\"https:\/\/carleton.ca\/africanstudies\/\"},{\"@type\":\"ListItem\",\"position\":2,\"name\":\"&#8220;Sudan: What Next?&#8221;\"}]},{\"@type\":\"WebSite\",\"@id\":\"https:\/\/carleton.ca\/africanstudies\/#website\",\"url\":\"https:\/\/carleton.ca\/africanstudies\/\",\"name\":\"Institute of African Studies\",\"description\":\"Carleton University\",\"potentialAction\":[{\"@type\":\"SearchAction\",\"target\":{\"@type\":\"EntryPoint\",\"urlTemplate\":\"https:\/\/carleton.ca\/africanstudies\/?s={search_term_string}\"},\"query-input\":\"required name=search_term_string\"}],\"inLanguage\":\"en-US\"}]}<\/script>\n<!-- \/ Yoast SEO plugin. -->","yoast_head_json":{"title":"\"Sudan: What Next?\" - Institute of African Studies","description":"The Institute of African Studies hosted a Panel Discussion entitled \u201cSudan: What Next?\u201d on Wednesday, November 24th in 3380 Mackenzie Building. The","robots":{"index":"index","follow":"follow","max-snippet":"max-snippet:-1","max-image-preview":"max-image-preview:large","max-video-preview":"max-video-preview:-1"},"canonical":"https:\/\/carleton.ca\/africanstudies\/sudan-what-next\/","twitter_misc":{"Est. reading time":"1 minute"},"schema":{"@context":"https:\/\/schema.org","@graph":[{"@type":"WebPage","@id":"https:\/\/carleton.ca\/africanstudies\/sudan-what-next\/","url":"https:\/\/carleton.ca\/africanstudies\/sudan-what-next\/","name":"\"Sudan: What Next?\" - Institute of African Studies","isPartOf":{"@id":"https:\/\/carleton.ca\/africanstudies\/#website"},"datePublished":"2010-12-13T15:43:26+00:00","dateModified":"2011-07-14T17:04:02+00:00","description":"The Institute of African Studies hosted a Panel Discussion entitled \u201cSudan: What Next?\u201d on Wednesday, November 24th in 3380 Mackenzie Building. The","breadcrumb":{"@id":"https:\/\/carleton.ca\/africanstudies\/sudan-what-next\/#breadcrumb"},"inLanguage":"en-US","potentialAction":[{"@type":"ReadAction","target":["https:\/\/carleton.ca\/africanstudies\/sudan-what-next\/"]}]},{"@type":"BreadcrumbList","@id":"https:\/\/carleton.ca\/africanstudies\/sudan-what-next\/#breadcrumb","itemListElement":[{"@type":"ListItem","position":1,"name":"Home","item":"https:\/\/carleton.ca\/africanstudies\/"},{"@type":"ListItem","position":2,"name":"&#8220;Sudan: What Next?&#8221;"}]},{"@type":"WebSite","@id":"https:\/\/carleton.ca\/africanstudies\/#website","url":"https:\/\/carleton.ca\/africanstudies\/","name":"Institute of African Studies","description":"Carleton University","potentialAction":[{"@type":"SearchAction","target":{"@type":"EntryPoint","urlTemplate":"https:\/\/carleton.ca\/africanstudies\/?s={search_term_string}"},"query-input":"required name=search_term_string"}],"inLanguage":"en-US"}]}},"acf":{"banner_image_type":null,"banner_uploaded_image":null,"banner_hosted_image":null,"banner_opacity":null,"banner_button":null,"banner_buttons":null},"_links":{"self":[{"href":"https:\/\/carleton.ca\/africanstudies\/wp-json\/wp\/v2\/pages\/1246"}],"collection":[{"href":"https:\/\/carleton.ca\/africanstudies\/wp-json\/wp\/v2\/pages"}],"about":[{"href":"https:\/\/carleton.ca\/africanstudies\/wp-json\/wp\/v2\/types\/page"}],"author":[{"embeddable":true,"href":"https:\/\/carleton.ca\/africanstudies\/wp-json\/wp\/v2\/users\/3"}],"replies":[{"embeddable":true,"href":"https:\/\/carleton.ca\/africanstudies\/wp-json\/wp\/v2\/comments?post=1246"}],"version-history":[{"count":1,"href":"https:\/\/carleton.ca\/africanstudies\/wp-json\/wp\/v2\/pages\/1246\/revisions"}],"predecessor-version":[{"id":3015,"href":"https:\/\/carleton.ca\/africanstudies\/wp-json\/wp\/v2\/pages\/1246\/revisions\/3015"}],"wp:attachment":[{"href":"https:\/\/carleton.ca\/africanstudies\/wp-json\/wp\/v2\/media?parent=1246"}],"curies":[{"name":"wp","href":"https:\/\/api.w.org\/{rel}","templated":true}]}}