{"id":10494,"date":"2022-08-22T09:10:28","date_gmt":"2022-08-22T13:10:28","guid":{"rendered":"https:\/\/carleton.ca\/canadianstudies\/?page_id=10494"},"modified":"2022-11-20T15:49:01","modified_gmt":"2022-11-20T20:49:01","slug":"faculty-publications","status":"publish","type":"page","link":"https:\/\/carleton.ca\/canadianstudies\/research\/faculty-publications\/","title":{"rendered":"Faculty Publications"},"content":{"rendered":"<p>A selection of publications by faculty in the School of Canadian Studies:<\/p>\n<table class=\" alignleft\" style=\"height: 3738px; width: 100%; border-style: hidden;\" border=\"0\" cellspacing=\"1\" cellpadding=\"1\">\n<tbody>\n<tr style=\"height: 273px;\">\n<td style=\"width: 21.29971791044776%; height: 273px;\"><img decoding=\"async\" loading=\"lazy\" class=\"size-full wp-image-11225 alignleft\" src=\"https:\/\/carleton.ca\/canadianstudies\/wp-content\/uploads\/Book-cover-Elzanowski.jpg\" alt=\"\" width=\"183\" height=\"275\" srcset=\"https:\/\/carleton.ca\/canadianstudies\/wp-content\/uploads\/Book-cover-Elzanowski.jpg 183w, https:\/\/carleton.ca\/canadianstudies\/wp-content\/uploads\/Book-cover-Elzanowski-160x240.jpg 160w\" sizes=\"(max-width: 183px) 100vw, 183px\" \/><\/td>\n<td style=\"width: 15.329568656716424%; height: 273px; text-align: left;\"><a href=\"https:\/\/carleton.ca\/canadianstudies\/people\/jerzy-jurek-elzanowski\/\" target=\"_blank\" rel=\"noopener noreferrer\">Jerzy El\u017canowski<\/a><\/td>\n<td style=\"width: 63.37061343283582%; height: 273px;\">Anthology of the best of articles published in <em>The Journal of Architecture<\/em> in the last decade: \u201cManufacturing Ruins: Architecture and Representation in Post-Catastrophic Warsaw,\u201d <strong><em>The Journal of Architecture<\/em><\/strong> 23:5 (2018), 740-755.<\/td>\n<\/tr>\n<tr style=\"height: 294px;\">\n<td style=\"width: 21.29971791044776%; height: 294px;\"><img decoding=\"async\" loading=\"lazy\" class=\"size-full wp-image-11223 alignleft\" src=\"https:\/\/carleton.ca\/canadianstudies\/wp-content\/uploads\/Book-cover-Henderson-1.jpg\" alt=\"Reconciling Canada\" width=\"183\" height=\"276\" srcset=\"https:\/\/carleton.ca\/canadianstudies\/wp-content\/uploads\/Book-cover-Henderson-1.jpg 183w, https:\/\/carleton.ca\/canadianstudies\/wp-content\/uploads\/Book-cover-Henderson-1-160x241.jpg 160w\" sizes=\"(max-width: 183px) 100vw, 183px\" \/><\/td>\n<td style=\"width: 15.329568656716424%; height: 294px; text-align: left;\"><a href=\"https:\/\/carleton.ca\/canadianstudies\/people\/jennifer-henderson\/\" target=\"_blank\" rel=\"noopener noreferrer\">Jennifer Henderson<\/a><\/td>\n<td style=\"width: 63.37061343283582%; height: 294px;\"><em>Reconciling Canada: Critical Perspectives on the Culture of Redress. C<\/em>o-editor with Pauline Wakeham, University of Toronto Press, 2013.<\/td>\n<\/tr>\n<tr style=\"height: 144px;\">\n<td style=\"width: 21.29971791044776%; height: 144px;\"><img decoding=\"async\" loading=\"lazy\" class=\"size-full wp-image-11210 alignleft\" src=\"https:\/\/carleton.ca\/canadianstudies\/wp-content\/uploads\/Book-cover-Hodgins.jpg\" alt=\"Peter Hodgins book cover\" width=\"183\" height=\"275\" srcset=\"https:\/\/carleton.ca\/canadianstudies\/wp-content\/uploads\/Book-cover-Hodgins.jpg 183w, https:\/\/carleton.ca\/canadianstudies\/wp-content\/uploads\/Book-cover-Hodgins-160x240.jpg 160w\" sizes=\"(max-width: 183px) 100vw, 183px\" \/><\/td>\n<td style=\"width: 15.329568656716424%; height: 144px; text-align: left;\"><a href=\"https:\/\/carleton.ca\/canadianstudies\/people\/hodgins-peter\/\" target=\"_blank\" rel=\"noopener noreferrer\">Peter Hodgins<\/a><\/td>\n<td style=\"width: 63.37061343283582%; height: 144px;\"><em>Settling and Unsettling Memories: Essays in Canadian Public History. <\/em>Co-editor with Nicole Neatby, University of Toronto Press, 2012.<\/td>\n<\/tr>\n<tr style=\"height: 279px;\">\n<td style=\"width: 21.29971791044776%; height: 10px;\"><img decoding=\"async\" loading=\"lazy\" class=\"alignleft wp-image-11211 size-full\" src=\"https:\/\/carleton.ca\/canadianstudies\/wp-content\/uploads\/Book-cover-Horn-Miller-2.jpg\" alt=\"Kahente book cover, Colonize This\" width=\"183\" height=\"276\" srcset=\"https:\/\/carleton.ca\/canadianstudies\/wp-content\/uploads\/Book-cover-Horn-Miller-2.jpg 183w, https:\/\/carleton.ca\/canadianstudies\/wp-content\/uploads\/Book-cover-Horn-Miller-2-160x241.jpg 160w\" sizes=\"(max-width: 183px) 100vw, 183px\" \/><\/td>\n<td style=\"width: 15.329568656716424%; height: 10px; text-align: left;\"><a href=\"https:\/\/carleton.ca\/canadianstudies\/people\/kahente-horn-miller\/\" target=\"_blank\" rel=\"noopener noreferrer\">Kahente Horn-Miller<\/a><\/td>\n<td style=\"width: 63.37061343283582%; height: 10px;\">\u201cBring Us Back into the Dance: Women of the Wasase\u201d in <em>Colonize This! Young Women of Color on Today\u2019s Feminism<\/em>. Editors Daisy Hernandez and Bushra Rehman. Seal Press. 2nd Edition. 2019.<\/td>\n<\/tr>\n<tr style=\"height: 279px;\">\n<td style=\"width: 21.29971791044776%; height: 304px;\"><img decoding=\"async\" loading=\"lazy\" class=\"size-full wp-image-11205 alignleft\" src=\"https:\/\/carleton.ca\/canadianstudies\/wp-content\/uploads\/Book-cover-Khordoc.jpg\" alt=\"Khordoc Book Cover\" width=\"183\" height=\"275\" srcset=\"https:\/\/carleton.ca\/canadianstudies\/wp-content\/uploads\/Book-cover-Khordoc.jpg 183w, https:\/\/carleton.ca\/canadianstudies\/wp-content\/uploads\/Book-cover-Khordoc-160x240.jpg 160w\" sizes=\"(max-width: 183px) 100vw, 183px\" \/><\/td>\n<td style=\"width: 15.329568656716424%; height: 304px; text-align: left;\"><a href=\"https:\/\/carleton.ca\/canadianstudies\/people\/catherine-khordoc\/\" target=\"_blank\" rel=\"noopener noreferrer\">Catherine Khordoc<\/a><\/td>\n<td style=\"width: 63.37061343283582%; height: 304px;\"><em>Tours et detours: Le mythe de Babel dans la litt\u00e9rature contemporaine<\/em>. Ottawa, Presses de l\u2019Universit\u00e9 d\u2019Ottawa, 2012.<\/p>\n<p><em>Comparing Migration: The Literatures of Canada and Qu\u00e9bec \/ Migrance compar\u00e9e: Les Litt\u00e9ratures du Canada et du Qu\u00e9bec<\/em>, co-editor with Marie Carri\u00e8re Bern: Peter Lang, 2008.<\/td>\n<\/tr>\n<tr style=\"height: 24px;\">\n<td style=\"width: 21.29971791044776%; height: 24px;\"><img decoding=\"async\" loading=\"lazy\" class=\"size-full wp-image-11212 alignleft\" src=\"https:\/\/carleton.ca\/canadianstudies\/wp-content\/uploads\/Book-cover-Litt.jpg\" alt=\"Trudeaumania Book Cover\" width=\"183\" height=\"275\" srcset=\"https:\/\/carleton.ca\/canadianstudies\/wp-content\/uploads\/Book-cover-Litt.jpg 183w, https:\/\/carleton.ca\/canadianstudies\/wp-content\/uploads\/Book-cover-Litt-160x240.jpg 160w\" sizes=\"(max-width: 183px) 100vw, 183px\" \/><\/td>\n<td style=\"width: 15.329568656716424%; height: 24px; text-align: left;\"><a href=\"https:\/\/carleton.ca\/canadianstudies\/people\/litt-paul\/\" target=\"_blank\" rel=\"noopener noreferrer\">Paul Litt<\/a><\/td>\n<td style=\"width: 63.37061343283582%; height: 24px;\">\u00a0<em>Trudeaumania<\/em>, UBC Press, 2018.<\/td>\n<\/tr>\n<tr style=\"height: 237px;\">\n<td style=\"width: 21.29971791044776%; height: 237px;\"><img decoding=\"async\" loading=\"lazy\" class=\"size-full wp-image-11213 alignleft\" src=\"https:\/\/carleton.ca\/canadianstudies\/wp-content\/uploads\/B09TTMJ46S.01._SCLZZZZZZZ_SX500_.jpg\" alt=\"Trans Bodies Trans Selves\" width=\"183\" height=\"237\" srcset=\"https:\/\/carleton.ca\/canadianstudies\/wp-content\/uploads\/B09TTMJ46S.01._SCLZZZZZZZ_SX500_.jpg 183w, https:\/\/carleton.ca\/canadianstudies\/wp-content\/uploads\/B09TTMJ46S.01._SCLZZZZZZZ_SX500_-160x207.jpg 160w\" sizes=\"(max-width: 183px) 100vw, 183px\" \/><\/td>\n<td style=\"width: 15.329568656716424%; height: 237px; text-align: left;\"><a href=\"https:\/\/carleton.ca\/canadianstudies\/people\/andres-lopez\/\" target=\"_blank\" rel=\"noopener noreferrer\">Andr\u00e9s C. L\u00f3pez<\/a><\/td>\n<td style=\"width: 63.37061343283582%; height: 237px;\">\u00a0\u201cConstellating Trans Histories of Resistance.\u201d In <em>Trans Bodies, Trans Selves<\/em>. 2<sup>nd<\/sup>\u00a0ed., edited by Laura Erickson-Schroth. United Kingdom: Oxford University Press, 2021.<\/td>\n<\/tr>\n<tr style=\"height: 274px;\">\n<td style=\"width: 21.29971791044776%; height: 274px;\"><img decoding=\"async\" loading=\"lazy\" class=\"size-full wp-image-11214 alignleft\" src=\"https:\/\/carleton.ca\/canadianstudies\/wp-content\/uploads\/Book-cover-Mackey.jpg\" alt=\"Unsettled Expectations\" width=\"183\" height=\"274\" srcset=\"https:\/\/carleton.ca\/canadianstudies\/wp-content\/uploads\/Book-cover-Mackey.jpg 183w, https:\/\/carleton.ca\/canadianstudies\/wp-content\/uploads\/Book-cover-Mackey-160x240.jpg 160w\" sizes=\"(max-width: 183px) 100vw, 183px\" \/><\/td>\n<td style=\"width: 15.329568656716424%; height: 274px; text-align: left;\"><a href=\"https:\/\/carleton.ca\/canadianstudies\/people\/mackey-eva\/\" target=\"_blank\" rel=\"noopener noreferrer\">Eva Mackey<\/a><\/td>\n<td style=\"width: 63.37061343283582%; height: 274px;\"><em>Unsettled Expectations: Uncertainty, Land and Settler Decolonization.<br \/>\n<\/em>Fernwood Publishing, 2016.<\/td>\n<\/tr>\n<tr style=\"height: 276px;\">\n<td style=\"width: 21.29971791044776%; height: 276px;\"><img decoding=\"async\" loading=\"lazy\" class=\"size-full wp-image-11215 alignleft\" src=\"https:\/\/carleton.ca\/canadianstudies\/wp-content\/uploads\/Book-cover-Nimijean.jpg\" alt=\"The Construction of Canadian Identity from Abroad\" width=\"183\" height=\"276\" srcset=\"https:\/\/carleton.ca\/canadianstudies\/wp-content\/uploads\/Book-cover-Nimijean.jpg 183w, https:\/\/carleton.ca\/canadianstudies\/wp-content\/uploads\/Book-cover-Nimijean-160x241.jpg 160w\" sizes=\"(max-width: 183px) 100vw, 183px\" \/><\/td>\n<td style=\"width: 15.329568656716424%; height: 276px; text-align: left;\"><a href=\"https:\/\/carleton.ca\/canadianstudies\/people\/nimijean-richard\/\" target=\"_blank\" rel=\"noopener noreferrer\">Richard Nimijean<\/a><\/td>\n<td style=\"width: 63.37061343283582%; height: 276px;\"><em>The Construction of Canadian Identity from Abroad. <\/em>Cham: Palgrave Macmillan, 2022.<\/td>\n<\/tr>\n<tr style=\"height: 275px;\">\n<td style=\"width: 21.29971791044776%; height: 275px;\"><img decoding=\"async\" loading=\"lazy\" class=\"size-full wp-image-11216 alignleft\" src=\"https:\/\/carleton.ca\/canadianstudies\/wp-content\/uploads\/Book-cover-Rankin.jpg\" alt=\"We still demand book cover\" width=\"183\" height=\"275\" srcset=\"https:\/\/carleton.ca\/canadianstudies\/wp-content\/uploads\/Book-cover-Rankin.jpg 183w, https:\/\/carleton.ca\/canadianstudies\/wp-content\/uploads\/Book-cover-Rankin-160x240.jpg 160w\" sizes=\"(max-width: 183px) 100vw, 183px\" \/><\/td>\n<td style=\"width: 15.329568656716424%; height: 275px; text-align: left;\"><a href=\"https:\/\/carleton.ca\/canadianstudies\/people\/rankin-l-pauline\/\" target=\"_blank\" rel=\"noopener noreferrer\">L. Pauline Rankin<\/a><\/td>\n<td style=\"width: 63.37061343283582%; height: 275px;\"><em> We Still Demand!: Redefining Resistance in Sex and Gender Struggles. <\/em>Edited by Patrizia Gentile, Gary Kinsman, UBC Press, 2016.<\/td>\n<\/tr>\n<tr style=\"height: 275px;\">\n<td style=\"width: 21.29971791044776%; height: 275px;\"><img decoding=\"async\" loading=\"lazy\" class=\"size-full wp-image-11217 alignleft\" src=\"https:\/\/carleton.ca\/canadianstudies\/wp-content\/uploads\/Carmen.jpg\" alt=\"Norval Morrisseau Book Cover\" width=\"183\" height=\"275\" srcset=\"https:\/\/carleton.ca\/canadianstudies\/wp-content\/uploads\/Carmen.jpg 183w, https:\/\/carleton.ca\/canadianstudies\/wp-content\/uploads\/Carmen-160x240.jpg 160w\" sizes=\"(max-width: 183px) 100vw, 183px\" \/><\/td>\n<td style=\"width: 15.329568656716424%; height: 275px; text-align: left;\"><a href=\"https:\/\/carleton.ca\/canadianstudies\/people\/carmen-robertson\/\" target=\"_blank\" rel=\"noopener noreferrer\">Carmen Robertson<\/a><\/td>\n<td style=\"width: 63.37061343283582%; height: 275px;\"><em>Mythologizing Norval Morrisseau: Art and the Colonial Narrative in the Canadian Media<\/em>.\u00a0Monograph. Winnipeg: University of Manitoba Press, 2016.<\/td>\n<\/tr>\n<tr style=\"height: 233px;\">\n<td style=\"width: 21.29971791044776%; height: 233px;\"><img decoding=\"async\" loading=\"lazy\" class=\"size-full wp-image-11218 alignleft\" src=\"https:\/\/carleton.ca\/canadianstudies\/wp-content\/uploads\/Book-cover-Ross.jpg\" alt=\"From Walk up to High rise\" width=\"183\" height=\"233\" srcset=\"https:\/\/carleton.ca\/canadianstudies\/wp-content\/uploads\/Book-cover-Ross.jpg 183w, https:\/\/carleton.ca\/canadianstudies\/wp-content\/uploads\/Book-cover-Ross-160x204.jpg 160w\" sizes=\"(max-width: 183px) 100vw, 183px\" \/><\/td>\n<td style=\"width: 15.329568656716424%; height: 233px; text-align: left;\"><a href=\"https:\/\/carleton.ca\/canadianstudies\/people\/susan-ross\/\" target=\"_blank\" rel=\"noopener noreferrer\">Susan Ross<\/a><\/td>\n<td style=\"width: 63.37061343283582%; height: 233px;\"><em>From Walk Up to High-Rise: Ottawa\u2019s Historic Apartment Buildings.<\/em>\u00a0Co-editor with Carolyn Quinn and Richard Belliveau, Heritage Ottawa, 2017.<\/p>\n<p><strong>\u00a0<\/strong><\/td>\n<\/tr>\n<tr style=\"height: 275px;\">\n<td style=\"width: 21.29971791044776%; height: 275px;\"><img decoding=\"async\" loading=\"lazy\" class=\"size-full wp-image-11219 alignleft\" src=\"https:\/\/carleton.ca\/canadianstudies\/wp-content\/uploads\/tamas.jpg\" alt=\"Routledge Handbook of Gender and Feminist Geographies\" width=\"183\" height=\"275\" srcset=\"https:\/\/carleton.ca\/canadianstudies\/wp-content\/uploads\/tamas.jpg 183w, https:\/\/carleton.ca\/canadianstudies\/wp-content\/uploads\/tamas-160x240.jpg 160w\" sizes=\"(max-width: 183px) 100vw, 183px\" \/><\/td>\n<td style=\"width: 15.329568656716424%; height: 275px; text-align: left;\"><a href=\"https:\/\/carleton.ca\/canadianstudies\/people\/tamas-sophie\/\" target=\"_blank\" rel=\"noopener noreferrer\">Sophie Tamas<\/a><\/td>\n<td style=\"width: 63.37061343283582%; height: 275px;\"><em>Routledge Handbook of Gender and Feminist Geographies. <\/em>Edited by Anindita Datta, Peter Hopkins, Lynda Johnston, Elizabeth Olson, Joseli Maria Silva, London, Routledge, 2020.<\/td>\n<\/tr>\n<tr style=\"height: 275px;\">\n<td style=\"width: 21.29971791044776%; height: 275px;\"><img decoding=\"async\" loading=\"lazy\" class=\"size-full wp-image-11220 alignleft\" src=\"https:\/\/carleton.ca\/canadianstudies\/wp-content\/uploads\/Book-cover-Thompson.jpg\" alt=\"Nights below Foord Street\" width=\"183\" height=\"275\" srcset=\"https:\/\/carleton.ca\/canadianstudies\/wp-content\/uploads\/Book-cover-Thompson.jpg 183w, https:\/\/carleton.ca\/canadianstudies\/wp-content\/uploads\/Book-cover-Thompson-160x240.jpg 160w\" sizes=\"(max-width: 183px) 100vw, 183px\" \/><\/td>\n<td style=\"width: 15.329568656716424%; height: 275px; text-align: left;\"><a href=\"https:\/\/carleton.ca\/canadianstudies\/people\/thompson-peter\/\" target=\"_blank\" rel=\"noopener noreferrer\">Peter Thompson<\/a><\/td>\n<td style=\"width: 63.37061343283582%; height: 275px;\"><em>Nights Below\u00a0Foord Street: Literature and Popular Culture in Postindustrial Nova Scotia<\/em>. Montreal: McGill-Queen\u2019s University Press, 2019.<\/td>\n<\/tr>\n<tr style=\"height: 275px;\">\n<td style=\"width: 21.29971791044776%; height: 275px;\"><img decoding=\"async\" loading=\"lazy\" class=\"size-full wp-image-11221 alignleft\" src=\"https:\/\/carleton.ca\/canadianstudies\/wp-content\/uploads\/Book-cover-Tomiak.jpg\" alt=\"Settler City Limits\" width=\"183\" height=\"275\" srcset=\"https:\/\/carleton.ca\/canadianstudies\/wp-content\/uploads\/Book-cover-Tomiak.jpg 183w, https:\/\/carleton.ca\/canadianstudies\/wp-content\/uploads\/Book-cover-Tomiak-160x240.jpg 160w\" sizes=\"(max-width: 183px) 100vw, 183px\" \/><\/td>\n<td style=\"width: 15.329568656716424%; height: 275px; text-align: left;\"><a href=\"https:\/\/carleton.ca\/canadianstudies\/people\/julie-tomiak\/\" target=\"_blank\" rel=\"noopener noreferrer\">Julie Tomiak<\/a><\/td>\n<td style=\"width: 63.37061343283582%; height: 275px;\">Dorries, Heather, Robert Henry, David Hugill, Tyler McCreary, and\u00a0Julie Tomiak. <strong><a href=\"https:\/\/uofmpress.ca\/books\/detail\/settler-city-limits\" target=\"_blank\" rel=\"noopener noreferrer\"><em>Settler City Limits: Indigenous Resurgence and Colonial Violence in the Urban Prairie West<\/em>.<\/a><\/strong> Winnipeg: University of Manitoba Press, 2019.<\/td>\n<\/tr>\n<tr style=\"height: 275px;\">\n<td style=\"width: 21.29971791044776%; height: 284px;\"><img decoding=\"async\" loading=\"lazy\" class=\"size-full wp-image-11208 alignleft\" src=\"https:\/\/carleton.ca\/canadianstudies\/wp-content\/uploads\/trepanier.jpg\" alt=\"La r\u00e9novation de l'h\u00e9ritage d\u00e9mocratique\" width=\"183\" height=\"275\" srcset=\"https:\/\/carleton.ca\/canadianstudies\/wp-content\/uploads\/trepanier.jpg 183w, https:\/\/carleton.ca\/canadianstudies\/wp-content\/uploads\/trepanier-160x240.jpg 160w\" sizes=\"(max-width: 183px) 100vw, 183px\" \/><\/td>\n<td style=\"width: 15.329568656716424%; height: 284px; text-align: left;\"><a href=\"https:\/\/carleton.ca\/canadianstudies\/people\/trepanier-anne\/\" target=\"_blank\" rel=\"noopener noreferrer\">Anne Tr\u00e9panier<\/a><\/td>\n<td style=\"width: 63.37061343283582%; height: 284px;\"><em>La r\u00e9novation de l\u2019h\u00e9ritage d\u00e9mocratique: entre fondation et refondation.<\/em>University of Ottawa Press, 2009.<\/td>\n<\/tr>\n<\/tbody>\n<\/table>\n","protected":false},"excerpt":{"rendered":"<p>A selection of publications by faculty in the School of Canadian Studies: Jerzy El\u017canowski Anthology of the best of articles published in The Journal of Architecture in the last decade: \u201cManufacturing Ruins: Architecture and Representation in Post-Catastrophic Warsaw,\u201d The Journal of Architecture 23:5 (2018), 740-755. Jennifer Henderson Reconciling Canada: Critical Perspectives on the Culture of [&hellip;]<\/p>\n","protected":false},"author":10,"featured_media":0,"parent":26,"menu_order":0,"comment_status":"closed","ping_status":"closed","template":"","meta":{"_relevanssi_hide_post":"","_relevanssi_hide_content":"","_relevanssi_pin_for_all":"","_relevanssi_pin_keywords":"","_relevanssi_unpin_keywords":"","_relevanssi_related_keywords":"","_relevanssi_related_include_ids":"","_relevanssi_related_exclude_ids":"","_relevanssi_related_no_append":"","_relevanssi_related_not_related":"","_relevanssi_related_posts":"","_relevanssi_noindex_reason":"","_mi_skip_tracking":false,"_exactmetrics_sitenote_active":false,"_exactmetrics_sitenote_note":"","_exactmetrics_sitenote_category":0,"footnotes":"","_links_to":"","_links_to_target":""},"yoast_head":"<!-- This site is optimized with the Yoast SEO plugin v21.2 - https:\/\/yoast.com\/wordpress\/plugins\/seo\/ -->\n<title>Faculty Publications - School of Canadian Studies<\/title>\n<meta name=\"description\" content=\"A selection of publications by faculty in the School of Canadian Studies: Jerzy El\u017canowski Anthology of the best of articles published in The Journal of\" \/>\n<meta name=\"robots\" content=\"index, follow, max-snippet:-1, max-image-preview:large, max-video-preview:-1\" \/>\n<link rel=\"canonical\" href=\"https:\/\/carleton.ca\/canadianstudies\/research\/faculty-publications\/\" \/>\n<meta name=\"twitter:label1\" content=\"Est. reading time\" \/>\n\t<meta name=\"twitter:data1\" content=\"2 minutes\" \/>\n<script type=\"application\/ld+json\" class=\"yoast-schema-graph\">{\"@context\":\"https:\/\/schema.org\",\"@graph\":[{\"@type\":\"WebPage\",\"@id\":\"https:\/\/carleton.ca\/canadianstudies\/research\/faculty-publications\/\",\"url\":\"https:\/\/carleton.ca\/canadianstudies\/research\/faculty-publications\/\",\"name\":\"Faculty Publications - School of Canadian Studies\",\"isPartOf\":{\"@id\":\"https:\/\/carleton.ca\/canadianstudies\/#website\"},\"datePublished\":\"2022-08-22T13:10:28+00:00\",\"dateModified\":\"2022-11-20T20:49:01+00:00\",\"description\":\"A selection of publications by faculty in the School of Canadian Studies: Jerzy El\u017canowski Anthology of the best of articles published in The Journal of\",\"breadcrumb\":{\"@id\":\"https:\/\/carleton.ca\/canadianstudies\/research\/faculty-publications\/#breadcrumb\"},\"inLanguage\":\"en-US\",\"potentialAction\":[{\"@type\":\"ReadAction\",\"target\":[\"https:\/\/carleton.ca\/canadianstudies\/research\/faculty-publications\/\"]}]},{\"@type\":\"BreadcrumbList\",\"@id\":\"https:\/\/carleton.ca\/canadianstudies\/research\/faculty-publications\/#breadcrumb\",\"itemListElement\":[{\"@type\":\"ListItem\",\"position\":1,\"name\":\"Home\",\"item\":\"https:\/\/carleton.ca\/canadianstudies\/\"},{\"@type\":\"ListItem\",\"position\":2,\"name\":\"Research\",\"item\":\"https:\/\/carleton.ca\/canadianstudies\/research\/\"},{\"@type\":\"ListItem\",\"position\":3,\"name\":\"Faculty Publications\"}]},{\"@type\":\"WebSite\",\"@id\":\"https:\/\/carleton.ca\/canadianstudies\/#website\",\"url\":\"https:\/\/carleton.ca\/canadianstudies\/\",\"name\":\"School of Canadian Studies\",\"description\":\"Carleton University\",\"potentialAction\":[{\"@type\":\"SearchAction\",\"target\":{\"@type\":\"EntryPoint\",\"urlTemplate\":\"https:\/\/carleton.ca\/canadianstudies\/?s={search_term_string}\"},\"query-input\":\"required name=search_term_string\"}],\"inLanguage\":\"en-US\"}]}<\/script>\n<!-- \/ Yoast SEO plugin. -->","yoast_head_json":{"title":"Faculty Publications - School of Canadian Studies","description":"A selection of publications by faculty in the School of Canadian Studies: Jerzy El\u017canowski Anthology of the best of articles published in The Journal of","robots":{"index":"index","follow":"follow","max-snippet":"max-snippet:-1","max-image-preview":"max-image-preview:large","max-video-preview":"max-video-preview:-1"},"canonical":"https:\/\/carleton.ca\/canadianstudies\/research\/faculty-publications\/","twitter_misc":{"Est. reading time":"2 minutes"},"schema":{"@context":"https:\/\/schema.org","@graph":[{"@type":"WebPage","@id":"https:\/\/carleton.ca\/canadianstudies\/research\/faculty-publications\/","url":"https:\/\/carleton.ca\/canadianstudies\/research\/faculty-publications\/","name":"Faculty Publications - School of Canadian Studies","isPartOf":{"@id":"https:\/\/carleton.ca\/canadianstudies\/#website"},"datePublished":"2022-08-22T13:10:28+00:00","dateModified":"2022-11-20T20:49:01+00:00","description":"A selection of publications by faculty in the School of Canadian Studies: Jerzy El\u017canowski Anthology of the best of articles published in The Journal of","breadcrumb":{"@id":"https:\/\/carleton.ca\/canadianstudies\/research\/faculty-publications\/#breadcrumb"},"inLanguage":"en-US","potentialAction":[{"@type":"ReadAction","target":["https:\/\/carleton.ca\/canadianstudies\/research\/faculty-publications\/"]}]},{"@type":"BreadcrumbList","@id":"https:\/\/carleton.ca\/canadianstudies\/research\/faculty-publications\/#breadcrumb","itemListElement":[{"@type":"ListItem","position":1,"name":"Home","item":"https:\/\/carleton.ca\/canadianstudies\/"},{"@type":"ListItem","position":2,"name":"Research","item":"https:\/\/carleton.ca\/canadianstudies\/research\/"},{"@type":"ListItem","position":3,"name":"Faculty Publications"}]},{"@type":"WebSite","@id":"https:\/\/carleton.ca\/canadianstudies\/#website","url":"https:\/\/carleton.ca\/canadianstudies\/","name":"School of Canadian Studies","description":"Carleton University","potentialAction":[{"@type":"SearchAction","target":{"@type":"EntryPoint","urlTemplate":"https:\/\/carleton.ca\/canadianstudies\/?s={search_term_string}"},"query-input":"required name=search_term_string"}],"inLanguage":"en-US"}]}},"acf":{"banner_image_type":"upload","banner_button":"no","banner_uploaded_image":{"ID":11229,"id":11229,"title":"book-covers-template","filename":"book-covers-template.jpg","filesize":240642,"url":"https:\/\/carleton.ca\/canadianstudies\/wp-content\/uploads\/book-covers-template.jpg","link":"https:\/\/carleton.ca\/canadianstudies\/research\/faculty-publications\/book-covers-template\/","alt":"","author":"7","description":"","caption":"","name":"book-covers-template","status":"inherit","uploaded_to":10494,"date":"2022-11-09 20:32:50","modified":"2022-11-09 20:32:50","menu_order":0,"mime_type":"image\/jpeg","type":"image","subtype":"jpeg","icon":"https:\/\/carleton.ca\/canadianstudies\/wp\/wp-includes\/images\/media\/default.png","width":1600,"height":700,"sizes":{"thumbnail":"https:\/\/carleton.ca\/canadianstudies\/wp-content\/uploads\/book-covers-template-160x70.jpg","thumbnail-width":160,"thumbnail-height":70,"medium":"https:\/\/carleton.ca\/canadianstudies\/wp-content\/uploads\/book-covers-template-240x105.jpg","medium-width":240,"medium-height":105,"medium_large":"https:\/\/carleton.ca\/canadianstudies\/wp-content\/uploads\/book-covers-template-768x336.jpg","medium_large-width":768,"medium_large-height":336,"large":"https:\/\/carleton.ca\/canadianstudies\/wp-content\/uploads\/book-covers-template-400x175.jpg","large-width":400,"large-height":175,"gallery-thumb":"https:\/\/carleton.ca\/canadianstudies\/wp-content\/uploads\/book-covers-template-300x230.jpg","gallery-thumb-width":300,"gallery-thumb-height":230,"1536x1536":"https:\/\/carleton.ca\/canadianstudies\/wp-content\/uploads\/book-covers-template-1536x672.jpg","1536x1536-width":1536,"1536x1536-height":672,"2048x2048":"https:\/\/carleton.ca\/canadianstudies\/wp-content\/uploads\/book-covers-template.jpg","2048x2048-width":1600,"2048x2048-height":700,"banner":"https:\/\/carleton.ca\/canadianstudies\/wp-content\/uploads\/book-covers-template.jpg","banner-width":1600,"banner-height":700,"people":"https:\/\/carleton.ca\/canadianstudies\/wp-content\/uploads\/book-covers-template-200x200.jpg","people-width":200,"people-height":200,"post-thumb":"https:\/\/carleton.ca\/canadianstudies\/wp-content\/uploads\/book-covers-template-300x230.jpg","post-thumb-width":300,"post-thumb-height":230,"rotator-image":"https:\/\/carleton.ca\/canadianstudies\/wp-content\/uploads\/book-covers-template-800x600.jpg","rotator-image-width":800,"rotator-image-height":600,"video-thumb":"https:\/\/carleton.ca\/canadianstudies\/wp-content\/uploads\/book-covers-template-360x158.jpg","video-thumb-width":360,"video-thumb-height":158}},"banner_opacity":"dark"},"_links":{"self":[{"href":"https:\/\/carleton.ca\/canadianstudies\/wp-json\/wp\/v2\/pages\/10494"}],"collection":[{"href":"https:\/\/carleton.ca\/canadianstudies\/wp-json\/wp\/v2\/pages"}],"about":[{"href":"https:\/\/carleton.ca\/canadianstudies\/wp-json\/wp\/v2\/types\/page"}],"author":[{"embeddable":true,"href":"https:\/\/carleton.ca\/canadianstudies\/wp-json\/wp\/v2\/users\/10"}],"replies":[{"embeddable":true,"href":"https:\/\/carleton.ca\/canadianstudies\/wp-json\/wp\/v2\/comments?post=10494"}],"version-history":[{"count":5,"href":"https:\/\/carleton.ca\/canadianstudies\/wp-json\/wp\/v2\/pages\/10494\/revisions"}],"predecessor-version":[{"id":11493,"href":"https:\/\/carleton.ca\/canadianstudies\/wp-json\/wp\/v2\/pages\/10494\/revisions\/11493"}],"up":[{"embeddable":true,"href":"https:\/\/carleton.ca\/canadianstudies\/wp-json\/wp\/v2\/pages\/26"}],"wp:attachment":[{"href":"https:\/\/carleton.ca\/canadianstudies\/wp-json\/wp\/v2\/media?parent=10494"}],"curies":[{"name":"wp","href":"https:\/\/api.w.org\/{rel}","templated":true}]}}