{"id":12694,"date":"2023-10-13T14:43:13","date_gmt":"2023-10-13T18:43:13","guid":{"rendered":"https:\/\/carleton.ca\/canadianstudies\/?page_id=12694"},"modified":"2024-06-03T08:56:16","modified_gmt":"2024-06-03T12:56:16","slug":"graduate-careers","status":"publish","type":"page","link":"https:\/\/carleton.ca\/canadianstudies\/graduate-careers\/","title":{"rendered":"Graduate Careers"},"content":{"rendered":"<h2><em>A graduate degree in Canadian Studies opens<br \/>\nall kinds of doors!<\/em><\/h2>\n<p><\/p>\n<table style=\"border-collapse: collapse; width: 100%; height: 1531px;\">\n<tbody>\n<tr>\n<td style=\"width: 33.3333%;\"><strong><img decoding=\"async\" loading=\"lazy\" class=\"size-medium wp-image-12841 alignleft\" src=\"https:\/\/carleton.ca\/canadianstudies\/wp-content\/uploads\/T-Bazinet-2019-2-2-240x289.jpg\" alt=\"\" width=\"240\" height=\"289\" srcset=\"https:\/\/carleton.ca\/canadianstudies\/wp-content\/uploads\/T-Bazinet-2019-2-2-240x289.jpg 240w, https:\/\/carleton.ca\/canadianstudies\/wp-content\/uploads\/T-Bazinet-2019-2-2-400x482.jpg 400w, https:\/\/carleton.ca\/canadianstudies\/wp-content\/uploads\/T-Bazinet-2019-2-2-160x193.jpg 160w, https:\/\/carleton.ca\/canadianstudies\/wp-content\/uploads\/T-Bazinet-2019-2-2-768x926.jpg 768w, https:\/\/carleton.ca\/canadianstudies\/wp-content\/uploads\/T-Bazinet-2019-2-2-1274x1536.jpg 1274w, https:\/\/carleton.ca\/canadianstudies\/wp-content\/uploads\/T-Bazinet-2019-2-2-1698x2048.jpg 1698w, https:\/\/carleton.ca\/canadianstudies\/wp-content\/uploads\/T-Bazinet-2019-2-2-360x434.jpg 360w\" sizes=\"(max-width: 240px) 100vw, 240px\" \/><\/strong><\/p>\n<p><strong>Dr. Trycia Bazinet<\/strong><br \/>\nPh.D. in Canadian Studies 2023<br \/>\nAgente de Recherche, Dossiers Autochtones de la Formation Continue, Universit\u00e9 du Qu\u00e9bec en Abitibi-T\u00e9miscamingue (UQAT)<\/p>\n<p><\/td>\n<td style=\"width: 33.3333%;\"><strong><img decoding=\"async\" loading=\"lazy\" class=\"alignleft wp-image-12664 size-medium\" src=\"https:\/\/carleton.ca\/canadianstudies\/wp-content\/uploads\/kelly-black-2-e1697195153745-240x240.jpg\" alt=\"\" width=\"240\" height=\"240\" srcset=\"https:\/\/carleton.ca\/canadianstudies\/wp-content\/uploads\/kelly-black-2-e1697195153745-240x240.jpg 240w, https:\/\/carleton.ca\/canadianstudies\/wp-content\/uploads\/kelly-black-2-e1697195153745-400x400.jpg 400w, https:\/\/carleton.ca\/canadianstudies\/wp-content\/uploads\/kelly-black-2-e1697195153745-160x160.jpg 160w, https:\/\/carleton.ca\/canadianstudies\/wp-content\/uploads\/kelly-black-2-e1697195153745-200x200.jpg 200w, https:\/\/carleton.ca\/canadianstudies\/wp-content\/uploads\/kelly-black-2-e1697195153745-360x360.jpg 360w, https:\/\/carleton.ca\/canadianstudies\/wp-content\/uploads\/kelly-black-2-e1697195153745.jpg 521w\" sizes=\"(max-width: 240px) 100vw, 240px\" \/><\/strong><\/p>\n<p><\/p>\n<p><\/p>\n<p><\/p>\n<p><\/p>\n<p><\/p>\n<p><\/p>\n<p><\/p>\n<p><strong>Dr. Kelly Black<br \/>\n<\/strong>PhD in Canadian Studies 2018<br \/>\nResearcher, writer, historian<br \/>\nformer Executive Director of the<br \/>\nPoint Ellice House Museum Gardens<\/td>\n<td style=\"width: 33.3333%;\"><img decoding=\"async\" loading=\"lazy\" class=\"alignleft wp-image-10215 size-medium\" src=\"https:\/\/carleton.ca\/canadianstudies\/wp-content\/uploads\/Amy-Chamberlin-240x240.jpg\" alt=\"Amy Chamberlain\" width=\"240\" height=\"240\" srcset=\"https:\/\/carleton.ca\/canadianstudies\/wp-content\/uploads\/Amy-Chamberlin-240x240.jpg 240w, https:\/\/carleton.ca\/canadianstudies\/wp-content\/uploads\/Amy-Chamberlin-400x400.jpg 400w, https:\/\/carleton.ca\/canadianstudies\/wp-content\/uploads\/Amy-Chamberlin-160x160.jpg 160w, https:\/\/carleton.ca\/canadianstudies\/wp-content\/uploads\/Amy-Chamberlin-200x200.jpg 200w, https:\/\/carleton.ca\/canadianstudies\/wp-content\/uploads\/Amy-Chamberlin-360x360.jpg 360w, https:\/\/carleton.ca\/canadianstudies\/wp-content\/uploads\/Amy-Chamberlin.jpg 487w\" sizes=\"(max-width: 240px) 100vw, 240px\" \/><\/p>\n<p><\/p>\n<p><\/p>\n<p><\/p>\n<p><\/p>\n<p><\/p>\n<p><\/p>\n<p><\/p>\n<p><strong>Dr. Amy Chamberlin<\/strong><br \/>\nPhD in Canadian Studies 2022<br \/>\nAssociate Director of Education<br \/>\nListuguj Mi\u2019gmaq Government<\/td>\n<\/tr>\n<tr>\n<td style=\"width: 33.3333%;\"><img decoding=\"async\" loading=\"lazy\" class=\"wp-image-12846 size-medium alignnone\" src=\"https:\/\/carleton.ca\/canadianstudies\/wp-content\/uploads\/C-Desrivieres-Nov-2023-240x205.jpeg\" alt=\"\" width=\"240\" height=\"205\" srcset=\"https:\/\/carleton.ca\/canadianstudies\/wp-content\/uploads\/C-Desrivieres-Nov-2023-240x205.jpeg 240w, https:\/\/carleton.ca\/canadianstudies\/wp-content\/uploads\/C-Desrivieres-Nov-2023-400x341.jpeg 400w, https:\/\/carleton.ca\/canadianstudies\/wp-content\/uploads\/C-Desrivieres-Nov-2023-160x137.jpeg 160w, https:\/\/carleton.ca\/canadianstudies\/wp-content\/uploads\/C-Desrivieres-Nov-2023-360x307.jpeg 360w, https:\/\/carleton.ca\/canadianstudies\/wp-content\/uploads\/C-Desrivieres-Nov-2023.jpeg 722w\" sizes=\"(max-width: 240px) 100vw, 240px\" \/><\/p>\n<p><strong>Christopher DesRivi\u00e9res<\/strong><br \/>\nMA in Canadian Studies 2023<br \/>\nEstimator, PCL Construction<\/p>\n<p><\/td>\n<td style=\"width: 33.3333%;\"><strong><img decoding=\"async\" loading=\"lazy\" class=\"alignleft wp-image-13230 size-medium\" src=\"https:\/\/carleton.ca\/canadianstudies\/wp-content\/uploads\/W-Felepchuk-June-2024-240x193.jpeg\" alt=\"\" width=\"240\" height=\"193\" srcset=\"https:\/\/carleton.ca\/canadianstudies\/wp-content\/uploads\/W-Felepchuk-June-2024-240x193.jpeg 240w, https:\/\/carleton.ca\/canadianstudies\/wp-content\/uploads\/W-Felepchuk-June-2024-400x321.jpeg 400w, https:\/\/carleton.ca\/canadianstudies\/wp-content\/uploads\/W-Felepchuk-June-2024-160x129.jpeg 160w, https:\/\/carleton.ca\/canadianstudies\/wp-content\/uploads\/W-Felepchuk-June-2024-360x289.jpeg 360w, https:\/\/carleton.ca\/canadianstudies\/wp-content\/uploads\/W-Felepchuk-June-2024.jpeg 545w\" sizes=\"(max-width: 240px) 100vw, 240px\" \/><\/strong><\/p>\n<p><\/p>\n<p><\/p>\n<p><\/p>\n<p><\/p>\n<p><\/p>\n<p><\/p>\n<p><strong>Dr. William Felepchuk<\/strong><br \/>\nPhD in Canadian Studies 2022<br \/>\nSenior Research Advisor<br \/>\nArchipel Research and Consulting<\/td>\n<td style=\"width: 33.3333%;\"><strong><img decoding=\"async\" loading=\"lazy\" class=\"size-medium wp-image-12676 alignleft\" src=\"https:\/\/carleton.ca\/canadianstudies\/wp-content\/uploads\/Mikaela-Gallinger-Oct-2023-1-e1697194848798-240x240.jpg\" alt=\"\" width=\"240\" height=\"240\" srcset=\"https:\/\/carleton.ca\/canadianstudies\/wp-content\/uploads\/Mikaela-Gallinger-Oct-2023-1-e1697194848798-240x240.jpg 240w, https:\/\/carleton.ca\/canadianstudies\/wp-content\/uploads\/Mikaela-Gallinger-Oct-2023-1-e1697194848798-400x400.jpg 400w, https:\/\/carleton.ca\/canadianstudies\/wp-content\/uploads\/Mikaela-Gallinger-Oct-2023-1-e1697194848798-160x160.jpg 160w, https:\/\/carleton.ca\/canadianstudies\/wp-content\/uploads\/Mikaela-Gallinger-Oct-2023-1-e1697194848798-768x768.jpg 768w, https:\/\/carleton.ca\/canadianstudies\/wp-content\/uploads\/Mikaela-Gallinger-Oct-2023-1-e1697194848798-1536x1536.jpg 1536w, https:\/\/carleton.ca\/canadianstudies\/wp-content\/uploads\/Mikaela-Gallinger-Oct-2023-1-e1697194848798-200x200.jpg 200w, https:\/\/carleton.ca\/canadianstudies\/wp-content\/uploads\/Mikaela-Gallinger-Oct-2023-1-e1697194848798-360x360.jpg 360w, https:\/\/carleton.ca\/canadianstudies\/wp-content\/uploads\/Mikaela-Gallinger-Oct-2023-1-e1697194848798.jpg 1970w\" sizes=\"(max-width: 240px) 100vw, 240px\" \/><\/strong><\/p>\n<p><\/p>\n<p><\/p>\n<p><\/p>\n<p><\/p>\n<p><\/p>\n<p><\/p>\n<p><\/p>\n<p><strong>Mikaela Gallinger<br \/>\n<\/strong>MA in Canadian Studies 2019, Researcher<br \/>\nHistory and Commemoration Branch,<br \/>\nParks Canada<\/td>\n<\/tr>\n<tr style=\"height: 455px;\">\n<td style=\"width: 33.3333%; height: 455px;\"><strong><img decoding=\"async\" loading=\"lazy\" class=\"size-medium wp-image-12790 alignleft\" src=\"https:\/\/carleton.ca\/canadianstudies\/wp-content\/uploads\/RobynG.jpg\" alt=\"\" width=\"240\" height=\"240\" \/><\/strong><\/p>\n<p><\/p>\n<p><\/p>\n<p><\/p>\n<p><\/p>\n<p><\/p>\n<p><\/p>\n<p><\/p>\n<p><strong>Dr. Robyn Green<\/strong><br \/>\nPhD in Canadian Studies 2016<br \/>\nProgram Officer, Office of the Vice-Provost<br \/>\nRegistered Social Worker<br \/>\nContract Instructor, School of Canadian Studies<\/p>\n<p><\/p>\n<p><\/p>\n<p><\/p>\n<p><\/p>\n<p><\/p>\n<p><\/p>\n<p style=\"text-align: left;\">\n<\/td>\n<td style=\"width: 33.3333%; height: 455px;\"><strong><img decoding=\"async\" loading=\"lazy\" class=\"size-medium wp-image-12667 alignleft\" src=\"https:\/\/carleton.ca\/canadianstudies\/wp-content\/uploads\/Jack-Mallon-Oct-2023-240x245.jpg\" alt=\"\" width=\"240\" height=\"240\" \/><\/strong><\/p>\n<p><\/p>\n<p><\/p>\n<p><\/p>\n<p><\/p>\n<p><\/p>\n<p><\/p>\n<p><\/p>\n<p><strong>Jack Mallon<br \/>\n<\/strong>MA in Canadian Studies 2021<br \/>\nHeritage Planner<br \/>\nCity of Guelph<\/p>\n<p><\/p>\n<p><\/p>\n<p><\/p>\n<p><\/p>\n<p><\/p>\n<p><\/p>\n<p><\/p>\n<p style=\"text-align: left;\">\n<\/td>\n<td style=\"width: 33.3333%; height: 455px;\"><strong><img decoding=\"async\" loading=\"lazy\" class=\"size-medium wp-image-10187 alignleft\" src=\"https:\/\/carleton.ca\/canadianstudies\/wp-content\/uploads\/Miranda-Leibel-e1697194598160-240x240.jpg\" alt=\"Miranda Leibel\" width=\"240\" height=\"240\" srcset=\"https:\/\/carleton.ca\/canadianstudies\/wp-content\/uploads\/Miranda-Leibel-e1697194598160-240x240.jpg 240w, https:\/\/carleton.ca\/canadianstudies\/wp-content\/uploads\/Miranda-Leibel-e1697194598160-400x400.jpg 400w, https:\/\/carleton.ca\/canadianstudies\/wp-content\/uploads\/Miranda-Leibel-e1697194598160-160x160.jpg 160w, https:\/\/carleton.ca\/canadianstudies\/wp-content\/uploads\/Miranda-Leibel-e1697194598160-200x200.jpg 200w, https:\/\/carleton.ca\/canadianstudies\/wp-content\/uploads\/Miranda-Leibel-e1697194598160-360x360.jpg 360w, https:\/\/carleton.ca\/canadianstudies\/wp-content\/uploads\/Miranda-Leibel-e1697194598160.jpg 532w\" sizes=\"(max-width: 240px) 100vw, 240px\" \/><\/strong><\/p>\n<p><\/p>\n<p><\/p>\n<p><\/p>\n<p><\/p>\n<p><\/p>\n<p><\/p>\n<p><\/p>\n<p><strong>Dr. Miranda Leibel<br \/>\n<\/strong>PhD in Canadian Studies 2022<br \/>\nCollaborative Specialization in Political Economy<br \/>\nAssistant Professor<br \/>\nUniversity of Lethbridge<\/p>\n<p><\/p>\n<p><\/p>\n<p><\/p>\n<p><\/p>\n<p><\/p>\n<p><\/p>\n<p><\/p>\n<p style=\"text-align: left;\">\n<\/td>\n<\/tr>\n<tr style=\"height: 458px;\">\n<td style=\"width: 33.3333%; height: 458px;\"><strong><img decoding=\"async\" loading=\"lazy\" class=\"size-medium wp-image-12674 alignleft\" src=\"https:\/\/carleton.ca\/canadianstudies\/wp-content\/uploads\/Samah-Sabra-Oct-2023-scaled-e1697194733786-240x240.jpg\" alt=\"\" width=\"240\" height=\"240\" srcset=\"https:\/\/carleton.ca\/canadianstudies\/wp-content\/uploads\/Samah-Sabra-Oct-2023-scaled-e1697194733786-240x240.jpg 240w, https:\/\/carleton.ca\/canadianstudies\/wp-content\/uploads\/Samah-Sabra-Oct-2023-scaled-e1697194733786-400x400.jpg 400w, https:\/\/carleton.ca\/canadianstudies\/wp-content\/uploads\/Samah-Sabra-Oct-2023-scaled-e1697194733786-160x160.jpg 160w, https:\/\/carleton.ca\/canadianstudies\/wp-content\/uploads\/Samah-Sabra-Oct-2023-scaled-e1697194733786-768x768.jpg 768w, https:\/\/carleton.ca\/canadianstudies\/wp-content\/uploads\/Samah-Sabra-Oct-2023-scaled-e1697194733786-1536x1536.jpg 1536w, https:\/\/carleton.ca\/canadianstudies\/wp-content\/uploads\/Samah-Sabra-Oct-2023-scaled-e1697194733786-2048x2048.jpg 2048w, https:\/\/carleton.ca\/canadianstudies\/wp-content\/uploads\/Samah-Sabra-Oct-2023-scaled-e1697194733786-200x200.jpg 200w, https:\/\/carleton.ca\/canadianstudies\/wp-content\/uploads\/Samah-Sabra-Oct-2023-scaled-e1697194733786-360x360.jpg 360w\" sizes=\"(max-width: 240px) 100vw, 240px\" \/><\/strong><\/p>\n<p><\/p>\n<p><\/p>\n<p><\/p>\n<p><\/p>\n<p><\/p>\n<p><\/p>\n<p><\/p>\n<p><strong>Dr. Samah Sabra<br \/>\n<\/strong>PhD in Canadian Studies 2012<br \/>\nAssociate Director, Workplace Equity, Diversity and Inclusion<br \/>\nNiagara College<\/p>\n<p><\/p>\n<p><\/p>\n<p><\/p>\n<p><\/p>\n<p><\/p>\n<p><\/p>\n<p><\/td>\n<td style=\"width: 33.3333%; height: 458px;\"><strong><img decoding=\"async\" loading=\"lazy\" class=\"size-medium wp-image-10393 alignnone\" src=\"https:\/\/carleton.ca\/canadianstudies\/wp-content\/uploads\/Sophie-Tamas-240x240.jpg\" alt=\"Professor Sophie Tamas\" width=\"240\" height=\"240\" srcset=\"https:\/\/carleton.ca\/canadianstudies\/wp-content\/uploads\/Sophie-Tamas-240x240.jpg 240w, https:\/\/carleton.ca\/canadianstudies\/wp-content\/uploads\/Sophie-Tamas-160x160.jpg 160w, https:\/\/carleton.ca\/canadianstudies\/wp-content\/uploads\/Sophie-Tamas-200x200.jpg 200w, https:\/\/carleton.ca\/canadianstudies\/wp-content\/uploads\/Sophie-Tamas-360x360.jpg 360w, https:\/\/carleton.ca\/canadianstudies\/wp-content\/uploads\/Sophie-Tamas.jpg 400w\" sizes=\"(max-width: 240px) 100vw, 240px\" \/><\/strong><\/p>\n<p><strong>Dr. Sophie Tamas<br \/>\n<\/strong>PhD in Canadian Studies 2010<br \/>\nAssociate Professor<br \/>\nCarleton University<\/td>\n<td style=\"width: 33.3333%; height: 458px;\"><strong><img decoding=\"async\" loading=\"lazy\" class=\"size-medium wp-image-10384 alignleft\" src=\"https:\/\/carleton.ca\/canadianstudies\/wp-content\/uploads\/Peter-Thompson-240x240.jpg\" alt=\"Peter Thompson\" width=\"240\" height=\"240\" srcset=\"https:\/\/carleton.ca\/canadianstudies\/wp-content\/uploads\/Peter-Thompson-240x240.jpg 240w, https:\/\/carleton.ca\/canadianstudies\/wp-content\/uploads\/Peter-Thompson-160x160.jpg 160w, https:\/\/carleton.ca\/canadianstudies\/wp-content\/uploads\/Peter-Thompson-200x200.jpg 200w, https:\/\/carleton.ca\/canadianstudies\/wp-content\/uploads\/Peter-Thompson-360x360.jpg 360w, https:\/\/carleton.ca\/canadianstudies\/wp-content\/uploads\/Peter-Thompson.jpg 400w\" sizes=\"(max-width: 240px) 100vw, 240px\" \/><\/strong><\/p>\n<p><\/p>\n<p><\/p>\n<p><\/p>\n<p><\/p>\n<p><\/p>\n<p><\/p>\n<p><\/p>\n<p><strong>Dr. Peter Thompson<br \/>\n<\/strong>PhD in Canadian Studies 2009<br \/>\nDean of Arts<br \/>\nUniversity of New Brunswick<\/p>\n<p><\/p>\n<p><\/p>\n<p><\/p>\n<p><\/p>\n<p><\/p>\n<p><\/p>\n<p><\/td>\n<\/tr>\n<tr style=\"height: 527px;\">\n<td style=\"width: 33.3333%; height: 10px;\"><\/p>\n<p><\/p>\n<p><\/p>\n<p><\/p>\n<p><\/p>\n<p><\/p>\n<p><\/p>\n<p><\/p>\n<p><\/td>\n<td style=\"width: 33.3333%; height: 10px;\"><\/p>\n<p><\/p>\n<p><\/p>\n<p><\/p>\n<p><\/p>\n<p><\/p>\n<p><\/p>\n<p><\/p>\n<p><\/td>\n<td style=\"width: 33.3333%; height: 10px;\"><\/td>\n<\/tr>\n<tr style=\"height: 552px;\">\n<td style=\"width: 33.3333%; height: 552px;\"><\/p>\n<p><\/td>\n<td style=\"width: 33.3333%; height: 552px;\"><\/td>\n<td style=\"width: 33.3333%; height: 552px;\"><\/td>\n<\/tr>\n<tr style=\"height: 56px;\">\n<td style=\"width: 33.3333%; height: 56px;\"><\/td>\n<td style=\"width: 33.3333%; height: 56px;\"><\/td>\n<td style=\"width: 33.3333%; height: 56px;\"><\/td>\n<\/tr>\n<\/tbody>\n<\/table>\n","protected":false},"excerpt":{"rendered":"<p>A graduate degree in Canadian Studies opens all kinds of doors! Dr. Trycia Bazinet Ph.D. in Canadian Studies 2023 Agente de Recherche, Dossiers Autochtones de la Formation Continue, Universit\u00e9 du Qu\u00e9bec en Abitibi-T\u00e9miscamingue (UQAT) Dr. Kelly Black PhD in Canadian Studies 2018 Researcher, writer, historian former Executive Director of the Point Ellice House Museum Gardens [&hellip;]<\/p>\n","protected":false},"author":11,"featured_media":0,"parent":0,"menu_order":0,"comment_status":"closed","ping_status":"closed","template":"","meta":{"_relevanssi_hide_post":"","_relevanssi_hide_content":"","_relevanssi_pin_for_all":"","_relevanssi_pin_keywords":"","_relevanssi_unpin_keywords":"","_relevanssi_related_keywords":"","_relevanssi_related_include_ids":"","_relevanssi_related_exclude_ids":"","_relevanssi_related_no_append":"","_relevanssi_related_not_related":"","_relevanssi_related_posts":"","_relevanssi_noindex_reason":"","_mi_skip_tracking":false,"_exactmetrics_sitenote_active":false,"_exactmetrics_sitenote_note":"","_exactmetrics_sitenote_category":0,"footnotes":"","_links_to":"","_links_to_target":""},"yoast_head":"<!-- This site is optimized with the Yoast SEO plugin v21.2 - https:\/\/yoast.com\/wordpress\/plugins\/seo\/ -->\n<title>Graduate Careers - School of Canadian Studies<\/title>\n<meta name=\"description\" content=\"A graduate degree in Canadian Studies opens all kinds of doors! &nbsp; Dr. Trycia Bazinet Ph.D. in Canadian Studies 2023 Agente de Recherche, Dossiers\" \/>\n<meta name=\"robots\" content=\"index, follow, max-snippet:-1, max-image-preview:large, max-video-preview:-1\" \/>\n<link rel=\"canonical\" href=\"https:\/\/carleton.ca\/canadianstudies\/graduate-careers\/\" \/>\n<meta name=\"twitter:label1\" content=\"Est. reading time\" \/>\n\t<meta name=\"twitter:data1\" content=\"2 minutes\" \/>\n<script type=\"application\/ld+json\" class=\"yoast-schema-graph\">{\"@context\":\"https:\/\/schema.org\",\"@graph\":[{\"@type\":\"WebPage\",\"@id\":\"https:\/\/carleton.ca\/canadianstudies\/graduate-careers\/\",\"url\":\"https:\/\/carleton.ca\/canadianstudies\/graduate-careers\/\",\"name\":\"Graduate Careers - School of Canadian Studies\",\"isPartOf\":{\"@id\":\"https:\/\/carleton.ca\/canadianstudies\/#website\"},\"datePublished\":\"2023-10-13T18:43:13+00:00\",\"dateModified\":\"2024-06-03T12:56:16+00:00\",\"description\":\"A graduate degree in Canadian Studies opens all kinds of doors! &nbsp; Dr. Trycia Bazinet Ph.D. in Canadian Studies 2023 Agente de Recherche, Dossiers\",\"breadcrumb\":{\"@id\":\"https:\/\/carleton.ca\/canadianstudies\/graduate-careers\/#breadcrumb\"},\"inLanguage\":\"en-US\",\"potentialAction\":[{\"@type\":\"ReadAction\",\"target\":[\"https:\/\/carleton.ca\/canadianstudies\/graduate-careers\/\"]}]},{\"@type\":\"BreadcrumbList\",\"@id\":\"https:\/\/carleton.ca\/canadianstudies\/graduate-careers\/#breadcrumb\",\"itemListElement\":[{\"@type\":\"ListItem\",\"position\":1,\"name\":\"Home\",\"item\":\"https:\/\/carleton.ca\/canadianstudies\/\"},{\"@type\":\"ListItem\",\"position\":2,\"name\":\"Graduate Careers\"}]},{\"@type\":\"WebSite\",\"@id\":\"https:\/\/carleton.ca\/canadianstudies\/#website\",\"url\":\"https:\/\/carleton.ca\/canadianstudies\/\",\"name\":\"School of Canadian Studies\",\"description\":\"Carleton University\",\"potentialAction\":[{\"@type\":\"SearchAction\",\"target\":{\"@type\":\"EntryPoint\",\"urlTemplate\":\"https:\/\/carleton.ca\/canadianstudies\/?s={search_term_string}\"},\"query-input\":\"required name=search_term_string\"}],\"inLanguage\":\"en-US\"}]}<\/script>\n<!-- \/ Yoast SEO plugin. -->","yoast_head_json":{"title":"Graduate Careers - School of Canadian Studies","description":"A graduate degree in Canadian Studies opens all kinds of doors! &nbsp; Dr. Trycia Bazinet Ph.D. in Canadian Studies 2023 Agente de Recherche, Dossiers","robots":{"index":"index","follow":"follow","max-snippet":"max-snippet:-1","max-image-preview":"max-image-preview:large","max-video-preview":"max-video-preview:-1"},"canonical":"https:\/\/carleton.ca\/canadianstudies\/graduate-careers\/","twitter_misc":{"Est. reading time":"2 minutes"},"schema":{"@context":"https:\/\/schema.org","@graph":[{"@type":"WebPage","@id":"https:\/\/carleton.ca\/canadianstudies\/graduate-careers\/","url":"https:\/\/carleton.ca\/canadianstudies\/graduate-careers\/","name":"Graduate Careers - School of Canadian Studies","isPartOf":{"@id":"https:\/\/carleton.ca\/canadianstudies\/#website"},"datePublished":"2023-10-13T18:43:13+00:00","dateModified":"2024-06-03T12:56:16+00:00","description":"A graduate degree in Canadian Studies opens all kinds of doors! &nbsp; Dr. Trycia Bazinet Ph.D. in Canadian Studies 2023 Agente de Recherche, Dossiers","breadcrumb":{"@id":"https:\/\/carleton.ca\/canadianstudies\/graduate-careers\/#breadcrumb"},"inLanguage":"en-US","potentialAction":[{"@type":"ReadAction","target":["https:\/\/carleton.ca\/canadianstudies\/graduate-careers\/"]}]},{"@type":"BreadcrumbList","@id":"https:\/\/carleton.ca\/canadianstudies\/graduate-careers\/#breadcrumb","itemListElement":[{"@type":"ListItem","position":1,"name":"Home","item":"https:\/\/carleton.ca\/canadianstudies\/"},{"@type":"ListItem","position":2,"name":"Graduate Careers"}]},{"@type":"WebSite","@id":"https:\/\/carleton.ca\/canadianstudies\/#website","url":"https:\/\/carleton.ca\/canadianstudies\/","name":"School of Canadian Studies","description":"Carleton University","potentialAction":[{"@type":"SearchAction","target":{"@type":"EntryPoint","urlTemplate":"https:\/\/carleton.ca\/canadianstudies\/?s={search_term_string}"},"query-input":"required name=search_term_string"}],"inLanguage":"en-US"}]}},"acf":{"banner_image_type":"upload","banner_button":"no","banner_uploaded_image":{"ID":12685,"id":12685,"title":"Ille D'Orleans","filename":"Ille-DOrleans.jpg","filesize":702673,"url":"https:\/\/carleton.ca\/canadianstudies\/wp-content\/uploads\/Ille-DOrleans.jpg","link":"https:\/\/carleton.ca\/canadianstudies\/graduate-careers-2\/ille-dorleans\/","alt":"","author":"12","description":"","caption":"","name":"ille-dorleans","status":"inherit","uploaded_to":12642,"date":"2023-10-12 18:37:22","modified":"2023-10-12 18:37:22","menu_order":0,"mime_type":"image\/jpeg","type":"image","subtype":"jpeg","icon":"https:\/\/carleton.ca\/canadianstudies\/wp\/wp-includes\/images\/media\/default.png","width":1600,"height":700,"sizes":{"thumbnail":"https:\/\/carleton.ca\/canadianstudies\/wp-content\/uploads\/Ille-DOrleans-160x70.jpg","thumbnail-width":160,"thumbnail-height":70,"medium":"https:\/\/carleton.ca\/canadianstudies\/wp-content\/uploads\/Ille-DOrleans-240x105.jpg","medium-width":240,"medium-height":105,"medium_large":"https:\/\/carleton.ca\/canadianstudies\/wp-content\/uploads\/Ille-DOrleans-768x336.jpg","medium_large-width":768,"medium_large-height":336,"large":"https:\/\/carleton.ca\/canadianstudies\/wp-content\/uploads\/Ille-DOrleans-400x175.jpg","large-width":400,"large-height":175,"gallery-thumb":"https:\/\/carleton.ca\/canadianstudies\/wp-content\/uploads\/Ille-DOrleans-300x230.jpg","gallery-thumb-width":300,"gallery-thumb-height":230,"1536x1536":"https:\/\/carleton.ca\/canadianstudies\/wp-content\/uploads\/Ille-DOrleans-1536x672.jpg","1536x1536-width":1536,"1536x1536-height":672,"2048x2048":"https:\/\/carleton.ca\/canadianstudies\/wp-content\/uploads\/Ille-DOrleans.jpg","2048x2048-width":1600,"2048x2048-height":700,"banner":"https:\/\/carleton.ca\/canadianstudies\/wp-content\/uploads\/Ille-DOrleans.jpg","banner-width":1600,"banner-height":700,"people":"https:\/\/carleton.ca\/canadianstudies\/wp-content\/uploads\/Ille-DOrleans-200x200.jpg","people-width":200,"people-height":200,"post-thumb":"https:\/\/carleton.ca\/canadianstudies\/wp-content\/uploads\/Ille-DOrleans-300x230.jpg","post-thumb-width":300,"post-thumb-height":230,"rotator-image":"https:\/\/carleton.ca\/canadianstudies\/wp-content\/uploads\/Ille-DOrleans-800x600.jpg","rotator-image-width":800,"rotator-image-height":600,"video-thumb":"https:\/\/carleton.ca\/canadianstudies\/wp-content\/uploads\/Ille-DOrleans-360x158.jpg","video-thumb-width":360,"video-thumb-height":158}},"banner_opacity":"dark"},"_links":{"self":[{"href":"https:\/\/carleton.ca\/canadianstudies\/wp-json\/wp\/v2\/pages\/12694"}],"collection":[{"href":"https:\/\/carleton.ca\/canadianstudies\/wp-json\/wp\/v2\/pages"}],"about":[{"href":"https:\/\/carleton.ca\/canadianstudies\/wp-json\/wp\/v2\/types\/page"}],"author":[{"embeddable":true,"href":"https:\/\/carleton.ca\/canadianstudies\/wp-json\/wp\/v2\/users\/11"}],"replies":[{"embeddable":true,"href":"https:\/\/carleton.ca\/canadianstudies\/wp-json\/wp\/v2\/comments?post=12694"}],"version-history":[{"count":4,"href":"https:\/\/carleton.ca\/canadianstudies\/wp-json\/wp\/v2\/pages\/12694\/revisions"}],"predecessor-version":[{"id":13232,"href":"https:\/\/carleton.ca\/canadianstudies\/wp-json\/wp\/v2\/pages\/12694\/revisions\/13232"}],"wp:attachment":[{"href":"https:\/\/carleton.ca\/canadianstudies\/wp-json\/wp\/v2\/media?parent=12694"}],"curies":[{"name":"wp","href":"https:\/\/api.w.org\/{rel}","templated":true}]}}