{"id":300,"date":"2017-11-13T16:27:17","date_gmt":"2017-11-13T21:27:17","guid":{"rendered":"https:\/\/carleton.ca\/caneunet\/?page_id=300"},"modified":"2018-05-24T11:22:43","modified_gmt":"2018-05-24T15:22:43","slug":"governance","status":"publish","type":"page","link":"https:\/\/carleton.ca\/caneunet\/information\/governance\/","title":{"rendered":"Governance"},"content":{"rendered":"<h4><strong>Governance<\/strong><\/h4>\n<p>The project is managed by a Management Board representing partner universities and project themes:<\/p>\n<ul>\n<li>Joan DeBardeleben (Carleton University): Network Coordinator, Coordinator of Carleton team, Co-leader of the EU-Canada cooperation module<\/li>\n<li>Achim Hurrelmann (Carleton University): Teaching and Research Coordinator<\/li>\n<li>Dirk De Bi\u00e8vre (University of Antwerp): Coordinator of University of Antwerp team<\/li>\n<li>Mich\u00e8le Knodt (Technical University Darmstadt): Coordinator of Technical University Darmstadt team, EU-Canada cooperation module co-leader<\/li>\n<li>Eug\u00e9nia Concei\u00e7\u00e3o-Heldt (Technical University Darmstadt): Coordinator of Technical University Munich team<\/li>\n<li>Tatjana Muravska (University of Latvia): Coordinator of University of Latvia team<\/li>\n<li>Crina Viju (Carleton University): Co-leader of the trade\/economic module<\/li>\n<li>Patrick Leblond (University of Ottawa): Co-leader of the trade\/economic module<\/li>\n<li>Miranda Schreurs (Technical University Munich): Co-leader of the climate change and energy module<\/li>\n<li>Stephan Schott (Carleton University): Co-leader of the climate change and energy module<\/li>\n<li>Toms Rostocks (University of Latvia): Co-leader of the EU-Canada cooperation module<\/li>\n<\/ul>\n","protected":false},"excerpt":{"rendered":"<p>Governance The project is managed by a Management Board representing partner universities and project themes: Joan DeBardeleben (Carleton University): Network Coordinator, Coordinator of Carleton team, Co-leader of the EU-Canada cooperation module Achim Hurrelmann (Carleton University): Teaching and Research Coordinator Dirk De Bi\u00e8vre (University of Antwerp): Coordinator of University of Antwerp team Mich\u00e8le Knodt (Technical University [&hellip;]<\/p>\n","protected":false},"author":7,"featured_media":0,"parent":127,"menu_order":2,"comment_status":"closed","ping_status":"closed","template":"","meta":{"_relevanssi_hide_post":"","_relevanssi_hide_content":"","_relevanssi_pin_for_all":"","_relevanssi_pin_keywords":"","_relevanssi_unpin_keywords":"","_relevanssi_related_keywords":"","_relevanssi_related_include_ids":"","_relevanssi_related_exclude_ids":"","_relevanssi_related_no_append":"","_relevanssi_related_not_related":"","_relevanssi_related_posts":"","_relevanssi_noindex_reason":"","_mi_skip_tracking":false,"_exactmetrics_sitenote_active":false,"_exactmetrics_sitenote_note":"","_exactmetrics_sitenote_category":0,"footnotes":"","_links_to":"","_links_to_target":""},"yoast_head":"<!-- This site is optimized with the Yoast SEO plugin v21.2 - https:\/\/yoast.com\/wordpress\/plugins\/seo\/ -->\n<title>Governance - caneunet<\/title>\n<meta name=\"description\" content=\"Governance The project is managed by a Management Board representing partner universities and project themes: Joan DeBardeleben (Carleton University):\" \/>\n<meta name=\"robots\" content=\"index, follow, max-snippet:-1, max-image-preview:large, max-video-preview:-1\" \/>\n<link rel=\"canonical\" href=\"https:\/\/carleton.ca\/caneunet\/information\/governance\/\" \/>\n<meta name=\"twitter:label1\" content=\"Est. reading time\" \/>\n\t<meta name=\"twitter:data1\" content=\"1 minute\" \/>\n<script type=\"application\/ld+json\" class=\"yoast-schema-graph\">{\"@context\":\"https:\/\/schema.org\",\"@graph\":[{\"@type\":\"WebPage\",\"@id\":\"https:\/\/carleton.ca\/caneunet\/information\/governance\/\",\"url\":\"https:\/\/carleton.ca\/caneunet\/information\/governance\/\",\"name\":\"Governance - caneunet\",\"isPartOf\":{\"@id\":\"https:\/\/carleton.ca\/caneunet\/#website\"},\"datePublished\":\"2017-11-13T21:27:17+00:00\",\"dateModified\":\"2018-05-24T15:22:43+00:00\",\"description\":\"Governance The project is managed by a Management Board representing partner universities and project themes: Joan DeBardeleben (Carleton University):\",\"breadcrumb\":{\"@id\":\"https:\/\/carleton.ca\/caneunet\/information\/governance\/#breadcrumb\"},\"inLanguage\":\"en-US\",\"potentialAction\":[{\"@type\":\"ReadAction\",\"target\":[\"https:\/\/carleton.ca\/caneunet\/information\/governance\/\"]}]},{\"@type\":\"BreadcrumbList\",\"@id\":\"https:\/\/carleton.ca\/caneunet\/information\/governance\/#breadcrumb\",\"itemListElement\":[{\"@type\":\"ListItem\",\"position\":1,\"name\":\"Home\",\"item\":\"https:\/\/carleton.ca\/caneunet\/\"},{\"@type\":\"ListItem\",\"position\":2,\"name\":\"About\",\"item\":\"https:\/\/carleton.ca\/caneunet\/information\/\"},{\"@type\":\"ListItem\",\"position\":3,\"name\":\"Governance\"}]},{\"@type\":\"WebSite\",\"@id\":\"https:\/\/carleton.ca\/caneunet\/#website\",\"url\":\"https:\/\/carleton.ca\/caneunet\/\",\"name\":\"caneunet\",\"description\":\"Carleton University\",\"potentialAction\":[{\"@type\":\"SearchAction\",\"target\":{\"@type\":\"EntryPoint\",\"urlTemplate\":\"https:\/\/carleton.ca\/caneunet\/?s={search_term_string}\"},\"query-input\":\"required name=search_term_string\"}],\"inLanguage\":\"en-US\"}]}<\/script>\n<!-- \/ Yoast SEO plugin. -->","yoast_head_json":{"title":"Governance - caneunet","description":"Governance The project is managed by a Management Board representing partner universities and project themes: Joan DeBardeleben (Carleton University):","robots":{"index":"index","follow":"follow","max-snippet":"max-snippet:-1","max-image-preview":"max-image-preview:large","max-video-preview":"max-video-preview:-1"},"canonical":"https:\/\/carleton.ca\/caneunet\/information\/governance\/","twitter_misc":{"Est. reading time":"1 minute"},"schema":{"@context":"https:\/\/schema.org","@graph":[{"@type":"WebPage","@id":"https:\/\/carleton.ca\/caneunet\/information\/governance\/","url":"https:\/\/carleton.ca\/caneunet\/information\/governance\/","name":"Governance - caneunet","isPartOf":{"@id":"https:\/\/carleton.ca\/caneunet\/#website"},"datePublished":"2017-11-13T21:27:17+00:00","dateModified":"2018-05-24T15:22:43+00:00","description":"Governance The project is managed by a Management Board representing partner universities and project themes: Joan DeBardeleben (Carleton University):","breadcrumb":{"@id":"https:\/\/carleton.ca\/caneunet\/information\/governance\/#breadcrumb"},"inLanguage":"en-US","potentialAction":[{"@type":"ReadAction","target":["https:\/\/carleton.ca\/caneunet\/information\/governance\/"]}]},{"@type":"BreadcrumbList","@id":"https:\/\/carleton.ca\/caneunet\/information\/governance\/#breadcrumb","itemListElement":[{"@type":"ListItem","position":1,"name":"Home","item":"https:\/\/carleton.ca\/caneunet\/"},{"@type":"ListItem","position":2,"name":"About","item":"https:\/\/carleton.ca\/caneunet\/information\/"},{"@type":"ListItem","position":3,"name":"Governance"}]},{"@type":"WebSite","@id":"https:\/\/carleton.ca\/caneunet\/#website","url":"https:\/\/carleton.ca\/caneunet\/","name":"caneunet","description":"Carleton University","potentialAction":[{"@type":"SearchAction","target":{"@type":"EntryPoint","urlTemplate":"https:\/\/carleton.ca\/caneunet\/?s={search_term_string}"},"query-input":"required name=search_term_string"}],"inLanguage":"en-US"}]}},"acf":{"banner_image_type":"hosted","banner_hosted_image":"faq","banner_opacity":"default"},"_links":{"self":[{"href":"https:\/\/carleton.ca\/caneunet\/wp-json\/wp\/v2\/pages\/300"}],"collection":[{"href":"https:\/\/carleton.ca\/caneunet\/wp-json\/wp\/v2\/pages"}],"about":[{"href":"https:\/\/carleton.ca\/caneunet\/wp-json\/wp\/v2\/types\/page"}],"author":[{"embeddable":true,"href":"https:\/\/carleton.ca\/caneunet\/wp-json\/wp\/v2\/users\/7"}],"replies":[{"embeddable":true,"href":"https:\/\/carleton.ca\/caneunet\/wp-json\/wp\/v2\/comments?post=300"}],"version-history":[{"count":4,"href":"https:\/\/carleton.ca\/caneunet\/wp-json\/wp\/v2\/pages\/300\/revisions"}],"predecessor-version":[{"id":776,"href":"https:\/\/carleton.ca\/caneunet\/wp-json\/wp\/v2\/pages\/300\/revisions\/776"}],"up":[{"embeddable":true,"href":"https:\/\/carleton.ca\/caneunet\/wp-json\/wp\/v2\/pages\/127"}],"wp:attachment":[{"href":"https:\/\/carleton.ca\/caneunet\/wp-json\/wp\/v2\/media?parent=300"}],"curies":[{"name":"wp","href":"https:\/\/api.w.org\/{rel}","templated":true}]}}