{"id":767,"date":"2018-05-24T09:47:18","date_gmt":"2018-05-24T13:47:18","guid":{"rendered":"https:\/\/carleton.ca\/caneunet\/?page_id=767"},"modified":"2023-04-20T19:04:01","modified_gmt":"2023-04-20T23:04:01","slug":"jean-monnet-network-publications","status":"publish","type":"page","link":"https:\/\/carleton.ca\/caneunet\/jean-monnet-network-publications\/","title":{"rendered":"Publications"},"content":{"rendered":"<h3><img decoding=\"async\" loading=\"lazy\" class=\"wp-image-2124 size-medium aligncenter\" src=\"https:\/\/carleton.ca\/caneunet\/wp-content\/uploads\/OFFICIAL-logosbeneficaireserasmusright_withthesupport-01_0-scaled-e1676133368224-240x65.jpg\" alt=\"EU flag logo and acknowledgement &quot;With the support of the Erasmus+ Programme of the European Union&quot;\" width=\"240\" height=\"65\" srcset=\"https:\/\/carleton.ca\/caneunet\/wp-content\/uploads\/OFFICIAL-logosbeneficaireserasmusright_withthesupport-01_0-scaled-e1676133368224-240x65.jpg 240w, https:\/\/carleton.ca\/caneunet\/wp-content\/uploads\/OFFICIAL-logosbeneficaireserasmusright_withthesupport-01_0-scaled-e1676133368224-400x109.jpg 400w, https:\/\/carleton.ca\/caneunet\/wp-content\/uploads\/OFFICIAL-logosbeneficaireserasmusright_withthesupport-01_0-scaled-e1676133368224-160x44.jpg 160w, https:\/\/carleton.ca\/caneunet\/wp-content\/uploads\/OFFICIAL-logosbeneficaireserasmusright_withthesupport-01_0-scaled-e1676133368224-768x209.jpg 768w, https:\/\/carleton.ca\/caneunet\/wp-content\/uploads\/OFFICIAL-logosbeneficaireserasmusright_withthesupport-01_0-scaled-e1676133368224-1536x418.jpg 1536w, https:\/\/carleton.ca\/caneunet\/wp-content\/uploads\/OFFICIAL-logosbeneficaireserasmusright_withthesupport-01_0-scaled-e1676133368224-360x98.jpg 360w, https:\/\/carleton.ca\/caneunet\/wp-content\/uploads\/OFFICIAL-logosbeneficaireserasmusright_withthesupport-01_0-scaled-e1676133368224.jpg 1926w\" sizes=\"(max-width: 240px) 100vw, 240px\" \/><\/h3>\n<h2>Workshop Summary Report<\/h2>\n<p><em><strong><a href=\"https:\/\/carleton.ca\/caneunet\/wp-content\/uploads\/Facing-the-Russia-Challenge-Workshop-Summary-Report-February-2023.pdf\">Facing the Russia Challenge: European and Canadian Perspectives<\/a><\/strong><\/em><br \/>\nEditors: Joan DeBardeleben, Carleton University and Toms Rostoks, University of Latvia<\/p>\n<h2>Policy Briefs<\/h2>\n<h3>The CETA Agreement, Trade and Investment Regimes:<\/h3>\n<p><em><strong><a href=\"https:\/\/carleton.ca\/caneunet\/wp-content\/uploads\/Robert-Finbow-Implementing-CETA-A-Preliminary-Report-Policy-Brief-August-2019.pdf\">Implementing CETA: A Preliminary Report<\/a><\/strong><\/em><br \/>\nby Robert Finbow, Dalhousie University<\/p>\n<p><em><strong><a href=\"https:\/\/carleton.ca\/caneunet\/wp-content\/uploads\/Mich\u00e8le-Rioux-and-Christian-Deblock-CETA-An-Innovative-Agreement-with-Many-Unsettled-Trajectories-August-2019.pdf\">CETA: An Innovative Agreement with Many Unsettled Trajectories<\/a><\/strong><\/em><br \/>\nby Mich\u00e8le Rioux and Christian Deblock, l&#8217;Universit\u00e9 du Qu\u00e9bec \u00e0 Montr\u00e9al<\/p>\n<p><strong><a href=\"https:\/\/carleton.ca\/caneunet\/wp-content\/uploads\/Gabriel-Siles-Brugge-CETA-Policy-brief-final.pdf\"><em>CETA: The Foundation for a \u2018Progressive\u2019 EU-Canada Trade and Investment Partnership<\/em><\/a><a href=\"https:\/\/carleton.ca\/ces\/siles-brugge-ceta-policy-brief-final\/\"><em>?<\/em><\/a><\/strong><br \/>\nby Gabriel Siles-Br\u00fcgge, University of Warwick<\/p>\n<h3>Common Foreign Policy and Security Challenges:<\/h3>\n<p><strong><a href=\"https:\/\/carleton.ca\/caneunet\/wp-content\/uploads\/ChronopoulosA_Jean-Monnet-Network_Policy-Paper_Confronting-Orbital-Debris-in-LEO_Final.pdf\"><em>A Fragile Frontier: Confronting the Space Debris Problem in Low-Earth Orbit and Exploring Partnership Opportunities with the EU<\/em><\/a><\/strong><br \/>\nby Alexandra Chronopoulos, Carleton University<\/p>\n<p><strong><a href=\"https:\/\/carleton.ca\/caneunet\/wp-content\/uploads\/Policy-Brief_Ben-Stone_Sahel.pdf\"><em>EU-Canada Military and Civilian Cooperation in the Sahel: Is there scope for cooperation on COVID-19?<\/em><\/a><\/strong><br \/>\nby Benjamin Stone, Carleton University<\/p>\n<p><strong><em><a href=\"https:\/\/carleton.ca\/caneunet\/wp-content\/uploads\/Rostoks-policy-brief-04-2021.pdf\">Teaching International Relations after Russia\u2019s Annexation of Crimea<\/a><\/em><\/strong><br \/>\nby Toms Rostoks, University of Latvia<\/p>\n<p><em><strong><a href=\"https:\/\/carleton.ca\/caneunet\/wp-content\/uploads\/Joan-DeBardeleben-Moving-Beyond-Crisis-Management-Policy-Brief-January-2020.pdf\">Moving Beyond Crisis Management in Relations with Russia: The EU, US, and Canada<\/a><\/strong><\/em><br \/>\nby Joan DeBardeleben, Carleton University<\/p>\n<p><strong><a href=\"https:\/\/carleton.ca\/caneunet\/wp-content\/uploads\/Leigh-Sarty-Carleton-University-Policy-Workshop-March-2019.pdf\"><em>The EU and Canada in the Face of Changing US Global Policy Opening Remarks<\/em><\/a><\/strong><br \/>\nby Leigh Sarty, Global Affairs Canada and Carleton University<\/p>\n<p><strong><a href=\"https:\/\/carleton.ca\/caneunet\/wp-content\/uploads\/Sven-Biscop-Transatlantic-Relations-and-China-Policy-Brief-May-2019.pdf\"><em>Transatlantic Relations and China: An Alliance with Wh<\/em><em>om against Whom?<\/em><\/a><\/strong><br \/>\nby Sven Biscop, Ghent University<\/p>\n<p><strong><a href=\"https:\/\/carleton.ca\/caneunet\/wp-content\/uploads\/Toms-Rostoks-EU-and-Russia-Shared-Neighborhood-Policy-Brief-May-2019.pdf\"><em>EU and Russia in the Shared European Neighbourhood: Why Escalation of Tensions is Unlikely<\/em><\/a><\/strong><br \/>\nby Toms Rostoks, University of Latvia<\/p>\n<p><strong><a href=\"https:\/\/carleton.ca\/caneunet\/wp-content\/uploads\/Stan-Sloan-Trump-Administration-Security-Policy-Challenges-Policy-Brief-April-2019.pdf\"><em>Trump Administration Security Policy Challenges for Canada and the EU<\/em><\/a><\/strong><br \/>\nby Stanley R. Sloan, Scowcroft Center of the Atlantic Council of the United States<\/p>\n<h3>Climate Change and Energy Policy:<\/h3>\n<p><strong><a href=\"https:\/\/carleton.ca\/caneunet\/wp-content\/uploads\/Sawicki-Alexander-E-Waste-Management-Ontario-EU.pdf\"><em>E-Waste Management in Ontario: Correcting Past Stumbles with Policy Lessons from the EU<\/em><\/a><\/strong><br \/>\nby Alexander Sawicki, Carleton University.<\/p>\n<p><strong><a href=\"https:\/\/carleton.ca\/caneunet\/wp-content\/uploads\/Jean-Monnet-Network-EU-Canada-Policy-Brief-European-Green-Deal-Knodt-and-Schlacke-Jan-2021-final.pdf\"><em>The European Green Deal: In Need of Harder Soft Governance to Reach the New European 55% Climate Target<\/em><\/a><\/strong><br \/>\nby Mich\u00e8le Knodt, Technical University Darmstadt and Sabine Schlacke, University of M\u00fcnster.<\/p>\n<p><strong><a href=\"https:\/\/carleton.ca\/caneunet\/wp-content\/uploads\/Policy-Brief-Market-Regulation-and-Multilevel-Governance-by-Benz-Nov-2018-Canada-EU-Network-v2.pdf\"><em>Market Regulation and Multilevel Governance: The German Approach to Promote Green Energy<\/em><\/a><\/strong><br \/>\nby Arthur Benz, Technische Universit\u00e4t Darmstadt<\/p>\n<p><em><strong><a href=\"https:\/\/carleton.ca\/caneunet\/wp-content\/uploads\/Policy-Brief-Pricing-Carbon-Effectively-by-Burtraw-and-Themann-Feb-2018-Canada-EU-Network-v2.pdf\">Pricing Carbon Effectively: Lessons from the European Emissions Trading System<\/a><br \/>\n<\/strong><\/em>by Dallas Burtraw, Resources for the Future and Michael Themann, RWI &#8211; Leibniz Institute for Economic Research<a href=\"#_ftnref1\" name=\"_ftn1\"><\/a><\/p>\n<p><strong><a href=\"https:\/\/carleton.ca\/caneunet\/wp-content\/uploads\/Policy-Brief-Power-Sector-Integration-by-Pineau-Feb-2018-Canada-EU-Network-v2.pdf\"><em>Power Sector Integration in the North American Northeast<\/em><\/a><\/strong><br \/>\nby Pierre-Olivier Pineau, HEC Montr\u00e9al<\/p>\n<h2>Special Issues<\/h2>\n<p><em><strong><a href=\"https:\/\/www.esaanz.org.au\/anzjes_issue\/vol-11-no-3\/\">New Opportunities for the EU-Canada Strategic Partnership<\/a><\/strong><br \/>\n<\/em>Edited by Mich\u00e8le Knodt, Technical University of Darmstadt, and Natalia Chaban, University of Canterbury<\/p>\n<p><strong><a href=\"https:\/\/ojs.library.carleton.ca\/index.php\/CJERS\/issue\/view\/210\"><em>Carbon<\/em> <em>Politics<\/em><em> in<\/em> <em>Canada<\/em><em> and Europe: Coping with<\/em><em> Jurisdictional<\/em> <em>and<\/em><em> Interest<\/em><em> Diversity<\/em><\/a><\/strong><br \/>\nEditors: Arthur Benz, Joan DeBardeleben, Stephan Schott and Miranda Schreurs<\/p>\n<div class=\"h2\">\n<h2>Research Publications Guides<\/h2>\n<p><strong><a href=\"https:\/\/carleton.ca\/caneunet\/wp-content\/uploads\/Canada-Europe-Transatlantic-Dialogue-EU-Canada-Research-Publications-Guide-for-1980-to-2010-English-FINAL.pdf\"><em>EU-Canada Research Publications Guide: English Language Publications 1980-2010<\/em><\/a><\/strong><br \/>\nCompiled by Amy Verdun,\u00a0University of Victoria and Donna Wood, University of Victoria; edited by Joan DeBardeleben<\/p>\n<p><strong><a href=\"https:\/\/carleton.ca\/caneunet\/wp-content\/uploads\/Canada-Europe-Transatlantic-Dialogue-EU-Canada-Research-Publications-Guide-for-2010-to-2017-English-FINAL-1.pdf\"><em>EU-Canada Research Publications Guide: English Language Publications 2010-2017<\/em><\/a><\/strong><br \/>\nEdited by Joan DeBardeleben, Carleton University<\/p>\n<p><em>The European Union support for the production of publications does not constitute an endorsement of the contents which reflect the views only of the authors, and the Commission cannot be held responsi\u00adble for any use which may be made of the information contained therein.<\/em><\/p>\n<\/div>\n","protected":false},"excerpt":{"rendered":"<p>Workshop Summary Report Facing the Russia Challenge: European and Canadian Perspectives Editors: Joan DeBardeleben, Carleton University and Toms Rostoks, University of Latvia Policy Briefs The CETA Agreement, Trade and Investment Regimes: Implementing CETA: A Preliminary Report by Robert Finbow, Dalhousie University CETA: An Innovative Agreement with Many Unsettled Trajectories by Mich\u00e8le Rioux and Christian Deblock, [&hellip;]<\/p>\n","protected":false},"author":7,"featured_media":0,"parent":0,"menu_order":0,"comment_status":"closed","ping_status":"closed","template":"","meta":{"_relevanssi_hide_post":"","_relevanssi_hide_content":"","_relevanssi_pin_for_all":"","_relevanssi_pin_keywords":"","_relevanssi_unpin_keywords":"","_relevanssi_related_keywords":"","_relevanssi_related_include_ids":"","_relevanssi_related_exclude_ids":"","_relevanssi_related_no_append":"","_relevanssi_related_not_related":"","_relevanssi_related_posts":"","_relevanssi_noindex_reason":"","_mi_skip_tracking":false,"_exactmetrics_sitenote_active":false,"_exactmetrics_sitenote_note":"","_exactmetrics_sitenote_category":0,"footnotes":"","_links_to":"","_links_to_target":""},"yoast_head":"<!-- This site is optimized with the Yoast SEO plugin v21.2 - https:\/\/yoast.com\/wordpress\/plugins\/seo\/ -->\n<title>Jean Monnet Network Publications<\/title>\n<meta name=\"description\" content=\"The most recent scholarly publications from the Jean Monnet Network team members pertaining to matters related to the project; foreign policy and security challenges; trade, investment, and economic relations; climate change and energy policy\" \/>\n<meta name=\"robots\" content=\"index, follow, max-snippet:-1, max-image-preview:large, max-video-preview:-1\" \/>\n<link rel=\"canonical\" href=\"https:\/\/carleton.ca\/caneunet\/jean-monnet-network-publications\/\" \/>\n<meta name=\"twitter:label1\" content=\"Est. reading time\" \/>\n\t<meta name=\"twitter:data1\" content=\"2 minutes\" \/>\n<script type=\"application\/ld+json\" class=\"yoast-schema-graph\">{\"@context\":\"https:\/\/schema.org\",\"@graph\":[{\"@type\":\"WebPage\",\"@id\":\"https:\/\/carleton.ca\/caneunet\/jean-monnet-network-publications\/\",\"url\":\"https:\/\/carleton.ca\/caneunet\/jean-monnet-network-publications\/\",\"name\":\"Jean Monnet Network Publications\",\"isPartOf\":{\"@id\":\"https:\/\/carleton.ca\/caneunet\/#website\"},\"datePublished\":\"2018-05-24T13:47:18+00:00\",\"dateModified\":\"2023-04-20T23:04:01+00:00\",\"description\":\"The most recent scholarly publications from the Jean Monnet Network team members pertaining to matters related to the project; foreign policy and security challenges; trade, investment, and economic relations; climate change and energy policy\",\"breadcrumb\":{\"@id\":\"https:\/\/carleton.ca\/caneunet\/jean-monnet-network-publications\/#breadcrumb\"},\"inLanguage\":\"en-US\",\"potentialAction\":[{\"@type\":\"ReadAction\",\"target\":[\"https:\/\/carleton.ca\/caneunet\/jean-monnet-network-publications\/\"]}]},{\"@type\":\"BreadcrumbList\",\"@id\":\"https:\/\/carleton.ca\/caneunet\/jean-monnet-network-publications\/#breadcrumb\",\"itemListElement\":[{\"@type\":\"ListItem\",\"position\":1,\"name\":\"Home\",\"item\":\"https:\/\/carleton.ca\/caneunet\/\"},{\"@type\":\"ListItem\",\"position\":2,\"name\":\"Publications\"}]},{\"@type\":\"WebSite\",\"@id\":\"https:\/\/carleton.ca\/caneunet\/#website\",\"url\":\"https:\/\/carleton.ca\/caneunet\/\",\"name\":\"caneunet\",\"description\":\"Carleton University\",\"potentialAction\":[{\"@type\":\"SearchAction\",\"target\":{\"@type\":\"EntryPoint\",\"urlTemplate\":\"https:\/\/carleton.ca\/caneunet\/?s={search_term_string}\"},\"query-input\":\"required name=search_term_string\"}],\"inLanguage\":\"en-US\"}]}<\/script>\n<!-- \/ Yoast SEO plugin. -->","yoast_head_json":{"title":"Jean Monnet Network Publications","description":"The most recent scholarly publications from the Jean Monnet Network team members pertaining to matters related to the project; foreign policy and security challenges; trade, investment, and economic relations; climate change and energy policy","robots":{"index":"index","follow":"follow","max-snippet":"max-snippet:-1","max-image-preview":"max-image-preview:large","max-video-preview":"max-video-preview:-1"},"canonical":"https:\/\/carleton.ca\/caneunet\/jean-monnet-network-publications\/","twitter_misc":{"Est. reading time":"2 minutes"},"schema":{"@context":"https:\/\/schema.org","@graph":[{"@type":"WebPage","@id":"https:\/\/carleton.ca\/caneunet\/jean-monnet-network-publications\/","url":"https:\/\/carleton.ca\/caneunet\/jean-monnet-network-publications\/","name":"Jean Monnet Network Publications","isPartOf":{"@id":"https:\/\/carleton.ca\/caneunet\/#website"},"datePublished":"2018-05-24T13:47:18+00:00","dateModified":"2023-04-20T23:04:01+00:00","description":"The most recent scholarly publications from the Jean Monnet Network team members pertaining to matters related to the project; foreign policy and security challenges; trade, investment, and economic relations; climate change and energy policy","breadcrumb":{"@id":"https:\/\/carleton.ca\/caneunet\/jean-monnet-network-publications\/#breadcrumb"},"inLanguage":"en-US","potentialAction":[{"@type":"ReadAction","target":["https:\/\/carleton.ca\/caneunet\/jean-monnet-network-publications\/"]}]},{"@type":"BreadcrumbList","@id":"https:\/\/carleton.ca\/caneunet\/jean-monnet-network-publications\/#breadcrumb","itemListElement":[{"@type":"ListItem","position":1,"name":"Home","item":"https:\/\/carleton.ca\/caneunet\/"},{"@type":"ListItem","position":2,"name":"Publications"}]},{"@type":"WebSite","@id":"https:\/\/carleton.ca\/caneunet\/#website","url":"https:\/\/carleton.ca\/caneunet\/","name":"caneunet","description":"Carleton University","potentialAction":[{"@type":"SearchAction","target":{"@type":"EntryPoint","urlTemplate":"https:\/\/carleton.ca\/caneunet\/?s={search_term_string}"},"query-input":"required name=search_term_string"}],"inLanguage":"en-US"}]}},"acf":{"banner_image_type":"hosted","banner_hosted_image":"old-text","banner_opacity":"default","banner_button":"no"},"_links":{"self":[{"href":"https:\/\/carleton.ca\/caneunet\/wp-json\/wp\/v2\/pages\/767"}],"collection":[{"href":"https:\/\/carleton.ca\/caneunet\/wp-json\/wp\/v2\/pages"}],"about":[{"href":"https:\/\/carleton.ca\/caneunet\/wp-json\/wp\/v2\/types\/page"}],"author":[{"embeddable":true,"href":"https:\/\/carleton.ca\/caneunet\/wp-json\/wp\/v2\/users\/7"}],"replies":[{"embeddable":true,"href":"https:\/\/carleton.ca\/caneunet\/wp-json\/wp\/v2\/comments?post=767"}],"version-history":[{"count":9,"href":"https:\/\/carleton.ca\/caneunet\/wp-json\/wp\/v2\/pages\/767\/revisions"}],"predecessor-version":[{"id":2127,"href":"https:\/\/carleton.ca\/caneunet\/wp-json\/wp\/v2\/pages\/767\/revisions\/2127"}],"wp:attachment":[{"href":"https:\/\/carleton.ca\/caneunet\/wp-json\/wp\/v2\/media?parent=767"}],"curies":[{"name":"wp","href":"https:\/\/api.w.org\/{rel}","templated":true}]}}