{"id":1268,"date":"2025-06-06T11:20:42","date_gmt":"2025-06-06T15:20:42","guid":{"rendered":"https:\/\/carleton.ca\/career\/?page_id=1268"},"modified":"2025-06-16T15:24:20","modified_gmt":"2025-06-16T19:24:20","slug":"2025-ottawa-grad-career-fair-employer-survey","status":"publish","type":"page","link":"https:\/\/carleton.ca\/career\/2025-ottawa-grad-career-fair-employer-survey\/","title":{"rendered":"2025 Ottawa Grad Career Fair Employer Survey |\n\nSondage pour les employeurs \u2013 Salon des carri\u00e8res des dipl\u00f4m\u00e9s d\u2019Ottawa"},"content":{"rendered":"\n<section class=\"w-screen px-6 cu-section cu-section--white ml-offset-center md:px-8 lg:px-14\">\n    <div class=\"space-y-6 cu-max-w-child-max  md:space-y-10 cu-prose-first-last\">\n\n        \n                    \n                    \n            \n    <div class=\"cu-wideimage relative flex items-center justify-center mx-auto px-8 overflow-hidden md:px-16 rounded-xl not-prose  my-6 md:my-12 first:mt-0 bg-opacity-50 bg-cover bg-cu-black-50 py-24 md:py-28 lg:py-36 xl:py-48\" style=\"background-image: url(https:\/\/carleton.ca\/career\/wp-content\/uploads\/sites\/87\/2025\/06\/BannerV2-3-768x432.jpg); background-position: 10% 94%;\">\n\n                    <div class=\"absolute top-0 w-full h-screen\" style=\"background-color:rgba(0,0,0,0.600);\"><\/div>\n        \n        <div class=\"relative z-[2] max-w-4xl w-full flex flex-col items-center gap-2 cu-wideimage-image cu-zero-first-last\">\n            <header class=\"mx-auto mb-6 text-center text-white cu-pageheader cu-component-updated cu-pageheader--center md:mb-12\">\n\n                                    <h1 class=\"cu-prose-first-last font-semibold mb-2 text-3xl md:text-4xl lg:text-5xl lg:leading-[3.5rem] cu-pageheader--center text-center mx-auto after:left-px\">\n                        2025 Ottawa Grad Career Fair Employer Survey |\n\nSondage pour les employeurs \u2013 Salon des carri\u00e8res des dipl\u00f4m\u00e9s d\u2019Ottawa\n\n                    <\/h1>\n                \n                            <\/header>\n        <\/div>\n\n            <\/div>\n\n    \n\n    <\/div>\n<\/section>\n\n\n","protected":false},"excerpt":{"rendered":"","protected":false},"author":247,"featured_media":1296,"parent":0,"menu_order":0,"comment_status":"closed","ping_status":"closed","template":"","meta":{"_acf_changed":false,"_cu_dining_location_slug":"","footnotes":"","_links_to":"","_links_to_target":""},"cu_page_type":[30],"class_list":["post-1268","page","type-page","status-publish","has-post-thumbnail","hentry","cu_page_type-career-fairs"],"acf":{"cu_post_thumbnail":""},"_links":{"self":[{"href":"https:\/\/carleton.ca\/career\/wp-json\/wp\/v2\/pages\/1268","targetHints":{"allow":["GET"]}}],"collection":[{"href":"https:\/\/carleton.ca\/career\/wp-json\/wp\/v2\/pages"}],"about":[{"href":"https:\/\/carleton.ca\/career\/wp-json\/wp\/v2\/types\/page"}],"author":[{"embeddable":true,"href":"https:\/\/carleton.ca\/career\/wp-json\/wp\/v2\/users\/247"}],"replies":[{"embeddable":true,"href":"https:\/\/carleton.ca\/career\/wp-json\/wp\/v2\/comments?post=1268"}],"version-history":[{"count":6,"href":"https:\/\/carleton.ca\/career\/wp-json\/wp\/v2\/pages\/1268\/revisions"}],"predecessor-version":[{"id":1866,"href":"https:\/\/carleton.ca\/career\/wp-json\/wp\/v2\/pages\/1268\/revisions\/1866"}],"wp:featuredmedia":[{"embeddable":true,"href":"https:\/\/carleton.ca\/career\/wp-json\/wp\/v2\/media\/1296"}],"wp:attachment":[{"href":"https:\/\/carleton.ca\/career\/wp-json\/wp\/v2\/media?parent=1268"}],"wp:term":[{"taxonomy":"cu_page_type","embeddable":true,"href":"https:\/\/carleton.ca\/career\/wp-json\/wp\/v2\/cu_page_type?post=1268"}],"curies":[{"name":"wp","href":"https:\/\/api.w.org\/{rel}","templated":true}]}}

2025 Ottawa Grad Career Fair Employer Survey |

Sondage pour les employeurs – Salon des carrières des diplômés d’Ottawa

<section class="w-screen px-6 cu-section cu-section--white ml-offset-center md:px-8 lg:px-14">
    <div class="space-y-6 cu-max-w-child-max  md:space-y-10 cu-prose-first-last">

        
                    
                    
            
    <div class="cu-wideimage relative flex items-center justify-center mx-auto px-8 overflow-hidden md:px-16 rounded-xl not-prose  my-6 md:my-12 first:mt-0 bg-opacity-50 bg-cover bg-cu-black-50 py-24 md:py-28 lg:py-36 xl:py-48" style="background-image: url(https://carleton.ca/career/wp-content/uploads/sites/87/2025/06/BannerV2-3-768x432.jpg); background-position: 10% 94%;">

                    <div class="absolute top-0 w-full h-screen" style="background-color:rgba(0,0,0,0.600);"></div>
        
        <div class="relative z-[2] max-w-4xl w-full flex flex-col items-center gap-2 cu-wideimage-image cu-zero-first-last">
            <header class="mx-auto mb-6 text-center text-white cu-pageheader cu-component-updated cu-pageheader--center md:mb-12">

                                    <h1 class="cu-prose-first-last font-semibold mb-2 text-3xl md:text-4xl lg:text-5xl lg:leading-[3.5rem] cu-pageheader--center text-center mx-auto after:left-px">
                        2025 Ottawa Grad Career Fair Employer Survey |

Sondage pour les employeurs – Salon des carrières des diplômés d’Ottawa

                    </h1>
                
                            </header>
        </div>

            </div>

    

    </div>
</section>
