{"id":7357,"date":"2014-06-17T15:00:45","date_gmt":"2014-06-17T19:00:45","guid":{"rendered":"http:\/\/www.carleton.ca\/ces\/?page_id=7357"},"modified":"2021-06-02T17:21:24","modified_gmt":"2021-06-02T21:21:24","slug":"european-union","status":"publish","type":"page","link":"https:\/\/carleton.ca\/ces\/research-and-publications\/european-union\/","title":{"rendered":"Commentaries"},"content":{"rendered":"<p><strong>Commentaries<\/strong><\/p>\n<p><strong>2021:<\/strong><\/p>\n<p><a href=\"https:\/\/carleton.ca\/ces\/wp-content\/uploads\/Commentary-Deepening-the-\u2018Brussels-Effect\u2019-to-avoid-Dystopia-by-Robert-Gould-Jun-2021.pdf\">Commentary: Deepening the \u2018Brussels Effect\u2019 to avoid Dystopia: Ethics and the Globalisation of EU Identity and Influence<\/a> (June 2021) by Robert Gould<\/p>\n<p><a href=\"https:\/\/carleton.ca\/ces\/wp-content\/uploads\/Commentary-EU-and-AI-by-Robert-Gould-Carleton-University-Feb-2021-1.pdf\">Commentary: EU and AI: EU Identity and &#8220;Systemic Rivalry&#8221;<\/a> (February 2021) by Robert Gould<\/p>\n<p><strong>2020:<\/strong><\/p>\n<p><a href=\"https:\/\/carleton.ca\/ces\/wp-content\/uploads\/Robert-Gould-EU-Digital-Autonomy-Sovereignty-and-Identity-in-the-Time-of-COVID-19-final.pdf\">Commentary: EU Digital Autonomy, Sovereignty and Identity in the Time of COVID-19<\/a> (July 2020) by\u00a0Robert Gould<\/p>\n<p><a href=\"https:\/\/carleton.ca\/ces\/wp-content\/uploads\/COMMENTARY-Democratic-Dilemnas-by-Robert-Gould-Feb-2020.pdf\">Commentary: Democratic Dilemmas: Dealing with <em>Alternative f\u00fcr Deutschland<\/em> and <em>Vox Espa\u00f1a <\/em><\/a>(February 2020) by Robert Gould<\/p>\n<p><strong>2019:<\/strong><\/p>\n<p><a href=\"https:\/\/carleton.ca\/ces\/wp-content\/uploads\/Commentary-Vox-An-Alternative-Identity-for-Spain-by-Robert-Gould-February-2019-rev.pdf\">Commentary: &#8220;Vox Espa\u00f1a, an Alternative for Spain: Nationalism, Opposition to the European Union and Proposals for a &#8220;Spexit&#8221;<\/a> (February 2019) by Robert Gould<\/p>\n<p><strong>2017:<\/strong><\/p>\n<p><a href=\"https:\/\/carleton.ca\/ces\/wp-content\/uploads\/Commentary-An-Alternative-Identity-for-Germany-in-the-21st-Century-by-Robert-Gould-rev-25-Jan-2018.pdf\">Commentary: \u201cAn Alternative Identity for Germany in the 21st Century\u201d<\/a> (February 2018) by Robert Gould<\/p>\n<p><strong>2014:<\/strong><\/p>\n<p><a href=\"http:\/\/labs.carleton.ca\/canadaeurope\/wp-content\/uploads\/sites\/9\/M%C3%A9rand-EUCE-article-for-website.pdf\" target=\"_blank\" rel=\"noopener noreferrer\">Commentary: The Juncker Commission Faces Euroscepticism<\/a> (December 2014) by Fr\u00e9d\u00e9ric M\u00e9rand<\/p>\n<p><strong>2013:<\/strong><\/p>\n<p><a href=\"http:\/\/labs.carleton.ca\/canadaeurope\/wp-content\/uploads\/sites\/9\/CETD-Commentary_Social-Policy-in-EU-and-Canada_Ivan-Dumka.pdf\" target=\"_blank\" rel=\"noopener noreferrer\">Commentary: Governing Social Policy in Multi-Level Systems: Emerging Literature (and Critiques) of Social Policy in the EU and Canada<\/a> (September 2013) by Ivan F. Dumka<\/p>\n<p><a href=\"http:\/\/labs.carleton.ca\/canadaeurope\/wp-content\/uploads\/sites\/9\/CETD-Commentary_Vuoristo_Intersectionality_final.pdf\" target=\"_blank\" rel=\"noopener noreferrer\">Commentary and Literature Review: The Europeanization of the Intersectional Approach to Combating Discrimination: Debates, Policies and Institutional Changes<\/a> (August 2013) by Kaisa Vuoristo<\/p>\n<p><a href=\"http:\/\/labs.carleton.ca\/canadaeurope\/wp-content\/uploads\/sites\/9\/2013-05-commentary-wood-victoria-comparative-governance.pdf\" target=\"_blank\" rel=\"noopener noreferrer\">Commentary: Seven Presentations in Three European Countries on my Comparative Governance Research: What did I learn?<\/a> (May 2013) by Donna Wood<\/p>\n<p><strong>2012:<\/strong><\/p>\n<p><a href=\"http:\/\/labs.carleton.ca\/canadaeurope\/wp-content\/uploads\/sites\/9\/Hurrelmann_CETD-Policy-Brief_Nobel-Peace-Prize.pdf\" target=\"_blank\" rel=\"noopener noreferrer\">Commentary: Nobel Peace Prize for the European Union<\/a> (December 2012) by Achim Hurrelmann<\/p>\n<p><a href=\"http:\/\/labs.carleton.ca\/canadaeurope\/wp-content\/uploads\/sites\/9\/Dumka_Coordinated-Wage-Setting-and-the-Crisis_CETD.pdf\" target=\"_blank\" rel=\"noopener noreferrer\">Commentary: Coordination Through the Crisis: The State of Research on Coordinated Wage-Setting and the Social Partnership<\/a> (August 2012) by Ivan F. Dumka<\/p>\n<p><a href=\"http:\/\/labs.carleton.ca\/canadaeurope\/wp-content\/uploads\/sites\/9\/2012-07-eu-ets-scheme-ahmad-demestral.pdf\" target=\"_blank\" rel=\"noopener noreferrer\">Commentary: EU Emissions Trading Scheme: Problems presented to Canada<\/a> (April 2012) by Armand de Mestral and Tanveer Ahmad<\/p>\n<p><strong>2011:<\/strong><\/p>\n<p><a href=\"http:\/\/labs.carleton.ca\/canadaeurope\/wp-content\/uploads\/sites\/9\/Commentary_EU-ICC-Common-Vision_Dingman_revisions_15-11-2011-JD_final_edits_LT-.pdf\" target=\"_blank\" rel=\"noopener noreferrer\">Commentary: European Union and Inuit Circumpolar Council: Prospects for a Common Arctic Vision<\/a> (November 2011) by Erica Dingman<\/p>\n<p><a href=\"http:\/\/labs.carleton.ca\/canadaeurope\/wp-content\/uploads\/sites\/9\/Cavalieri.pdf\" target=\"_blank\" rel=\"noopener noreferrer\">Commentary: Next step for the EU? Reducing its own Arctic Footprint<\/a> (November 2011) by Sandra Cavalieri<\/p>\n<p><a href=\"http:\/\/labs.carleton.ca\/canadaeurope\/wp-content\/uploads\/sites\/9\/2011-05-hage.pdf\" target=\"_blank\" rel=\"noopener noreferrer\">Commentary: Changing Canada: Canada-EU Free Trade<\/a> (May 2011) by Robert Hage<\/p>\n<p><a href=\"http:\/\/labs.carleton.ca\/canadaeurope\/wp-content\/uploads\/sites\/9\/2011-04-Qardash-EUStrategyforCentralAsia.pdf\" target=\"_blank\" rel=\"noopener noreferrer\">Commentary: The EU Strategy for Central Asia<\/a>\u00a0(April 2011), by Numan Qardash<\/p>\n<p><a href=\"http:\/\/labs.carleton.ca\/canadaeurope\/wp-content\/uploads\/sites\/9\/2011-04-glynn-demestral.pdf\" target=\"_blank\" rel=\"noopener noreferrer\">Commentary: Rethinking Foreign Ownership: the Key to Opening Transatlantic Skies<\/a> (April 2011) by Mark Glynn and Armand de Mestral<\/p>\n<p><a href=\"http:\/\/labs.carleton.ca\/canadaeurope\/wp-content\/uploads\/sites\/9\/2011-04-bartels-henckels-ceta-commentary.pdf\" target=\"_blank\" rel=\"noopener noreferrer\">Commentary: Investment and the Canada-EU Comprehensive Economic and Trade Agreement: the oil sands controversy<\/a> (April 2011) by Lorand Bartels and Caroline Henckels<\/p>\n<p><a href=\"http:\/\/labs.carleton.ca\/canadaeurope\/wp-content\/uploads\/sites\/9\/2011-02-Leblond-Langrish-CETA-QuebecEconomicSovereignty.pdf\" target=\"_blank\" rel=\"noopener noreferrer\">Commentary: Canada-Europe Free Trade: The economic sovereignty of Quebec (and other provinces) is not threatened!<\/a>\u00a0(February 2011) by Jason Langrish and Patrick Leblond (Also published in French under the title <a href=\"http:\/\/labs.carleton.ca\/canadaeurope\/wp-content\/uploads\/sites\/9\/F-2011-02-Leblond-Langrish-CETA-QuebecEconomicSovereignty.pdf\" target=\"_blank\" rel=\"noopener noreferrer\">Libre-\u00e9change Canada-Europe: La souveraintet\u00e9\u00a0\u00e9conomique dy Qu\u00e9bec (et des autres provinces) n&#8217;est pas menac\u00e9e!<\/a>)<\/p>\n<p><strong>2010:<\/strong><\/p>\n<p><a href=\"http:\/\/labs.carleton.ca\/canadaeurope\/wp-content\/uploads\/sites\/9\/Canada-EU_Annotated_Bibliography_Dec-2010.pdf\" target=\"_blank\" rel=\"noopener noreferrer\">Commentary: Canada and the EU: A Review of the Literature from 1982 to 2010<\/a> (December 2010) by Donna E. Wood and Amy Verdun<\/p>\n<p><a href=\"http:\/\/labs.carleton.ca\/canadaeurope\/wp-content\/uploads\/sites\/9\/2010-11-LeblondCommentaryCETA.pdf\" target=\"_blank\" rel=\"noopener noreferrer\">Commentary: Free trade with Europe will not destroy 150,000 jobs<\/a>\u00a0(November 2010) by Patrick Leblond<\/p>\n<p><a href=\"http:\/\/labs.carleton.ca\/canadaeurope\/wp-content\/uploads\/sites\/9\/2010-05-GlynnAirSerivicesCharges.pdf\" target=\"_blank\" rel=\"noopener noreferrer\">Commentary: Sky-high: Charges on Canadian Air Services through the Gold-plated Roof<\/a> (April 2010) by Mark Glynn<\/p>\n<p><strong>2009:<\/strong><\/p>\n<p><a href=\"http:\/\/labs.carleton.ca\/canadaeurope\/wp-content\/uploads\/sites\/9\/2009-09-30-CzechVisaSchmidtke.pdf\" target=\"_blank\" rel=\"noopener noreferrer\">Commentary: Canada and the EU towards an international standoff? The increasingly troublesome Czech visa saga<\/a> (September 2009) by Oliver Schmidtke<\/p>\n<p><a href=\"http:\/\/labs.carleton.ca\/canadaeurope\/wp-content\/uploads\/sites\/9\/2009-05-21-EuropeanizingCanadianCitizenshipMarwah-Triadafilopoulos.pdf\" target=\"_blank\" rel=\"noopener noreferrer\">Commentary: Europeanizing Canada&#8217;s Citizenship Regime?<\/a>\u00a0(May 2009) by Inder Marwah and Triadafilos Triadafilopoulos<\/p>\n<p><a href=\"http:\/\/labs.carleton.ca\/canadaeurope\/wp-content\/uploads\/sites\/9\/2009-01-30-EURO-EnglishLeblond.pdf\" target=\"_blank\" rel=\"noopener noreferrer\">Commentary: The euro is ten years old!<\/a>\u00a0(January 2009) by Patrick Leblond (Published also in French under the title\u00a0<a href=\"http:\/\/labs.carleton.ca\/canadaeurope\/wp-content\/uploads\/sites\/9\/F2009-01-30-EUROLeblond.pdf\" target=\"_blank\" rel=\"noopener noreferrer\">L&#8217;euro a dix ans!<\/a>)<\/p>\n<p><strong>2008:<\/strong><\/p>\n<p><a href=\"http:\/\/labs.carleton.ca\/canadaeurope\/wp-content\/uploads\/sites\/9\/2008-10-21-OpenSkiesdeMestral.pdf\" target=\"_blank\" rel=\"noopener noreferrer\">Commentary: Open Skies Negotiations between Canada and the EU<\/a> (October 2008) by Armand de Mestral<\/p>\n<p><a href=\"http:\/\/labs.carleton.ca\/canadaeurope\/wp-content\/uploads\/sites\/9\/2008-10-21-EUinAfghanistanLong.pdf\" target=\"_blank\" rel=\"noopener noreferrer\">Commentary: The Charge of the Lite Brigade: the EU in Afghanistan<\/a>\u00a0(October 2008) by David Long<\/p>\n<p><a href=\"http:\/\/labs.carleton.ca\/canadaeurope\/wp-content\/uploads\/sites\/9\/2008-10-21-EconomicPartnershipHuebner-deMestral.pdf\" target=\"_blank\" rel=\"noopener noreferrer\">Commentary: EU-Canada Economic Partnership: Where Next?<\/a> (October 2008) by Kurt H\u00fcbner and Armand de Mestral<\/p>\n<p><img decoding=\"async\" loading=\"lazy\" class=\"aligncenter size-large wp-image-12306\" src=\"https:\/\/carleton.ca\/ces\/wp-content\/uploads\/logosbeneficaireserasmusright_withthesupportof-400x82.jpg\" alt=\"EU flag logo and statement &quot;With the support of the Erasmus+ Programme of the European Union&quot;\" width=\"400\" height=\"82\" srcset=\"https:\/\/carleton.ca\/ces\/wp-content\/uploads\/logosbeneficaireserasmusright_withthesupportof-400x82.jpg 400w, https:\/\/carleton.ca\/ces\/wp-content\/uploads\/logosbeneficaireserasmusright_withthesupportof-240x49.jpg 240w, https:\/\/carleton.ca\/ces\/wp-content\/uploads\/logosbeneficaireserasmusright_withthesupportof-160x33.jpg 160w, https:\/\/carleton.ca\/ces\/wp-content\/uploads\/logosbeneficaireserasmusright_withthesupportof-768x158.jpg 768w, https:\/\/carleton.ca\/ces\/wp-content\/uploads\/logosbeneficaireserasmusright_withthesupportof-360x74.jpg 360w, https:\/\/carleton.ca\/ces\/wp-content\/uploads\/logosbeneficaireserasmusright_withthesupportof.jpg 1134w\" sizes=\"(max-width: 400px) 100vw, 400px\" \/><\/p>\n<p><em>CES publications are supported, in part, by grants from the European Union&#8217;s <a href=\"http:\/\/ec.europa.eu\/programmes\/erasmus-plus\/\">Erasmus+ Programme for Education, Training,\u00a0Youth and Sport<\/a>.<\/em><\/p>\n<p><\/p>\n<p><\/p>\n","protected":false},"excerpt":{"rendered":"<p>Commentaries 2021: Commentary: Deepening the \u2018Brussels Effect\u2019 to avoid Dystopia: Ethics and the Globalisation of EU Identity and Influence (June 2021) by Robert Gould Commentary: EU and AI: EU Identity and &#8220;Systemic Rivalry&#8221; (February 2021) by Robert Gould 2020: Commentary: EU Digital Autonomy, Sovereignty and Identity in the Time of COVID-19 (July 2020) by\u00a0Robert Gould [&hellip;]<\/p>\n","protected":false},"author":24,"featured_media":0,"parent":27,"menu_order":0,"comment_status":"closed","ping_status":"closed","template":"","meta":{"_relevanssi_hide_post":"","_relevanssi_hide_content":"","_relevanssi_pin_for_all":"","_relevanssi_pin_keywords":"","_relevanssi_unpin_keywords":"","_relevanssi_related_keywords":"","_relevanssi_related_include_ids":"","_relevanssi_related_exclude_ids":"","_relevanssi_related_no_append":"","_relevanssi_related_not_related":"","_relevanssi_related_posts":"","_relevanssi_noindex_reason":"","_mi_skip_tracking":false,"_exactmetrics_sitenote_active":false,"_exactmetrics_sitenote_note":"","_exactmetrics_sitenote_category":0,"footnotes":"","_links_to":"","_links_to_target":""},"yoast_head":"<!-- This site is optimized with the Yoast SEO plugin v21.2 - https:\/\/yoast.com\/wordpress\/plugins\/seo\/ -->\n<title>Commentaries about the European Union written by scholars<\/title>\n<meta name=\"description\" content=\"Commentaries 2021: Commentary: Deepening the \u2018Brussels Effect\u2019 to avoid Dystopia: Ethics and the Globalisation of EU Identity and Influence (June 2021) by\" \/>\n<meta name=\"robots\" content=\"index, follow, max-snippet:-1, max-image-preview:large, max-video-preview:-1\" \/>\n<link rel=\"canonical\" href=\"https:\/\/carleton.ca\/ces\/research-and-publications\/european-union\/\" \/>\n<meta name=\"twitter:label1\" content=\"Est. reading time\" \/>\n\t<meta name=\"twitter:data1\" content=\"3 minutes\" \/>\n<script type=\"application\/ld+json\" class=\"yoast-schema-graph\">{\"@context\":\"https:\/\/schema.org\",\"@graph\":[{\"@type\":\"WebPage\",\"@id\":\"https:\/\/carleton.ca\/ces\/research-and-publications\/european-union\/\",\"url\":\"https:\/\/carleton.ca\/ces\/research-and-publications\/european-union\/\",\"name\":\"Commentaries about the European Union written by scholars\",\"isPartOf\":{\"@id\":\"https:\/\/carleton.ca\/ces\/#website\"},\"datePublished\":\"2014-06-17T19:00:45+00:00\",\"dateModified\":\"2021-06-02T21:21:24+00:00\",\"description\":\"Commentaries 2021: Commentary: Deepening the \u2018Brussels Effect\u2019 to avoid Dystopia: Ethics and the Globalisation of EU Identity and Influence (June 2021) by\",\"breadcrumb\":{\"@id\":\"https:\/\/carleton.ca\/ces\/research-and-publications\/european-union\/#breadcrumb\"},\"inLanguage\":\"en-US\",\"potentialAction\":[{\"@type\":\"ReadAction\",\"target\":[\"https:\/\/carleton.ca\/ces\/research-and-publications\/european-union\/\"]}]},{\"@type\":\"BreadcrumbList\",\"@id\":\"https:\/\/carleton.ca\/ces\/research-and-publications\/european-union\/#breadcrumb\",\"itemListElement\":[{\"@type\":\"ListItem\",\"position\":1,\"name\":\"Home\",\"item\":\"https:\/\/carleton.ca\/ces\/\"},{\"@type\":\"ListItem\",\"position\":2,\"name\":\"Research and Publications\",\"item\":\"https:\/\/carleton.ca\/ces\/research-and-publications\/\"},{\"@type\":\"ListItem\",\"position\":3,\"name\":\"Commentaries\"}]},{\"@type\":\"WebSite\",\"@id\":\"https:\/\/carleton.ca\/ces\/#website\",\"url\":\"https:\/\/carleton.ca\/ces\/\",\"name\":\"Centre for European Studies\",\"description\":\"Carleton University\",\"potentialAction\":[{\"@type\":\"SearchAction\",\"target\":{\"@type\":\"EntryPoint\",\"urlTemplate\":\"https:\/\/carleton.ca\/ces\/?s={search_term_string}\"},\"query-input\":\"required name=search_term_string\"}],\"inLanguage\":\"en-US\"}]}<\/script>\n<!-- \/ Yoast SEO plugin. -->","yoast_head_json":{"title":"Commentaries about the European Union written by scholars","description":"Commentaries 2021: Commentary: Deepening the \u2018Brussels Effect\u2019 to avoid Dystopia: Ethics and the Globalisation of EU Identity and Influence (June 2021) by","robots":{"index":"index","follow":"follow","max-snippet":"max-snippet:-1","max-image-preview":"max-image-preview:large","max-video-preview":"max-video-preview:-1"},"canonical":"https:\/\/carleton.ca\/ces\/research-and-publications\/european-union\/","twitter_misc":{"Est. reading time":"3 minutes"},"schema":{"@context":"https:\/\/schema.org","@graph":[{"@type":"WebPage","@id":"https:\/\/carleton.ca\/ces\/research-and-publications\/european-union\/","url":"https:\/\/carleton.ca\/ces\/research-and-publications\/european-union\/","name":"Commentaries about the European Union written by scholars","isPartOf":{"@id":"https:\/\/carleton.ca\/ces\/#website"},"datePublished":"2014-06-17T19:00:45+00:00","dateModified":"2021-06-02T21:21:24+00:00","description":"Commentaries 2021: Commentary: Deepening the \u2018Brussels Effect\u2019 to avoid Dystopia: Ethics and the Globalisation of EU Identity and Influence (June 2021) by","breadcrumb":{"@id":"https:\/\/carleton.ca\/ces\/research-and-publications\/european-union\/#breadcrumb"},"inLanguage":"en-US","potentialAction":[{"@type":"ReadAction","target":["https:\/\/carleton.ca\/ces\/research-and-publications\/european-union\/"]}]},{"@type":"BreadcrumbList","@id":"https:\/\/carleton.ca\/ces\/research-and-publications\/european-union\/#breadcrumb","itemListElement":[{"@type":"ListItem","position":1,"name":"Home","item":"https:\/\/carleton.ca\/ces\/"},{"@type":"ListItem","position":2,"name":"Research and Publications","item":"https:\/\/carleton.ca\/ces\/research-and-publications\/"},{"@type":"ListItem","position":3,"name":"Commentaries"}]},{"@type":"WebSite","@id":"https:\/\/carleton.ca\/ces\/#website","url":"https:\/\/carleton.ca\/ces\/","name":"Centre for European Studies","description":"Carleton University","potentialAction":[{"@type":"SearchAction","target":{"@type":"EntryPoint","urlTemplate":"https:\/\/carleton.ca\/ces\/?s={search_term_string}"},"query-input":"required name=search_term_string"}],"inLanguage":"en-US"}]}},"acf":{"banner_image_type":"none","banner_button":"no"},"_links":{"self":[{"href":"https:\/\/carleton.ca\/ces\/wp-json\/wp\/v2\/pages\/7357"}],"collection":[{"href":"https:\/\/carleton.ca\/ces\/wp-json\/wp\/v2\/pages"}],"about":[{"href":"https:\/\/carleton.ca\/ces\/wp-json\/wp\/v2\/types\/page"}],"author":[{"embeddable":true,"href":"https:\/\/carleton.ca\/ces\/wp-json\/wp\/v2\/users\/24"}],"replies":[{"embeddable":true,"href":"https:\/\/carleton.ca\/ces\/wp-json\/wp\/v2\/comments?post=7357"}],"version-history":[{"count":5,"href":"https:\/\/carleton.ca\/ces\/wp-json\/wp\/v2\/pages\/7357\/revisions"}],"predecessor-version":[{"id":12607,"href":"https:\/\/carleton.ca\/ces\/wp-json\/wp\/v2\/pages\/7357\/revisions\/12607"}],"up":[{"embeddable":true,"href":"https:\/\/carleton.ca\/ces\/wp-json\/wp\/v2\/pages\/27"}],"wp:attachment":[{"href":"https:\/\/carleton.ca\/ces\/wp-json\/wp\/v2\/media?parent=7357"}],"curies":[{"name":"wp","href":"https:\/\/api.w.org\/{rel}","templated":true}]}}