{"id":105,"date":"2012-02-22T21:45:16","date_gmt":"2012-02-23T02:45:16","guid":{"rendered":"http:\/\/moniquesenechal.wordpress.com\/?page_id=105"},"modified":"2025-10-22T15:55:46","modified_gmt":"2025-10-22T19:55:46","slug":"nous-joindre","status":"publish","type":"page","link":"https:\/\/carleton.ca\/cllr\/franc\/nous-joindre\/","title":{"rendered":"Nous joindre"},"content":{"rendered":"\n<section class=\"w-screen px-6 cu-section cu-section--white ml-offset-center md:px-8 lg:px-14\">\n    <div class=\"space-y-6 cu-max-w-child-5xl  md:space-y-10 cu-prose-first-last\">\n\n            <div class=\"cu-textmedia flex flex-col lg:flex-row mx-auto gap-6 md:gap-10 my-6 md:my-12 first:mt-0 max-w-5xl\">\n        <div class=\"justify-start cu-textmedia-content cu-prose-first-last\" style=\"flex: 0 0 100%;\">\n            <header class=\"font-light prose-xl cu-pageheader md:prose-2xl cu-component-updated cu-prose-first-last\">\n                                    <h1 class=\"cu-prose-first-last font-semibold !mt-2 mb-4 md:mb-6 relative after:absolute after:h-px after:bottom-0 after:bg-cu-red after:left-px text-3xl md:text-4xl lg:text-5xl lg:leading-[3.5rem] pb-5 after:w-10 text-cu-black-700 not-prose\">\n                        Nous joindre\n                    <\/h1>\n                \n                                \n                            <\/header>\n\n                    <\/div>\n\n            <\/div>\n\n    <\/div>\n<\/section>\n\n<p>Monique S\u00e9n\u00e9chal<br>\nD\u00e9pt de psychologie<br>\nB550 Loeb<br>\nCarleton University<br>\n1125 promenade du Colonel By<br>\nOttawa, ON<br>\nK1S 5B6<\/p>\n\n\n\n<p>monique_senechal@carleton.ca; t\u00e9l: 613-750-0429 poste 1155; t\u00e9l\u00e9copieur: 613-520-3667<\/p>\n\n\n\n<p>Le labo est au 210 et le bureau de Monique S\u00e9n\u00e9chal est au 214B de l\u2019\u00e9difice Social Sciences Research Building.<\/p>\n","protected":false},"excerpt":{"rendered":"<p>Monique S\u00e9n\u00e9chal D\u00e9pt de psychologie B550 Loeb Carleton University 1125 promenade du Colonel By Ottawa, ON K1S 5B6 monique_senechal@carleton.ca; t\u00e9l: 613-750-0429 poste 1155; t\u00e9l\u00e9copieur: 613-520-3667 Le labo est au 210 et le bureau de Monique S\u00e9n\u00e9chal est au 214B de l\u2019\u00e9difice Social Sciences Research Building.<\/p>\n","protected":false},"author":2,"featured_media":0,"parent":218,"menu_order":7,"comment_status":"closed","ping_status":"closed","template":"","meta":{"_acf_changed":false,"_cu_dining_location_slug":"","footnotes":"","_links_to":"","_links_to_target":""},"cu_page_type":[],"class_list":["post-105","page","type-page","status-publish","hentry"],"acf":{"cu_post_thumbnail":false},"_links":{"self":[{"href":"https:\/\/carleton.ca\/cllr\/wp-json\/wp\/v2\/pages\/105","targetHints":{"allow":["GET"]}}],"collection":[{"href":"https:\/\/carleton.ca\/cllr\/wp-json\/wp\/v2\/pages"}],"about":[{"href":"https:\/\/carleton.ca\/cllr\/wp-json\/wp\/v2\/types\/page"}],"author":[{"embeddable":true,"href":"https:\/\/carleton.ca\/cllr\/wp-json\/wp\/v2\/users\/2"}],"replies":[{"embeddable":true,"href":"https:\/\/carleton.ca\/cllr\/wp-json\/wp\/v2\/comments?post=105"}],"version-history":[{"count":1,"href":"https:\/\/carleton.ca\/cllr\/wp-json\/wp\/v2\/pages\/105\/revisions"}],"predecessor-version":[{"id":225,"href":"https:\/\/carleton.ca\/cllr\/wp-json\/wp\/v2\/pages\/105\/revisions\/225"}],"up":[{"embeddable":true,"href":"https:\/\/carleton.ca\/cllr\/wp-json\/wp\/v2\/pages\/218"}],"wp:attachment":[{"href":"https:\/\/carleton.ca\/cllr\/wp-json\/wp\/v2\/media?parent=105"}],"wp:term":[{"taxonomy":"cu_page_type","embeddable":true,"href":"https:\/\/carleton.ca\/cllr\/wp-json\/wp\/v2\/cu_page_type?post=105"}],"curies":[{"name":"wp","href":"https:\/\/api.w.org\/{rel}","templated":true}]}}