{"id":91,"date":"2012-02-22T19:05:11","date_gmt":"2012-02-23T00:05:11","guid":{"rendered":"http:\/\/moniquesenechal.wordpress.com\/?page_id=91"},"modified":"2025-10-22T15:55:46","modified_gmt":"2025-10-22T19:55:46","slug":"etudiants","status":"publish","type":"page","link":"https:\/\/carleton.ca\/cllr\/franc\/etudiants\/","title":{"rendered":"\u00c9tudiants"},"content":{"rendered":"\n<section class=\"w-screen px-6 cu-section cu-section--white ml-offset-center md:px-8 lg:px-14\">\n    <div class=\"space-y-6 cu-max-w-child-5xl  md:space-y-10 cu-prose-first-last\">\n\n            <div class=\"cu-textmedia flex flex-col lg:flex-row mx-auto gap-6 md:gap-10 my-6 md:my-12 first:mt-0 max-w-5xl\">\n        <div class=\"justify-start cu-textmedia-content cu-prose-first-last\" style=\"flex: 0 0 100%;\">\n            <header class=\"font-light prose-xl cu-pageheader md:prose-2xl cu-component-updated cu-prose-first-last\">\n                                    <h1 class=\"cu-prose-first-last font-semibold !mt-2 mb-4 md:mb-6 relative after:absolute after:h-px after:bottom-0 after:bg-cu-red after:left-px text-3xl md:text-4xl lg:text-5xl lg:leading-[3.5rem] pb-5 after:w-10 text-cu-black-700 not-prose\">\n                        \u00c9tudiants\n                    <\/h1>\n                \n                                \n                            <\/header>\n\n                    <\/div>\n\n            <\/div>\n\n    <\/div>\n<\/section>\n\n<p><span style=\"color: #000000;\">L&#8217;ambiance dans mon labo est tr\u00e8s dynamique. Les \u00e9tudiants sont invit\u00e9s \u00e0 participer \u00e0 toutes les phases de la recherche &#8212; allant de la r\u00e9flexion au sujet du d\u00e9veloppement cognitif, \u00e0 l&#8217;\u00e9laboration de sch\u00e8mes exp\u00e9rimentaux, \u00e0 la cueillette et l&#8217;analyse de donn\u00e9s, ainsi que la r\u00e9daction de rapports pour la communaut\u00e9 scientifique. De fait, les \u00e9tudiants au labo ont souvent l\u2019occasion de publier des articles de recherche.<br>\n<\/span><\/p>\n\n\n\n<p>Les \u00e9tudiants des 2e et 3e cycles re\u00e7us dans mon labo recevront une bourse sous la forme d&#8217;un assistanat de recherche. De plus, les \u00e9tudiants pourraient recevoir une bourse et un assistanat \u00e0 l&#8217;enseignement du <a href=\"http:\/\/www.gs.carleton.ca\/\"> bureau des \u00e9tudes sup\u00e9rieures<\/a>.<\/p>\n\n\n\n<p>Les \u00e9tudiants sont encourag\u00e9s \u00e0 postuler pour des bourses d&#8217;\u00e9tude du <a href=\"http:\/\/www.nserc.ca\/\">CRSNG<\/a> et du <a href=\"http:\/\/www.sshrc.ca\/\"> CRSH<\/a>.<\/p>\n\n\n\n<p>N&#8217;h\u00e9sitez pas \u00e0 me joindre si vous avez des questions suppl\u00e9mentaires.<\/p>\n","protected":false},"excerpt":{"rendered":"<p>L&#8217;ambiance dans mon labo est tr\u00e8s dynamique. Les \u00e9tudiants sont invit\u00e9s \u00e0 participer \u00e0 toutes les phases de la recherche &#8212; allant de la r\u00e9flexion au sujet du d\u00e9veloppement cognitif, \u00e0 l&#8217;\u00e9laboration de sch\u00e8mes exp\u00e9rimentaux, \u00e0 la cueillette et l&#8217;analyse de donn\u00e9s, ainsi que la r\u00e9daction de rapports pour la communaut\u00e9 scientifique. De fait, les [&hellip;]<\/p>\n","protected":false},"author":2,"featured_media":0,"parent":218,"menu_order":4,"comment_status":"closed","ping_status":"closed","template":"","meta":{"_acf_changed":false,"_cu_dining_location_slug":"","footnotes":"","_links_to":"","_links_to_target":""},"cu_page_type":[],"class_list":["post-91","page","type-page","status-publish","hentry"],"acf":{"cu_post_thumbnail":false},"_links":{"self":[{"href":"https:\/\/carleton.ca\/cllr\/wp-json\/wp\/v2\/pages\/91","targetHints":{"allow":["GET"]}}],"collection":[{"href":"https:\/\/carleton.ca\/cllr\/wp-json\/wp\/v2\/pages"}],"about":[{"href":"https:\/\/carleton.ca\/cllr\/wp-json\/wp\/v2\/types\/page"}],"author":[{"embeddable":true,"href":"https:\/\/carleton.ca\/cllr\/wp-json\/wp\/v2\/users\/2"}],"replies":[{"embeddable":true,"href":"https:\/\/carleton.ca\/cllr\/wp-json\/wp\/v2\/comments?post=91"}],"version-history":[{"count":1,"href":"https:\/\/carleton.ca\/cllr\/wp-json\/wp\/v2\/pages\/91\/revisions"}],"predecessor-version":[{"id":223,"href":"https:\/\/carleton.ca\/cllr\/wp-json\/wp\/v2\/pages\/91\/revisions\/223"}],"up":[{"embeddable":true,"href":"https:\/\/carleton.ca\/cllr\/wp-json\/wp\/v2\/pages\/218"}],"wp:attachment":[{"href":"https:\/\/carleton.ca\/cllr\/wp-json\/wp\/v2\/media?parent=91"}],"wp:term":[{"taxonomy":"cu_page_type","embeddable":true,"href":"https:\/\/carleton.ca\/cllr\/wp-json\/wp\/v2\/cu_page_type?post=91"}],"curies":[{"name":"wp","href":"https:\/\/api.w.org\/{rel}","templated":true}]}}