{"id":5836,"date":"2017-04-28T11:39:52","date_gmt":"2017-04-28T15:39:52","guid":{"rendered":"https:\/\/carleton.ca\/communityfirst\/?page_id=5836"},"modified":"2018-06-15T13:53:11","modified_gmt":"2018-06-15T17:53:11","slug":"vision-collaborative-engagement-des-campus-et-des-communautes-ecc-au-canada","status":"publish","type":"page","link":"https:\/\/carleton.ca\/communityfirst\/cross-sector-work\/aligning-institutions\/vision-collaborative-engagement-des-campus-et-des-communautes-ecc-au-canada\/","title":{"rendered":"Vision collaborative engagement des campus et des communaut\u00e9s (ECC) au Canada"},"content":{"rendered":"<h2>C<sup>2<\/sup>UExpo 2017 d\u00e9claration de vision collaborative engagement des campus et des communaut\u00e9s (ECC) au Canada<\/h2>\n<p>20 avril 2017<\/p>\n<h2><strong>Notre Vision<\/strong><\/h2>\n<p>\u00c0 l&#8217;occasion de C2UExpo 2017 et de la f\u00eate de la 150e ann\u00e9e du Canada, nous, les soussign\u00e9s, engageons \u00e0 travailler ensemble pour renforcer le mouvement de l&#8217;engagement des campus et des communaut\u00e9s (ECC) au service du bien commun. Le ECC exemplaire s&#8217;appuie sur des principes de partenariat qui att\u00e9nuent les d\u00e9s\u00e9quilibres de pouvoir en alignant les institutions afin d\u2019affermir les impacts pour les communaut\u00e9s, en mettant au point des objectifs communs, ainsi qu\u2019en \u00e9tablissant une confiance mutuelle, une communication continue et une r\u00e9ciprocit\u00e9. L&#8217;adh\u00e9sion \u00e0 ces principes est primordial dans le cadre du travail de partenariat avec les communaut\u00e9s autochtones, compte tenu des injustices ant\u00e9rieurs et pr\u00e9sentement v\u00e9cus par les peuples autochtones du Canada en tant que sujets de recherche et de politique gouvernementale.<\/p>\n<p>Nous envisageons un Canada dans lequel tous les \u00e9tablissements postsecondaires sont des partenaires actifs, travaillant avec des organisations sans buts lucratif, des acteurs des secteurs publics et priv\u00e9s, y compris les communaut\u00e9s et organisations autochtones, dans le but de soutenir et consolider les communaut\u00e9s locales, nationales et mondiales dans lesquelles ils travaillent. Les universit\u00e9s et les coll\u00e8ges sont id\u00e9alement plac\u00e9s pour appuyer la co-cr\u00e9ation de solutions novatrices et interdisciplinaires aux probl\u00e8mes urgents de notre temps.<\/p>\n<p>Le ECC s\u2019engage \u00e0 b\u00e2tir des communaut\u00e9s, contribue \u00e0 l&#8217;innovation et soutient la base de connaissances pour une politique fond\u00e9e sur des preuves. Le ECC permet aux gouvernements d&#8217;int\u00e9grer les connaissances acad\u00e9miques, ainsi que les priorit\u00e9s communautaires, dans la r\u00e9alisation de politiques et de programmes plus efficaces. Le ECC d\u00e9veloppe la capacit\u00e9 des \u00e9l\u00e8ves pour effectuer un travail significatif qui b\u00e9n\u00e9ficie le bien commun et am\u00e9liore les comp\u00e9tences des \u00e9tudiants pour effectuer leurs t\u00e2ches dans leurs milieux du travail et dans leurs vies actuelles. Le ECC contribue \u00e0 la licence sociale des \u00e9tablissements d&#8217;enseignement postsecondaire et de leurs partenaires.<\/p>\n<p>Afin de consolider le mouvement ECC au Canada, les gouvernements, les bailleurs de fonds, les \u00e9tablissements d&#8217;enseignement postsecondaire, les organisations communautaires, les entreprises \u00e0 but lucratif et sans but lucratif, les professeurs et les \u00e9tudiants ont tous un r\u00f4le unique et vital \u00e0 jouer.<a name=\"_Toc477248932\"><\/a><\/p>\n<p>Nous envisageons que <strong>les gouvernements<\/strong> \u00e0 tous les niveaux, ainsi que les bailleurs de fonds et les fondations de recherche, participent diligemment dans les r\u00e9seaux r\u00e9gionaux et nationaux collaboratifs pour promouvoir le ECC au Canada.<\/p>\n<p>Nous envisageons que <strong>les universit\u00e9s et les coll\u00e8ges canadiens<\/strong> de mettent de l&#8217;accent sur le ECC au cours de la planification strat\u00e9gique et valorisent le leadeurship des chercheurs engag\u00e9s dans la recherche communautaire sein de leurs institutions, gr\u00e2ce \u00e0 des normes appropri\u00e9es en mati\u00e8re de tenure et de promotion. En collaboration avec d&#8217;autres partenaires, les \u00e9tablissements d&#8217;enseignement postsecondaire ont \u00e9galement un r\u00f4le cl\u00e9 \u00e0 jouer dans l&#8217;\u00e9valuation et la documentation des impacts de toute forme de ECC.<\/p>\n<p>Nous envisageons que<strong> les organisations communautaires<\/strong> s&#8217;engagent strat\u00e9giquement dans des projets ECC qui apportent de la valeur \u00e0 leurs communaut\u00e9s, et qu&#8217;ils travaillent \u00e0 travers des r\u00e9seaux de pairs afin de partager des informations sur la mani\u00e8re de travailler plus efficacement avec les \u00e9tablissements d&#8217;enseignement postsecondaire, incluant, dans le cas \u00e9ch\u00e9ant, l\u2019accueil de co-chercheurs \u00e9tudiants dipl\u00f4m\u00e9s. Nous reconnaissons les organisations communautaires en tant que bailleurs de fonds des initiatives d&#8217;Engagement Campus-Collectivit\u00e9 \u00e0 travers leurs dons de nature et la disponibilit\u00e9 de mentors professionnels.<\/p>\n<p>Nous envisageons que <strong>le secteur priv\u00e9 \/ industrie<\/strong> participent en tant que bailleurs de fonds du mouvement CCE, et en tant que partenaires de recherche dispos\u00e9s \u00e0 partager publiquement les r\u00e9sultats qui b\u00e9n\u00e9ficient le bien commun. Ainsi, nous voulions que le secteur priv\u00e9 soit employeur d&#8217;\u00e9tudiants, gr\u00e2ce \u00e0 des opportunit\u00e9s de co-op et de stages \u00e9quitablement r\u00e9mun\u00e9r\u00e9s.<\/p>\n<p>Nous envisageons <strong>tous les secteurs<\/strong> (publics, priv\u00e9s, \u00e0 but non lucratif et les universit\u00e9s) participent diligemment aux achats sociaux pour renforcer les capacit\u00e9s des entreprises ax\u00e9es sur leurs missions, tout en favorisant la croissance \u00e9conomique, le d\u00e9veloppement social et la durabilit\u00e9 environnementale.<\/p>\n<p>Nous envisageons que <strong>les professeurs<\/strong> reconnaissent la valeur des connaissances autochtones, ainsi que l&#8217;expertise de la communaut\u00e9 et mettent en marches des opportunit\u00e9s pour les \u00e9tudiants de premier et deuxi\u00e8me cycle, afin que ceux-ci entreprennent des partenariats de recherche et d&#8217;apprentissage engag\u00e9s avec les communaut\u00e9s.<\/p>\n<p>Nous envisageons que <strong>les \u00e9tudiants<\/strong> apportent leurs exp\u00e9riences ant\u00e9rieures profondes \u00e0 leurs \u00e9tudes, et travaillent pour le bien commun. \u00c9galement, ces \u00e9tudiants s\u2019engageront \u00e0 chercher prestement des exp\u00e9riences pour acqu\u00e9rir et co-cr\u00e9er des comp\u00e9tences et des capacit\u00e9s de ECC, et s&#8217;inciteront dans le mentorat d&#8217;autres \u00e9tudiants en fonction de ces exp\u00e9riences.<\/p>\n<h2>Contexte:<\/h2>\n<p>Cette d\u00e9claration de vision a \u00e9t\u00e9 pr\u00e9par\u00e9e en collaboration avec dirigeants communautaires et universitaires de Community First: Impacts of Community Engagement (CFICE), Research Impact Canada, l\u2019Alliance canadienne pour l\u2019apprentissage par le service communautaire, Community-Based Research Canada et autres. La d\u00e9claration se repose en partie sur les recommandations propos\u00e9es par un groupe de vingt partenaires communautaires et vingt chercheurs universitaires qui ont particip\u00e9s \u00e0 un symposium d&#8217;\u00e9valuation du ECC pour le projet CFICE, qui a eu lieu \u00e0 Ottawa en janvier 2017.<\/p>\n<p>Nous invitons les participants de C2UExpo 2017 \u00e0 r\u00e9fl\u00e9chir \u00e0 cette d\u00e9claration de vision pr\u00e9liminaire et \u00e0 partager leurs suggestions sur la fa\u00e7on dont cela peut \u00eatre am\u00e9liorer afin de mieux refl\u00e9ter la diversit\u00e9 des exp\u00e9riences de ECC au Canada. Notre plan consiste \u00e0 continuer de d\u00e9velopper ce court document, en dialogue et en coop\u00e9ration avec d&#8217;autres acteurs nationaux, dans le but de cr\u00e9er une d\u00e9claration de vision pour guider le mouvement croissant du ECC au Canada. Nous invitons ensuite les individus et les organisations contribuant \u00e0 signer la version finale de cette d\u00e9claration. Si vous partagez votre adresse e-mail avec nous, nous vous communiquerons le projet final. Nous vous remercions.<\/p>\n","protected":false},"excerpt":{"rendered":"<p>C2UExpo 2017 d\u00e9claration de vision collaborative engagement des campus et des communaut\u00e9s (ECC) au Canada 20 avril 2017 Notre Vision \u00c0 l&#8217;occasion de C2UExpo 2017 et de la f\u00eate de la 150e ann\u00e9e du Canada, nous, les soussign\u00e9s, engageons \u00e0 travailler ensemble pour renforcer le mouvement de l&#8217;engagement des campus et des communaut\u00e9s (ECC) au [&hellip;]<\/p>\n","protected":false},"author":24,"featured_media":0,"parent":59,"menu_order":1,"comment_status":"closed","ping_status":"closed","template":"","meta":{"_relevanssi_hide_post":"","_relevanssi_hide_content":"","_relevanssi_pin_for_all":"","_relevanssi_pin_keywords":"","_relevanssi_unpin_keywords":"","_relevanssi_related_keywords":"","_relevanssi_related_include_ids":"","_relevanssi_related_exclude_ids":"","_relevanssi_related_no_append":"","_relevanssi_related_not_related":"","_relevanssi_related_posts":"","_relevanssi_noindex_reason":"","_mi_skip_tracking":false,"_exactmetrics_sitenote_active":false,"_exactmetrics_sitenote_note":"","_exactmetrics_sitenote_category":0,"footnotes":"","_links_to":"","_links_to_target":""},"yoast_head":"<!-- This site is optimized with the Yoast SEO plugin v21.2 - https:\/\/yoast.com\/wordpress\/plugins\/seo\/ -->\n<title>Vision collaborative engagement des campus et des communaut\u00e9s (ECC) au Canada - Community First<\/title>\n<meta name=\"description\" content=\"Nous engageons \u00e0 travailler ensemble pour renforcer le mouvement de l&#039;engagement des campus et des communaut\u00e9s au service du bien commun.\" \/>\n<meta name=\"robots\" content=\"index, follow, max-snippet:-1, max-image-preview:large, max-video-preview:-1\" \/>\n<link rel=\"canonical\" href=\"https:\/\/carleton.ca\/communityfirst\/cross-sector-work\/aligning-institutions\/vision-collaborative-engagement-des-campus-et-des-communautes-ecc-au-canada\/\" \/>\n<meta name=\"twitter:label1\" content=\"Est. reading time\" \/>\n\t<meta name=\"twitter:data1\" content=\"5 minutes\" \/>\n<script type=\"application\/ld+json\" class=\"yoast-schema-graph\">{\"@context\":\"https:\/\/schema.org\",\"@graph\":[{\"@type\":\"WebPage\",\"@id\":\"https:\/\/carleton.ca\/communityfirst\/cross-sector-work\/aligning-institutions\/vision-collaborative-engagement-des-campus-et-des-communautes-ecc-au-canada\/\",\"url\":\"https:\/\/carleton.ca\/communityfirst\/cross-sector-work\/aligning-institutions\/vision-collaborative-engagement-des-campus-et-des-communautes-ecc-au-canada\/\",\"name\":\"Vision collaborative engagement des campus et des communaut\u00e9s (ECC) au Canada - Community First\",\"isPartOf\":{\"@id\":\"https:\/\/carleton.ca\/communityfirst\/#website\"},\"datePublished\":\"2017-04-28T15:39:52+00:00\",\"dateModified\":\"2018-06-15T17:53:11+00:00\",\"description\":\"Nous engageons \u00e0 travailler ensemble pour renforcer le mouvement de l'engagement des campus et des communaut\u00e9s au service du bien commun.\",\"breadcrumb\":{\"@id\":\"https:\/\/carleton.ca\/communityfirst\/cross-sector-work\/aligning-institutions\/vision-collaborative-engagement-des-campus-et-des-communautes-ecc-au-canada\/#breadcrumb\"},\"inLanguage\":\"en-US\",\"potentialAction\":[{\"@type\":\"ReadAction\",\"target\":[\"https:\/\/carleton.ca\/communityfirst\/cross-sector-work\/aligning-institutions\/vision-collaborative-engagement-des-campus-et-des-communautes-ecc-au-canada\/\"]}]},{\"@type\":\"BreadcrumbList\",\"@id\":\"https:\/\/carleton.ca\/communityfirst\/cross-sector-work\/aligning-institutions\/vision-collaborative-engagement-des-campus-et-des-communautes-ecc-au-canada\/#breadcrumb\",\"itemListElement\":[{\"@type\":\"ListItem\",\"position\":1,\"name\":\"Home\",\"item\":\"https:\/\/carleton.ca\/communityfirst\/\"},{\"@type\":\"ListItem\",\"position\":2,\"name\":\"Phase II\",\"item\":\"https:\/\/carleton.ca\/communityfirst\/cross-sector-work\/\"},{\"@type\":\"ListItem\",\"position\":3,\"name\":\"Community-Campus Engage Canada\",\"item\":\"https:\/\/carleton.ca\/communityfirst\/cross-sector-work\/aligning-institutions\/\"},{\"@type\":\"ListItem\",\"position\":4,\"name\":\"Vision collaborative engagement des campus et des communaut\u00e9s (ECC) au Canada\"}]},{\"@type\":\"WebSite\",\"@id\":\"https:\/\/carleton.ca\/communityfirst\/#website\",\"url\":\"https:\/\/carleton.ca\/communityfirst\/\",\"name\":\"Community First\",\"description\":\"Carleton University\",\"potentialAction\":[{\"@type\":\"SearchAction\",\"target\":{\"@type\":\"EntryPoint\",\"urlTemplate\":\"https:\/\/carleton.ca\/communityfirst\/?s={search_term_string}\"},\"query-input\":\"required name=search_term_string\"}],\"inLanguage\":\"en-US\"}]}<\/script>\n<!-- \/ Yoast SEO plugin. -->","yoast_head_json":{"title":"Vision collaborative engagement des campus et des communaut\u00e9s (ECC) au Canada - Community First","description":"Nous engageons \u00e0 travailler ensemble pour renforcer le mouvement de l'engagement des campus et des communaut\u00e9s au service du bien commun.","robots":{"index":"index","follow":"follow","max-snippet":"max-snippet:-1","max-image-preview":"max-image-preview:large","max-video-preview":"max-video-preview:-1"},"canonical":"https:\/\/carleton.ca\/communityfirst\/cross-sector-work\/aligning-institutions\/vision-collaborative-engagement-des-campus-et-des-communautes-ecc-au-canada\/","twitter_misc":{"Est. reading time":"5 minutes"},"schema":{"@context":"https:\/\/schema.org","@graph":[{"@type":"WebPage","@id":"https:\/\/carleton.ca\/communityfirst\/cross-sector-work\/aligning-institutions\/vision-collaborative-engagement-des-campus-et-des-communautes-ecc-au-canada\/","url":"https:\/\/carleton.ca\/communityfirst\/cross-sector-work\/aligning-institutions\/vision-collaborative-engagement-des-campus-et-des-communautes-ecc-au-canada\/","name":"Vision collaborative engagement des campus et des communaut\u00e9s (ECC) au Canada - Community First","isPartOf":{"@id":"https:\/\/carleton.ca\/communityfirst\/#website"},"datePublished":"2017-04-28T15:39:52+00:00","dateModified":"2018-06-15T17:53:11+00:00","description":"Nous engageons \u00e0 travailler ensemble pour renforcer le mouvement de l'engagement des campus et des communaut\u00e9s au service du bien commun.","breadcrumb":{"@id":"https:\/\/carleton.ca\/communityfirst\/cross-sector-work\/aligning-institutions\/vision-collaborative-engagement-des-campus-et-des-communautes-ecc-au-canada\/#breadcrumb"},"inLanguage":"en-US","potentialAction":[{"@type":"ReadAction","target":["https:\/\/carleton.ca\/communityfirst\/cross-sector-work\/aligning-institutions\/vision-collaborative-engagement-des-campus-et-des-communautes-ecc-au-canada\/"]}]},{"@type":"BreadcrumbList","@id":"https:\/\/carleton.ca\/communityfirst\/cross-sector-work\/aligning-institutions\/vision-collaborative-engagement-des-campus-et-des-communautes-ecc-au-canada\/#breadcrumb","itemListElement":[{"@type":"ListItem","position":1,"name":"Home","item":"https:\/\/carleton.ca\/communityfirst\/"},{"@type":"ListItem","position":2,"name":"Phase II","item":"https:\/\/carleton.ca\/communityfirst\/cross-sector-work\/"},{"@type":"ListItem","position":3,"name":"Community-Campus Engage Canada","item":"https:\/\/carleton.ca\/communityfirst\/cross-sector-work\/aligning-institutions\/"},{"@type":"ListItem","position":4,"name":"Vision collaborative engagement des campus et des communaut\u00e9s (ECC) au Canada"}]},{"@type":"WebSite","@id":"https:\/\/carleton.ca\/communityfirst\/#website","url":"https:\/\/carleton.ca\/communityfirst\/","name":"Community First","description":"Carleton University","potentialAction":[{"@type":"SearchAction","target":{"@type":"EntryPoint","urlTemplate":"https:\/\/carleton.ca\/communityfirst\/?s={search_term_string}"},"query-input":"required name=search_term_string"}],"inLanguage":"en-US"}]}},"acf":{"banner_image_type":"upload","banner_uploaded_image":{"ID":5825,"id":5825,"title":"maple-leaf-Banner","filename":"maple-leaf-Banner.png","filesize":1412889,"url":"https:\/\/carleton.ca\/communityfirst\/wp-content\/uploads\/maple-leaf-Banner.png","link":"https:\/\/carleton.ca\/communityfirst\/cross-sector-work\/aligning-institutions\/vision-for-cce-in-canada\/maple-leaf-banner\/","alt":"A pile of red maple leaves.","author":"24","description":"","caption":"","name":"maple-leaf-banner","status":"inherit","uploaded_to":5822,"date":"2017-04-27 14:15:42","modified":"2017-04-28 15:38:19","menu_order":0,"mime_type":"image\/png","type":"image","subtype":"png","icon":"https:\/\/carleton.ca\/communityfirst\/wp\/wp-includes\/images\/media\/default.png","width":1600,"height":700,"sizes":{"thumbnail":"https:\/\/carleton.ca\/communityfirst\/wp-content\/uploads\/maple-leaf-Banner-160x70.png","thumbnail-width":160,"thumbnail-height":70,"medium":"https:\/\/carleton.ca\/communityfirst\/wp-content\/uploads\/maple-leaf-Banner-240x105.png","medium-width":240,"medium-height":105,"medium_large":"https:\/\/carleton.ca\/communityfirst\/wp-content\/uploads\/maple-leaf-Banner-768x336.png","medium_large-width":768,"medium_large-height":336,"large":"https:\/\/carleton.ca\/communityfirst\/wp-content\/uploads\/maple-leaf-Banner-400x175.png","large-width":400,"large-height":175,"gallery-thumb":"https:\/\/carleton.ca\/communityfirst\/wp-content\/uploads\/maple-leaf-Banner.png","gallery-thumb-width":300,"gallery-thumb-height":131,"1536x1536":"https:\/\/carleton.ca\/communityfirst\/wp-content\/uploads\/maple-leaf-Banner.png","1536x1536-width":1536,"1536x1536-height":672,"2048x2048":"https:\/\/carleton.ca\/communityfirst\/wp-content\/uploads\/maple-leaf-Banner.png","2048x2048-width":1600,"2048x2048-height":700,"banner":"https:\/\/carleton.ca\/communityfirst\/wp-content\/uploads\/maple-leaf-Banner.png","banner-width":1600,"banner-height":700,"people":"https:\/\/carleton.ca\/communityfirst\/wp-content\/uploads\/maple-leaf-Banner-200x200.png","people-width":200,"people-height":200,"post-thumb":"https:\/\/carleton.ca\/communityfirst\/wp-content\/uploads\/maple-leaf-Banner-300x230.png","post-thumb-width":300,"post-thumb-height":230,"rotator-image":"https:\/\/carleton.ca\/communityfirst\/wp-content\/uploads\/maple-leaf-Banner.png","rotator-image-width":800,"rotator-image-height":350,"video-thumb":"https:\/\/carleton.ca\/communityfirst\/wp-content\/uploads\/maple-leaf-Banner-360x158.png","video-thumb-width":360,"video-thumb-height":158}},"banner_opacity":"dark"},"_links":{"self":[{"href":"https:\/\/carleton.ca\/communityfirst\/wp-json\/wp\/v2\/pages\/5836"}],"collection":[{"href":"https:\/\/carleton.ca\/communityfirst\/wp-json\/wp\/v2\/pages"}],"about":[{"href":"https:\/\/carleton.ca\/communityfirst\/wp-json\/wp\/v2\/types\/page"}],"author":[{"embeddable":true,"href":"https:\/\/carleton.ca\/communityfirst\/wp-json\/wp\/v2\/users\/24"}],"replies":[{"embeddable":true,"href":"https:\/\/carleton.ca\/communityfirst\/wp-json\/wp\/v2\/comments?post=5836"}],"version-history":[{"count":4,"href":"https:\/\/carleton.ca\/communityfirst\/wp-json\/wp\/v2\/pages\/5836\/revisions"}],"predecessor-version":[{"id":7578,"href":"https:\/\/carleton.ca\/communityfirst\/wp-json\/wp\/v2\/pages\/5836\/revisions\/7578"}],"up":[{"embeddable":true,"href":"https:\/\/carleton.ca\/communityfirst\/wp-json\/wp\/v2\/pages\/59"}],"wp:attachment":[{"href":"https:\/\/carleton.ca\/communityfirst\/wp-json\/wp\/v2\/media?parent=5836"}],"curies":[{"name":"wp","href":"https:\/\/api.w.org\/{rel}","templated":true}]}}