{"id":271,"date":"2014-07-09T17:29:54","date_gmt":"2014-07-09T17:29:54","guid":{"rendered":"http:\/\/ccs-cms1a.carleton.ca\/cove\/?page_id=271"},"modified":"2014-07-09T17:29:54","modified_gmt":"2014-07-09T17:29:54","slug":"michael-r-smith","status":"publish","type":"page","link":"https:\/\/carleton.ca\/cove\/michael-r-smith\/","title":{"rendered":"Michael R. Smith"},"content":{"rendered":"<h3>Michael R. Smith<\/h3>\n<p><a href=\"m&#97;&#x69;&#x6c;t&#111;&#58;&#x6d;&#x69;c&#104;&#97;&#x65;&#x6c;&#46;&#115;&#x6d;&#x69;&#x74;h&#64;&#x6d;&#x63;g&#105;&#108;&#x6c;&#x2e;c&#97;\">&#x6d;&#x69;&#x63;&#104;&#97;el&#x2e;&#x73;&#x6d;&#x69;&#116;&#104;&#64;m&#x63;&#x67;&#x69;&#108;&#108;&#46;ca<\/a><\/p>\n<p>Michael Smith is Professor of Sociology at McGill University. His research is concerned with labour markets. Recent and current work deals with: large claims about the effects on labour markets of globalization and technological change; the relative earnings of visible minority immigrants and the implications for policy of findings from research on their relative earnings; and the properties of performance of so-called \u00ebhigh performance work organizations&#8217;. Relatively recent publications include: &#8220;La mondialisation: a-t-elle un effet important sur le march\u00e8 du travail dansles pays riches?&#8221; In Daniel Mercure (ed.), Une soci\u00e8t\u00e8 monde? Les dynamiques sociales de la mondialisation, Qu\u00e8bec: Presses de l&#8217;Universit\u00e8 Laval, 2001: 201-214; Michael R. Smith, &#8220;High performance work organizations in theory and practice,&#8221; Global Business and Economics Review, Vol.4, 2002: 187-204; and &#8220;The analysis of labor markets in Canadian sociology,&#8221; American Sociologist. Vol.33, 2002: 105-125.<\/p>\n<p>\u00a9 Centre on Values &amp; Ethics 2013<\/p>\n","protected":false},"excerpt":{"rendered":"<p>Michael R. Smith &#x6d;&#105;&#x63;&#x68;&#97;&#x65;&#108;&#46;&#x73;&#109;i&#x74;&#104;&#64;&#x6d;&#99;g&#x69;&#108;&#x6c;&#x2e;&#99;&#x61; Michael Smith is Professor of Sociology at McGill University. His research is concerned with labour markets. Recent and current work deals with: large claims about the effects on labour markets of globalization and technological change; the relative earnings of visible minority immigrants and the implications for policy of findings from research [&hellip;]<\/p>\n","protected":false},"author":5,"featured_media":0,"parent":0,"menu_order":0,"comment_status":"open","ping_status":"closed","template":"","meta":{"_relevanssi_hide_post":"","_relevanssi_hide_content":"","_relevanssi_pin_for_all":"","_relevanssi_pin_keywords":"","_relevanssi_unpin_keywords":"","_relevanssi_related_keywords":"","_relevanssi_related_include_ids":"","_relevanssi_related_exclude_ids":"","_relevanssi_related_no_append":"","_relevanssi_related_not_related":"","_relevanssi_related_posts":"","_relevanssi_noindex_reason":"","_mi_skip_tracking":false,"_exactmetrics_sitenote_active":false,"_exactmetrics_sitenote_note":"","_exactmetrics_sitenote_category":0,"footnotes":"","_links_to":"","_links_to_target":""},"yoast_head":"<!-- This site is optimized with the Yoast SEO plugin v21.2 - https:\/\/yoast.com\/wordpress\/plugins\/seo\/ -->\n<title>Michael R. Smith - COVE (Centre on Values and Ethics)<\/title>\n<meta name=\"description\" content=\"Michael R. Smith michael.smith@mcgill.ca Michael Smith is Professor of Sociology at McGill University. His research is concerned with labour markets.\" \/>\n<meta name=\"robots\" content=\"index, follow, max-snippet:-1, max-image-preview:large, max-video-preview:-1\" \/>\n<link rel=\"canonical\" href=\"https:\/\/carleton.ca\/cove\/michael-r-smith\/\" \/>\n<meta name=\"twitter:label1\" content=\"Est. reading time\" \/>\n\t<meta name=\"twitter:data1\" content=\"1 minute\" \/>\n<script type=\"application\/ld+json\" class=\"yoast-schema-graph\">{\"@context\":\"https:\/\/schema.org\",\"@graph\":[{\"@type\":\"WebPage\",\"@id\":\"https:\/\/carleton.ca\/cove\/michael-r-smith\/\",\"url\":\"https:\/\/carleton.ca\/cove\/michael-r-smith\/\",\"name\":\"Michael R. Smith - COVE (Centre on Values and Ethics)\",\"isPartOf\":{\"@id\":\"https:\/\/carleton.ca\/cove\/#website\"},\"datePublished\":\"2014-07-09T17:29:54+00:00\",\"dateModified\":\"2014-07-09T17:29:54+00:00\",\"description\":\"Michael R. Smith michael.smith@mcgill.ca Michael Smith is Professor of Sociology at McGill University. His research is concerned with labour markets.\",\"breadcrumb\":{\"@id\":\"https:\/\/carleton.ca\/cove\/michael-r-smith\/#breadcrumb\"},\"inLanguage\":\"en-US\",\"potentialAction\":[{\"@type\":\"ReadAction\",\"target\":[\"https:\/\/carleton.ca\/cove\/michael-r-smith\/\"]}]},{\"@type\":\"BreadcrumbList\",\"@id\":\"https:\/\/carleton.ca\/cove\/michael-r-smith\/#breadcrumb\",\"itemListElement\":[{\"@type\":\"ListItem\",\"position\":1,\"name\":\"Home\",\"item\":\"https:\/\/carleton.ca\/cove\/\"},{\"@type\":\"ListItem\",\"position\":2,\"name\":\"Michael R. Smith\"}]},{\"@type\":\"WebSite\",\"@id\":\"https:\/\/carleton.ca\/cove\/#website\",\"url\":\"https:\/\/carleton.ca\/cove\/\",\"name\":\"COVE (Centre on Values and Ethics)\",\"description\":\"Carleton University\",\"potentialAction\":[{\"@type\":\"SearchAction\",\"target\":{\"@type\":\"EntryPoint\",\"urlTemplate\":\"https:\/\/carleton.ca\/cove\/?s={search_term_string}\"},\"query-input\":\"required name=search_term_string\"}],\"inLanguage\":\"en-US\"}]}<\/script>\n<!-- \/ Yoast SEO plugin. -->","yoast_head_json":{"title":"Michael R. Smith - COVE (Centre on Values and Ethics)","description":"Michael R. Smith michael.smith@mcgill.ca Michael Smith is Professor of Sociology at McGill University. His research is concerned with labour markets.","robots":{"index":"index","follow":"follow","max-snippet":"max-snippet:-1","max-image-preview":"max-image-preview:large","max-video-preview":"max-video-preview:-1"},"canonical":"https:\/\/carleton.ca\/cove\/michael-r-smith\/","twitter_misc":{"Est. reading time":"1 minute"},"schema":{"@context":"https:\/\/schema.org","@graph":[{"@type":"WebPage","@id":"https:\/\/carleton.ca\/cove\/michael-r-smith\/","url":"https:\/\/carleton.ca\/cove\/michael-r-smith\/","name":"Michael R. Smith - COVE (Centre on Values and Ethics)","isPartOf":{"@id":"https:\/\/carleton.ca\/cove\/#website"},"datePublished":"2014-07-09T17:29:54+00:00","dateModified":"2014-07-09T17:29:54+00:00","description":"Michael R. Smith michael.smith@mcgill.ca Michael Smith is Professor of Sociology at McGill University. His research is concerned with labour markets.","breadcrumb":{"@id":"https:\/\/carleton.ca\/cove\/michael-r-smith\/#breadcrumb"},"inLanguage":"en-US","potentialAction":[{"@type":"ReadAction","target":["https:\/\/carleton.ca\/cove\/michael-r-smith\/"]}]},{"@type":"BreadcrumbList","@id":"https:\/\/carleton.ca\/cove\/michael-r-smith\/#breadcrumb","itemListElement":[{"@type":"ListItem","position":1,"name":"Home","item":"https:\/\/carleton.ca\/cove\/"},{"@type":"ListItem","position":2,"name":"Michael R. Smith"}]},{"@type":"WebSite","@id":"https:\/\/carleton.ca\/cove\/#website","url":"https:\/\/carleton.ca\/cove\/","name":"COVE (Centre on Values and Ethics)","description":"Carleton University","potentialAction":[{"@type":"SearchAction","target":{"@type":"EntryPoint","urlTemplate":"https:\/\/carleton.ca\/cove\/?s={search_term_string}"},"query-input":"required name=search_term_string"}],"inLanguage":"en-US"}]}},"acf":{"banner_image_type":null,"banner_uploaded_image":null,"banner_hosted_image":null,"banner_opacity":null,"banner_button":null,"banner_buttons":null},"_links":{"self":[{"href":"https:\/\/carleton.ca\/cove\/wp-json\/wp\/v2\/pages\/271"}],"collection":[{"href":"https:\/\/carleton.ca\/cove\/wp-json\/wp\/v2\/pages"}],"about":[{"href":"https:\/\/carleton.ca\/cove\/wp-json\/wp\/v2\/types\/page"}],"author":[{"embeddable":true,"href":"https:\/\/carleton.ca\/cove\/wp-json\/wp\/v2\/users\/5"}],"replies":[{"embeddable":true,"href":"https:\/\/carleton.ca\/cove\/wp-json\/wp\/v2\/comments?post=271"}],"version-history":[{"count":1,"href":"https:\/\/carleton.ca\/cove\/wp-json\/wp\/v2\/pages\/271\/revisions"}],"predecessor-version":[{"id":272,"href":"https:\/\/carleton.ca\/cove\/wp-json\/wp\/v2\/pages\/271\/revisions\/272"}],"wp:attachment":[{"href":"https:\/\/carleton.ca\/cove\/wp-json\/wp\/v2\/media?parent=271"}],"curies":[{"name":"wp","href":"https:\/\/api.w.org\/{rel}","templated":true}]}}