{"id":791,"date":"2019-02-09T23:51:21","date_gmt":"2019-02-10T04:51:21","guid":{"rendered":"https:\/\/carleton.ca\/cspsc\/?page_id=791"},"modified":"2025-11-11T09:07:40","modified_gmt":"2025-11-11T14:07:40","slug":"logistique-de-projet","status":"publish","type":"page","link":"https:\/\/carleton.ca\/cspsc\/logistique-de-projet\/","title":{"rendered":"Logistique de projet"},"content":{"rendered":"\n<section class=\"w-screen px-6 cu-section cu-section--white ml-offset-center md:px-8 lg:px-14\">\n    <div class=\"space-y-6 cu-max-w-child-5xl  md:space-y-10 cu-prose-first-last\">\n\n            <div class=\"cu-textmedia flex flex-col lg:flex-row mx-auto gap-6 md:gap-10 my-6 md:my-12 first:mt-0 max-w-5xl\">\n        <div class=\"justify-start cu-textmedia-content cu-prose-first-last\" style=\"flex: 0 0 100%;\">\n            <header class=\"font-light prose-xl cu-pageheader md:prose-2xl cu-component-updated cu-prose-first-last\">\n                                    <h1 class=\"cu-prose-first-last font-semibold !mt-2 mb-4 md:mb-6 relative after:absolute after:h-px after:bottom-0 after:bg-cu-red after:left-px text-3xl md:text-4xl lg:text-5xl lg:leading-[3.5rem] pb-5 after:w-10 text-cu-black-700 not-prose\">\n                        Logistique de projet\n                    <\/h1>\n                \n                                \n                            <\/header>\n\n                    <\/div>\n\n            <\/div>\n\n    <\/div>\n<\/section>\n\n\n\n\n<div class=\"w-full max-w-xl mx-auto overflow-hidden bg-white rounded-lg shadow-lg cu-stackedlist cu-component not-contained not-prose\">\n    <h2 class=\"px-6 py-4 text-base font-semibold border-b rounded-t-lg md:text-xl bg-gray-50 text-cu-black-800\">\n        Table of Contents\n    <\/h2>\n    <div class=\"grid cu-scrollto cu-stackedlist--toc cu-stackedlist--1 md:grid-cols-1\">\n            <div class=\"space-y-1\">\n                    \n            <div class=\"pl-4 text-cu-red-700\">\n                <div class=\"flex gap-2 pb-3 text-base md:text-lg\">\n                    <span class=\"font-light text-cu-black-700\">\n                        1.\n                    <\/span>\n\n                    <a href=\"#strategie\" class=\"font-medium hover:underline\">\n                        Strat\u00e9gie\n                    <\/a>\n                <\/div>\n\n                                        <div class=\"space-y-1\">\n                    \n            <div class=\"pl-10 text-cu-red-700\">\n                <div class=\"flex gap-2 pb-3 text-base md:text-lg\">\n                    <span class=\"font-light text-cu-black-700\">\n                        1.1\n                    <\/span>\n\n                    <a href=\"#savons-nous-comment-nous-ferons-une-planification-de-haute-qualite-ensemble-comment-tiendrons-nous-des-reunions-de-collaboration\" class=\"font-medium hover:underline\">\n                        Savons-nous comment nous ferons une planification de haute qualit\u00e9 ensemble? Comment tiendrons-nous des r\u00e9unions de collaboration?\n                    <\/a>\n                <\/div>\n\n                            <\/div>\n            <\/div>\n\n                            <\/div>\n                    \n            <div class=\"pl-4 text-cu-red-700\">\n                <div class=\"flex gap-2 pb-3 text-base md:text-lg\">\n                    <span class=\"font-light text-cu-black-700\">\n                        2.\n                    <\/span>\n\n                    <a href=\"#logistique\" class=\"font-medium hover:underline\">\n                        Logistique\n                    <\/a>\n                <\/div>\n\n                                        <div class=\"space-y-1\">\n                    \n            <div class=\"pl-10 text-cu-red-700\">\n                <div class=\"flex gap-2 pb-3 text-base md:text-lg\">\n                    <span class=\"font-light text-cu-black-700\">\n                        2.1\n                    <\/span>\n\n                    <a href=\"#comment-coordonnerons-nous-le-projet-de-recherche\" class=\"font-medium hover:underline\">\n                        Comment coordonnerons-nous le projet de recherche?\n                    <\/a>\n                <\/div>\n\n                            <\/div>\n            <\/div>\n\n                            <\/div>\n                    \n            <div class=\"pl-4 text-cu-red-700\">\n                <div class=\"flex gap-2 pb-3 text-base md:text-lg\">\n                    <span class=\"font-light text-cu-black-700\">\n                        3.\n                    <\/span>\n\n                    <a href=\"#echeancier\" class=\"font-medium hover:underline\">\n                        \u00c9ch\u00e9ancier\n                    <\/a>\n                <\/div>\n\n                                        <div class=\"space-y-1\">\n                    \n            <div class=\"pl-10 text-cu-red-700\">\n                <div class=\"flex gap-2 pb-3 text-base md:text-lg\">\n                    <span class=\"font-light text-cu-black-700\">\n                        3.1\n                    <\/span>\n\n                    <a href=\"#comment-nous-assurerons-nous-que-le-projet-est-bien-organise-savons-nous-comment-nous-ajuster-aux-echeanciers-des-organismes-communautaires-et-des-universites\" class=\"font-medium hover:underline\">\n                        Comment nous assurerons-nous que le projet est bien organis\u00e9? Savons-nous comment nous ajuster aux \u00e9ch\u00e9anciers des organismes communautaires et des universit\u00e9s?\n                    <\/a>\n                <\/div>\n\n                            <\/div>\n            <\/div>\n\n                            <\/div>\n            <\/div>\n\n    <\/div>\n<\/div>\n\n\n\n<p>&nbsp;<\/p>\n\n\n\n<h2 id=\"strategie\" class=\"wp-block-heading\"><a id=\"PPStrategy\"><\/a>Strat\u00e9gie<\/h2>\n\n\n\n<h3 id=\"savons-nous-comment-nous-ferons-une-planification-de-haute-qualite-ensemble-comment-tiendrons-nous-des-reunions-de-collaboration\" class=\"wp-block-heading\">Savons-nous comment nous ferons une planification de haute qualit\u00e9 ensemble? Comment tiendrons-nous des r\u00e9unions de collaboration?<\/h3>\n\n\n\n<p>&nbsp;<\/p>\n\n\n\n<p>L\u2019approche que vous prenez dans un partenariat de recherche affecte grandement les r\u00e9sultats et les impacts du projet. Une strat\u00e9gie efficace demande une planification minutieuse \u00e0 chaque \u00e9tape du processus. Mettre au point un mod\u00e8le logique et une m\u00e9thode de th\u00e9orie du changement peut vous aider \u00e0 cerner et clarifier votre strat\u00e9gie.<\/p>\n\n\n\n<p>&nbsp;<\/p>\n\n\n\n<p>Cr\u00e9er une structure de r\u00e9union et de communication peut favoriser une bonne planification strat\u00e9gique bas\u00e9e sur les faits. Les fa\u00e7ons d\u2019organiser des r\u00e9unions efficaces d\u00e9pendent du contexte et des personnalit\u00e9s, mais en g\u00e9n\u00e9ral, tout le monde devrait avoir la chance de s\u2019exprimer confortablement et la conversation devrait \u00eatre semi-structur\u00e9e afin de rester sur le sujet tout en \u00e9tant assez flexible pour encourager la pens\u00e9e cr\u00e9ative et la r\u00e9solution de probl\u00e8mes.<\/p>\n\n\n\n<p>&nbsp;<\/p>\n\n\n\n<h4 id=\"ressources\" class=\"wp-block-heading\">Ressources:<\/h4>\n\n\n\n<p>&nbsp;<\/p>\n\n\n\n<p><a href=\"http:\/\/www.theoryofchange.org\/library\/toc-examples\/\">Exemples de la th\u00e9orie du changement (en anglais)<\/a><\/p>\n\n\n\n<p><a href=\"https:\/\/ctb.ku.edu\/en\/table-of-contents\/overview\/models-for-community-health-and-development\/logic-model-development\/main\">Exemples de mod\u00e8les logiques (en anglais)<\/a><\/p>\n\n\n\n<p><a href=\"https:\/\/www.salfordsocialvalue.org.uk\/wp-content\/uploads\/2016\/06\/makingconnectionsusingatheoryofchangetodevelopplan-800-808.pdf\">La th\u00e9orie du changement dans la planification et le d\u00e9veloppement (en anglais)<\/a><\/p>\n\n\n\n<p><a href=\"http:\/\/www.theoryofchange.nl\/sites\/default\/files\/resource\/toc_notes_2_how_to_facilitate_a_toc_process_and_help_to_develop_toc_capacities.pdf\">Comment d\u00e9velopper des capacit\u00e9s pour une th\u00e9orie du changement (en anglais)<\/a><\/p>\n\n\n\n<p>&nbsp;<\/p>\n\n\n\n<p>&nbsp;<\/p>\n\n\n\n<p>&nbsp;<\/p>\n\n\n\n<h2 id=\"logistique\" class=\"wp-block-heading\"><a id=\"PPLogistics\"><\/a>Logistique<\/h2>\n\n\n\n<h3 id=\"comment-coordonnerons-nous-le-projet-de-recherche\" class=\"wp-block-heading\">Comment coordonnerons-nous le projet de recherche?<\/h3>\n\n\n\n<p>&nbsp;<\/p>\n\n\n\n<p>Coordonner des projets demande de g\u00e9rer des gens, des institutions et des t\u00e2ches. Ceci demande \u00e9galement de g\u00e9rer son temps, de planifier efficacement et de comprendre les budgets. Consulter des gens qui ont des connaissances sur chaque facette du projet peut faciliter la planification logistique. Charger quelqu\u2019un de rassembler tout le monde (c\u2019est-\u00e0-dire, un ma\u00eetre des t\u00e2ches ou un secr\u00e9taire de r\u00e9union) peut faciliter le processus.<\/p>\n\n\n\n<p>&nbsp;<\/p>\n\n\n\n<p>Un partenariat \u00e0 long terme entre une communaut\u00e9 et une universit\u00e9 demande souvent plus de temps et de ressources que pr\u00e9vu. Un investissement appropri\u00e9 en fonction du r\u00e9sultat attendu est important. Par exemple, les structures ou institutions de concertation aident \u00e0 garder les partenaires connect\u00e9s, \u00e0 expliquer le projet \u00e0 la communaut\u00e9 et aux bailleurs de fonds, et \u00e0 guider le projet vers sa vision et son but ultime.<\/p>\n\n\n\n<p>&nbsp;<\/p>\n\n\n\n<h4 id=\"ressources\" class=\"wp-block-heading\">Ressources:<\/h4>\n\n\n\n<p>&nbsp;<\/p>\n\n\n\n<p><a href=\"https:\/\/www.fsg.org\/publications\/understanding-value-backbone-organizations-collective-impact#download-area\">Comprendre l\u2019importance des organismes de base (en anglais)<\/a><\/p>\n\n\n\n<p>&nbsp;<\/p>\n\n\n\n<p>&nbsp;<\/p>\n\n\n\n<p>&nbsp;<\/p>\n\n\n\n<h2 id=\"echeancier\" class=\"wp-block-heading\"><a id=\"PPTimeline\"><\/a>\u00c9ch\u00e9ancier<\/h2>\n\n\n\n<h3 id=\"comment-nous-assurerons-nous-que-le-projet-est-bien-organise-savons-nous-comment-nous-ajuster-aux-echeanciers-des-organismes-communautaires-et-des-universites\" class=\"wp-block-heading\">Comment nous assurerons-nous que le projet est bien organis\u00e9? Savons-nous comment nous ajuster aux \u00e9ch\u00e9anciers des organismes communautaires et des universit\u00e9s?<\/h3>\n\n\n\n<p>&nbsp;<\/p>\n\n\n\n<p>L\u2019\u00e9ch\u00e9ancier du projet inclut au d\u00e9part l\u2019implication, la planification et le d\u00e9veloppement de la recherche, puis la r\u00e9alisation, l\u2019\u00e9valuation et le raffinement de cette recherche. Au moment d\u2019\u00e9tablir un \u00e9ch\u00e9ancier, pensez aux dates importantes (ex&nbsp;: les \u00e9lections, les cycles budg\u00e9taires) et les ressources disponibles.<\/p>\n\n\n\n<p>&nbsp;<\/p>\n\n\n\n<p>Les horaires des organismes communautaires et des institutions universitaires diff\u00e8rent, alors prenez en compte les implications de l\u2019ann\u00e9e fiscale et de l\u2019ann\u00e9e scolaire lorsque vous planifiez l\u2019horaire pour les \u00e9l\u00e9ments livrables du projet et m\u00eame pour les rencontres r\u00e9guli\u00e8res et la communication. Gardez en t\u00eate que l\u2019approbation \u00e9thique pour les projets en collaboration avec des partenaires universitaires peut \u00eatre longue \u00e0 obtenir et planifiez en cons\u00e9quence.<\/p>\n\n\n\n<p>&nbsp;<\/p>\n\n\n\n<p><strong>Ressources:<\/strong><\/p>\n\n\n\n<p>&nbsp;<\/p>\n\n\n\n<p><a href=\"https:\/\/templates.office.com\/en-us\/Project-timeline-TM00000005\">Mod\u00e8le de planification de projet &#8211; ressource 1 (en anglais)<\/a><\/p>\n\n\n\n<p><a href=\"https:\/\/www.projectmanagementdocs.com\/template\/project-planning\/project-management-plan\/#axzz4tbbuiT93\">Mod\u00e8le de planification de projet &#8211; ressource 2 (en anglais)<\/a><\/p>\n\n\n\n<p>&nbsp;<\/p>\n\n\n\n<p>&nbsp;<\/p>\n\n\n\n<p>&nbsp;<\/p>\n\n\n\n<figure class=\"wp-block-image\"><a href=\"https:\/\/carleton.ca\/cspsc\/planification-du-projet\/\"><img loading=\"lazy\" decoding=\"async\" width=\"1741\" height=\"455\" src=\"https:\/\/carleton.ca\/cspsc\/wp-content\/uploads\/sites\/174\/navigation-button-partnership-topics-french.png\" alt=\"Button - &quot;Retourner aux sujets de planification&quot;\" class=\"wp-image-2214\" srcset=\"https:\/\/carleton.ca\/cspsc\/wp-content\/uploads\/sites\/174\/navigation-button-partnership-topics-french.png 1741w, https:\/\/carleton.ca\/cspsc\/wp-content\/uploads\/sites\/174\/navigation-button-partnership-topics-french-160x42.png 160w, https:\/\/carleton.ca\/cspsc\/wp-content\/uploads\/sites\/174\/navigation-button-partnership-topics-french-240x63.png 240w, https:\/\/carleton.ca\/cspsc\/wp-content\/uploads\/sites\/174\/navigation-button-partnership-topics-french-768x201.png 768w, https:\/\/carleton.ca\/cspsc\/wp-content\/uploads\/sites\/174\/navigation-button-partnership-topics-french-400x105.png 400w, https:\/\/carleton.ca\/cspsc\/wp-content\/uploads\/sites\/174\/navigation-button-partnership-topics-french-1536x401.png 1536w, https:\/\/carleton.ca\/cspsc\/wp-content\/uploads\/sites\/174\/navigation-button-partnership-topics-french-360x94.png 360w\" sizes=\"auto, (max-width: 1741px) 100vw, 1741px\" \/><\/a><\/figure>\n\n\n\n<figure class=\"wp-block-image\"><img loading=\"lazy\" decoding=\"async\" width=\"2036\" height=\"455\" src=\"https:\/\/carleton.ca\/cspsc\/wp-content\/uploads\/sites\/174\/LEAVE-US-FEEDBACK-cropped-french.png\" alt=\"Button - &quot;Laissez-nous des commentaires&quot;\" class=\"wp-image-2118\" srcset=\"https:\/\/carleton.ca\/cspsc\/wp-content\/uploads\/sites\/174\/LEAVE-US-FEEDBACK-cropped-french.png 2036w, https:\/\/carleton.ca\/cspsc\/wp-content\/uploads\/sites\/174\/LEAVE-US-FEEDBACK-cropped-french-160x36.png 160w, https:\/\/carleton.ca\/cspsc\/wp-content\/uploads\/sites\/174\/LEAVE-US-FEEDBACK-cropped-french-240x54.png 240w, https:\/\/carleton.ca\/cspsc\/wp-content\/uploads\/sites\/174\/LEAVE-US-FEEDBACK-cropped-french-768x172.png 768w, https:\/\/carleton.ca\/cspsc\/wp-content\/uploads\/sites\/174\/LEAVE-US-FEEDBACK-cropped-french-400x89.png 400w, https:\/\/carleton.ca\/cspsc\/wp-content\/uploads\/sites\/174\/LEAVE-US-FEEDBACK-cropped-french-1536x343.png 1536w, https:\/\/carleton.ca\/cspsc\/wp-content\/uploads\/sites\/174\/LEAVE-US-FEEDBACK-cropped-french-360x80.png 360w\" sizes=\"auto, (max-width: 2036px) 100vw, 2036px\" \/><\/figure>\n\n\n\n<p> &nbsp;<\/p>\n\n\n\n<p>&nbsp;<\/p>\n\n\n\n<p>&nbsp;<\/p>\n\n\n\n<p>&nbsp;<\/p>\n","protected":false},"excerpt":{"rendered":"<p>&nbsp; Strat\u00e9gie Savons-nous comment nous ferons une planification de haute qualit\u00e9 ensemble? Comment tiendrons-nous des r\u00e9unions de collaboration? &nbsp; L\u2019approche que vous prenez dans un partenariat de recherche affecte grandement les r\u00e9sultats et les impacts du projet. Une strat\u00e9gie efficace demande une planification minutieuse \u00e0 chaque \u00e9tape du processus. Mettre au point un mod\u00e8le logique [&hellip;]<\/p>\n","protected":false},"author":2,"featured_media":0,"parent":0,"menu_order":0,"comment_status":"closed","ping_status":"closed","template":"","meta":{"_acf_changed":false,"_cu_dining_location_slug":"","footnotes":"","_links_to":"","_links_to_target":""},"cu_page_type":[],"class_list":["post-791","page","type-page","status-publish","hentry"],"acf":{"cu_post_thumbnail":""},"_links":{"self":[{"href":"https:\/\/carleton.ca\/cspsc\/wp-json\/wp\/v2\/pages\/791","targetHints":{"allow":["GET"]}}],"collection":[{"href":"https:\/\/carleton.ca\/cspsc\/wp-json\/wp\/v2\/pages"}],"about":[{"href":"https:\/\/carleton.ca\/cspsc\/wp-json\/wp\/v2\/types\/page"}],"author":[{"embeddable":true,"href":"https:\/\/carleton.ca\/cspsc\/wp-json\/wp\/v2\/users\/2"}],"replies":[{"embeddable":true,"href":"https:\/\/carleton.ca\/cspsc\/wp-json\/wp\/v2\/comments?post=791"}],"version-history":[{"count":3,"href":"https:\/\/carleton.ca\/cspsc\/wp-json\/wp\/v2\/pages\/791\/revisions"}],"predecessor-version":[{"id":3052,"href":"https:\/\/carleton.ca\/cspsc\/wp-json\/wp\/v2\/pages\/791\/revisions\/3052"}],"wp:attachment":[{"href":"https:\/\/carleton.ca\/cspsc\/wp-json\/wp\/v2\/media?parent=791"}],"wp:term":[{"taxonomy":"cu_page_type","embeddable":true,"href":"https:\/\/carleton.ca\/cspsc\/wp-json\/wp\/v2\/cu_page_type?post=791"}],"curies":[{"name":"wp","href":"https:\/\/api.w.org\/{rel}","templated":true}]}}