{"id":805,"date":"2019-02-10T00:00:42","date_gmt":"2019-02-10T05:00:42","guid":{"rendered":"https:\/\/carleton.ca\/cspsc\/?page_id=805"},"modified":"2025-11-11T09:06:24","modified_gmt":"2025-11-11T14:06:24","slug":"conception-initiale-de-la-recherche","status":"publish","type":"page","link":"https:\/\/carleton.ca\/cspsc\/conception-initiale-de-la-recherche\/","title":{"rendered":"Conception initiale de la recherche"},"content":{"rendered":"\n<section class=\"w-screen px-6 cu-section cu-section--white ml-offset-center md:px-8 lg:px-14\">\n    <div class=\"space-y-6 cu-max-w-child-5xl  md:space-y-10 cu-prose-first-last\">\n\n            <div class=\"cu-textmedia flex flex-col lg:flex-row mx-auto gap-6 md:gap-10 my-6 md:my-12 first:mt-0 max-w-5xl\">\n        <div class=\"justify-start cu-textmedia-content cu-prose-first-last\" style=\"flex: 0 0 100%;\">\n            <header class=\"font-light prose-xl cu-pageheader md:prose-2xl cu-component-updated cu-prose-first-last\">\n                                    <h1 class=\"cu-prose-first-last font-semibold !mt-2 mb-4 md:mb-6 relative after:absolute after:h-px after:bottom-0 after:bg-cu-red after:left-px text-3xl md:text-4xl lg:text-5xl lg:leading-[3.5rem] pb-5 after:w-10 text-cu-black-700 not-prose\">\n                        Conception initiale de la recherche\n                    <\/h1>\n                \n                                \n                            <\/header>\n\n                    <\/div>\n\n            <\/div>\n\n    <\/div>\n<\/section>\n\n\n\n\n<div class=\"w-full max-w-xl mx-auto overflow-hidden bg-white rounded-lg shadow-lg cu-stackedlist cu-component not-contained not-prose\">\n    <h2 class=\"px-6 py-4 text-base font-semibold border-b rounded-t-lg md:text-xl bg-gray-50 text-cu-black-800\">\n        Table of Contents\n    <\/h2>\n    <div class=\"grid cu-scrollto cu-stackedlist--toc cu-stackedlist--1 md:grid-cols-1\">\n            <div class=\"space-y-1\">\n                    \n            <div class=\"pl-4 text-cu-red-700\">\n                <div class=\"flex gap-2 pb-3 text-base md:text-lg\">\n                    <span class=\"font-light text-cu-black-700\">\n                        1.\n                    <\/span>\n\n                    <a href=\"#public-cible\" class=\"font-medium hover:underline\">\n                        Public Cible\n                    <\/a>\n                <\/div>\n\n                                        <div class=\"space-y-1\">\n                    \n            <div class=\"pl-10 text-cu-red-700\">\n                <div class=\"flex gap-2 pb-3 text-base md:text-lg\">\n                    <span class=\"font-light text-cu-black-700\">\n                        1.1\n                    <\/span>\n\n                    <a href=\"#comment-ferons-nous-connaitre-la-recherche-de-facon-utile-pour-notre-public-cible-le-projet-inclura-t-il-des-intervenants-communautaires-tout-au-long-de-la-recherche-la-methodologie-que-nous-utiliso\" class=\"font-medium hover:underline\">\n                        Comment ferons nous conna\u00eetre la recherche de fa\u00e7on utile pour notre public cible? Le projet inclura-t-il des intervenants communautaires tout au long de la recherche? La m\u00e9thodologie que nous utilisons est-elle appropri\u00e9e pour le public cible de notre recherche?\n                    <\/a>\n                <\/div>\n\n                            <\/div>\n            <\/div>\n\n                            <\/div>\n                    \n            <div class=\"pl-4 text-cu-red-700\">\n                <div class=\"flex gap-2 pb-3 text-base md:text-lg\">\n                    <span class=\"font-light text-cu-black-700\">\n                        2.\n                    <\/span>\n\n                    <a href=\"#evaluation-des-besoins\" class=\"font-medium hover:underline\">\n                        \u00c9valuation des besoins\n                    <\/a>\n                <\/div>\n\n                                        <div class=\"space-y-1\">\n                    \n            <div class=\"pl-10 text-cu-red-700\">\n                <div class=\"flex gap-2 pb-3 text-base md:text-lg\">\n                    <span class=\"font-light text-cu-black-700\">\n                        2.1\n                    <\/span>\n\n                    <a href=\"#notre-projet-de-recherche-comble-t-il-une-lacune-comment-identifierons-nous-cette-lacune\" class=\"font-medium hover:underline\">\n                        Notre projet de recherche comble-t-il une lacune? Comment identifierons-nous cette lacune?\n                    <\/a>\n                <\/div>\n\n                            <\/div>\n            <\/div>\n\n                            <\/div>\n                    \n            <div class=\"pl-4 text-cu-red-700\">\n                <div class=\"flex gap-2 pb-3 text-base md:text-lg\">\n                    <span class=\"font-light text-cu-black-700\">\n                        3.\n                    <\/span>\n\n                    <a href=\"#revue-de-la-litterature\" class=\"font-medium hover:underline\">\n                        Revue de la litt\u00e9rature\n                    <\/a>\n                <\/div>\n\n                                        <div class=\"space-y-1\">\n                    \n            <div class=\"pl-10 text-cu-red-700\">\n                <div class=\"flex gap-2 pb-3 text-base md:text-lg\">\n                    <span class=\"font-light text-cu-black-700\">\n                        3.1\n                    <\/span>\n\n                    <a href=\"#comment-obtiendrons-nous-les-connaissances-necessaires-pour-bien-nous-preparer-au-projet-de-recherche\" class=\"font-medium hover:underline\">\n                        Comment obtiendrons-nous les connaissances n\u00e9cessaires pour bien nous pr\u00e9parer au projet de recherche?\n                    <\/a>\n                <\/div>\n\n                            <\/div>\n            <\/div>\n\n                            <\/div>\n                    \n            <div class=\"pl-4 text-cu-red-700\">\n                <div class=\"flex gap-2 pb-3 text-base md:text-lg\">\n                    <span class=\"font-light text-cu-black-700\">\n                        4.\n                    <\/span>\n\n                    <a href=\"#cerner-le-probleme\" class=\"font-medium hover:underline\">\n                        Cerner le probl\u00e8me\n                    <\/a>\n                <\/div>\n\n                                        <div class=\"space-y-1\">\n                    \n            <div class=\"pl-10 text-cu-red-700\">\n                <div class=\"flex gap-2 pb-3 text-base md:text-lg\">\n                    <span class=\"font-light text-cu-black-700\">\n                        4.1\n                    <\/span>\n\n                    <a href=\"#comment-nous-concentrerons-nous-sur-un-probleme-et-comment-etablirons-nous-des-lignes-directrices-qui-nous-aideront-a-maintenir-le-cap\" class=\"font-medium hover:underline\">\n                        Comment nous concentrerons-nous sur un probl\u00e8me et comment \u00e9tablirons-nous des lignes directrices qui nous aideront \u00e0 maintenir le cap?\n                    <\/a>\n                <\/div>\n\n                            <\/div>\n            <\/div>\n\n                            <\/div>\n                    \n            <div class=\"pl-4 text-cu-red-700\">\n                <div class=\"flex gap-2 pb-3 text-base md:text-lg\">\n                    <span class=\"font-light text-cu-black-700\">\n                        5.\n                    <\/span>\n\n                    <a href=\"#la-question-de-recherche\" class=\"font-medium hover:underline\">\n                        La question de recherche\n                    <\/a>\n                <\/div>\n\n                                        <div class=\"space-y-1\">\n                    \n            <div class=\"pl-10 text-cu-red-700\">\n                <div class=\"flex gap-2 pb-3 text-base md:text-lg\">\n                    <span class=\"font-light text-cu-black-700\">\n                        5.1\n                    <\/span>\n\n                    <a href=\"#comment-raffinerons-nous-la-question-de-recherche-qui-consulterons-nous\" class=\"font-medium hover:underline\">\n                        Comment raffinerons-nous la question de recherche? Qui consulterons-nous?\n                    <\/a>\n                <\/div>\n\n                            <\/div>\n            <\/div>\n\n                            <\/div>\n            <\/div>\n\n    <\/div>\n<\/div>\n\n\n\n<h2 id=\"public-cible\" class=\"wp-block-heading\"><a id=\"RTarget\"><\/a>Public Cible<\/h2>\n\n\n\n<h3 id=\"comment-ferons-nous-connaitre-la-recherche-de-facon-utile-pour-notre-public-cible-le-projet-inclura-t-il-des-intervenants-communautaires-tout-au-long-de-la-recherche-la-methodologie-que-nous-utiliso\" class=\"wp-block-heading\">Comment ferons nous conna\u00eetre la recherche de fa\u00e7on utile pour notre public cible? Le projet inclura-t-il des intervenants communautaires tout au long de la recherche? La m\u00e9thodologie que nous utilisons est-elle appropri\u00e9e pour le public cible de notre recherche?<\/h3>\n\n\n\n<p>&nbsp;<\/p>\n\n\n\n<p>\u00c0 chaque \u00e9tape du projet, vous devriez garder en t\u00eate le public cible. Afin d\u2019avoir une perspective communautaire et d\u2019\u00eatre respectueux envers la communaut\u00e9, la consultation communautaire est essentielle. Les gens sur qui la recherche tente d\u2019avoir un impact seront aussi un facteur qui d\u00e9terminera le public cible.<\/p>\n\n\n\n<p>&nbsp;<\/p>\n\n\n\n<h4 id=\"ressources\" class=\"wp-block-heading\">Ressources:<\/h4>\n\n\n\n<p>&nbsp;<\/p>\n\n\n\n<p><a href=\"http:\/\/www.sshrc-crsh.gc.ca\/funding-financement\/policies-politiques\/knowledge_mobilisation-mobilisation_des_connaissances-fra.aspx\">Lignes directrices pour une mobilisation des connaissances efficace<\/a><\/p>\n\n\n\n<p><a href=\"https:\/\/www.academia.edu\/2013141\/Applying_Social_Sciences_Research_for_Public_Benefit_Using_Knowledge_Mobilization_and_Social_Media\">La mobilisation des connaissances pour la recherche en science sociale (en anglais)<\/a><\/p>\n\n\n\n<p>&nbsp;<\/p>\n\n\n\n<p>&nbsp;<\/p>\n\n\n\n<p>&nbsp;<\/p>\n\n\n\n<h2 id=\"evaluation-des-besoins\" class=\"wp-block-heading\"><a id=\"RNeeds\"><\/a>\u00c9valuation des besoins<\/h2>\n\n\n\n<h3 id=\"notre-projet-de-recherche-comble-t-il-une-lacune-comment-identifierons-nous-cette-lacune\" class=\"wp-block-heading\">Notre projet de recherche comble-t-il une lacune? Comment identifierons-nous cette lacune?<\/h3>\n\n\n\n<p>&nbsp;<\/p>\n\n\n\n<p>Il y a plusieurs fa\u00e7ons d\u2019\u00e9valuer les besoins en fonction du degr\u00e9 de pr\u00e9cision ou d\u2019exploration, du temps et de la capacit\u00e9 existante et de la population cibl\u00e9e. On peut \u00e9valuer les besoins en effectuant des sondages aupr\u00e8s des usagers de l\u2019organisme communautaire, en interrogeant le personnel et les membres de la communaut\u00e9, en organisant des groupes de discussion ou une recension de la litt\u00e9rature concernant les services ou les besoins de la communaut\u00e9, ou encore en discutant avec d\u2019autres organismes communautaires des besoins qu\u2019ils per\u00e7oivent.<\/p>\n\n\n\n<p>&nbsp;<\/p>\n\n\n\n<h4 id=\"ressources\" class=\"wp-block-heading\">Ressources:<\/h4>\n\n\n\n<p><a href=\"https:\/\/www.template.net\/business\/assessment\/needs-assessment-sample\/\">Mod\u00e8le d\u2019\u00e9valuation des besoins (en anglais)<\/a><\/p>\n\n\n\n<p>&nbsp;<\/p>\n\n\n\n<p>&nbsp;<\/p>\n\n\n\n<p>&nbsp;<\/p>\n\n\n\n<h2 id=\"revue-de-la-litterature\" class=\"wp-block-heading\"><a id=\"RLiterature\"><\/a>Revue de la litt\u00e9rature<\/h2>\n\n\n\n<h3 id=\"comment-obtiendrons-nous-les-connaissances-necessaires-pour-bien-nous-preparer-au-projet-de-recherche\" class=\"wp-block-heading\">Comment obtiendrons-nous les connaissances n\u00e9cessaires pour bien nous pr\u00e9parer au projet de recherche?<\/h3>\n\n\n\n<p>&nbsp;<\/p>\n\n\n\n<p>Une revue de la litt\u00e9rature est essentielle d\u00e8s le d\u00e9but. Elle permet de savoir ce qui existe d\u00e9j\u00e0 et ce qui manque. Elle peut inclure des publications universitaires, mais aussi d\u2019autres types de documents (r\u00e9seaux sociaux, articles, rapports annuels, etc.). On \u00e9vite ainsi de d\u00e9doubler les efforts et la revue de la litt\u00e9rature peut souvent susciter des id\u00e9es nouvelles \u00e0 prendre en compte pour la suite du projet.<\/p>\n\n\n\n<p>&nbsp;<\/p>\n\n\n\n<h4 id=\"ressources\" class=\"wp-block-heading\">Ressources:<\/h4>\n\n\n\n<p>&nbsp;<\/p>\n\n\n\n<p><a href=\"https:\/\/libguides.uwf.edu\/c.php?g=215199&amp;p=1420520\">Guide pour effectuer une recension de la litt\u00e9rature (en anglais)<\/a><\/p>\n\n\n\n<p><a href=\"http:\/\/advice.writing.utoronto.ca\/types-of-writing\/literature-review\/\">Guide pour effectuer une recension de la litt\u00e9rature&nbsp;2 (en anglais)<\/a><\/p>\n\n\n\n<p>&nbsp;<\/p>\n\n\n\n<p>&nbsp;<\/p>\n\n\n\n<p>&nbsp;<\/p>\n\n\n\n<h2 id=\"cerner-le-probleme\" class=\"wp-block-heading\"><a id=\"RIdentifying\"><\/a>Cerner le probl\u00e8me<\/h2>\n\n\n\n<h3 id=\"comment-nous-concentrerons-nous-sur-un-probleme-et-comment-etablirons-nous-des-lignes-directrices-qui-nous-aideront-a-maintenir-le-cap\" class=\"wp-block-heading\">Comment nous concentrerons-nous sur un probl\u00e8me et comment \u00e9tablirons-nous des lignes directrices qui nous aideront \u00e0 maintenir le cap?<\/h3>\n\n\n\n<p>&nbsp;<\/p>\n\n\n\n<p>Collecter et analyser l\u2019information de base permettra de mieux cerner le probl\u00e8me \u00e0 r\u00e9soudre. La prise en compte des valeurs et des buts des partenaires est aussi essentielle.<\/p>\n\n\n\n<p>&nbsp;<\/p>\n\n\n\n<h4 id=\"ressources\" class=\"wp-block-heading\">Ressources:<\/h4>\n\n\n\n<p>&nbsp;<\/p>\n\n\n\n<p><a href=\"https:\/\/www.thecompassforsbc.org\/how-to-guides\/how-conduct-root-cause-analysis\">Analyse des causes fondamentales (en anglais)<\/a><\/p>\n\n\n\n<p><a href=\"https:\/\/ctb.ku.edu\/en\/table-of-contents\/analyze\/analyze-community-problems-and-solutions\/root-causes\/main\">Analyser les probl\u00e8mes dans la communaut\u00e9 (en anglais)<\/a><\/p>\n\n\n\n<p>&nbsp;<\/p>\n\n\n\n<p>&nbsp;<\/p>\n\n\n\n<p>&nbsp;<\/p>\n\n\n\n<h2 id=\"la-question-de-recherche\" class=\"wp-block-heading\"><a id=\"RResearchQuestion\"><\/a>La question de recherche<\/h2>\n\n\n\n<h3 id=\"comment-raffinerons-nous-la-question-de-recherche-qui-consulterons-nous\" class=\"wp-block-heading\">Comment raffinerons-nous la question de recherche? Qui consulterons-nous?<\/h3>\n\n\n\n<p>&nbsp;<\/p>\n\n\n\n<p>Cette question est ce qui guide le projet du d\u00e9but \u00e0 la fin. La recherche a pour but de r\u00e9pondre \u00e0 cette question, donc elle devrait \u00eatre assez pr\u00e9cise et assez importante pour justifier la recherche. Assurez-vous que la recherche peut ultimement y r\u00e9pondre.<\/p>\n\n\n\n<p>&nbsp;<\/p>\n\n\n\n<p>Ressources:<\/p>\n\n\n\n<p>&nbsp;<\/p>\n\n\n\n<p><a href=\"https:\/\/cirt.gcu.edu\/research\/developmentresources\/tutorials\/question\">D\u00e9velopper une bonne question de recherche &#8211; ressource 1(en anglais)<\/a><\/p>\n\n\n\n<p><a href=\"https:\/\/libraries.indiana.edu\/sites\/default\/files\/Develop_a_Research_Question.pdf\">D\u00e9velopper une bonne question de recherche &#8211; ressource 2 (en anglais)<\/a><\/p>\n\n\n\n<p><a href=\"https:\/\/www.youtube.com\/watch?v=89NonP_iZZo\">Vid\u00e9o sur comment d\u00e9velopper une bonne question de recherche (en anglais)<\/a><\/p>\n\n\n\n<p>&nbsp;<\/p>\n\n\n\n<p>&nbsp;<\/p>\n\n\n\n<p>&nbsp;<\/p>\n\n\n\n<figure class=\"wp-block-image\"><a href=\"https:\/\/carleton.ca\/cspsc\/plan-de-recherche\/\"><img loading=\"lazy\" decoding=\"async\" width=\"1741\" height=\"455\" src=\"https:\/\/carleton.ca\/cspsc\/wp-content\/uploads\/sites\/174\/navigation-button-plan-de-recherche-french.png\" alt=\"Button - &quot;Retourner aux sujets concernant un plan de recherche\" class=\"wp-image-2234\" srcset=\"https:\/\/carleton.ca\/cspsc\/wp-content\/uploads\/sites\/174\/navigation-button-plan-de-recherche-french.png 1741w, https:\/\/carleton.ca\/cspsc\/wp-content\/uploads\/sites\/174\/navigation-button-plan-de-recherche-french-160x42.png 160w, https:\/\/carleton.ca\/cspsc\/wp-content\/uploads\/sites\/174\/navigation-button-plan-de-recherche-french-240x63.png 240w, https:\/\/carleton.ca\/cspsc\/wp-content\/uploads\/sites\/174\/navigation-button-plan-de-recherche-french-768x201.png 768w, https:\/\/carleton.ca\/cspsc\/wp-content\/uploads\/sites\/174\/navigation-button-plan-de-recherche-french-400x105.png 400w, https:\/\/carleton.ca\/cspsc\/wp-content\/uploads\/sites\/174\/navigation-button-plan-de-recherche-french-1536x401.png 1536w, https:\/\/carleton.ca\/cspsc\/wp-content\/uploads\/sites\/174\/navigation-button-plan-de-recherche-french-360x94.png 360w\" sizes=\"auto, (max-width: 1741px) 100vw, 1741px\" \/><\/a><\/figure>\n\n\n\n<figure class=\"wp-block-image\"><img loading=\"lazy\" decoding=\"async\" width=\"2036\" height=\"455\" src=\"https:\/\/carleton.ca\/cspsc\/wp-content\/uploads\/sites\/174\/LEAVE-US-FEEDBACK-cropped-french.png\" alt=\"Button - &quot;Laissez-nous des commentaires&quot;\" class=\"wp-image-2118\" srcset=\"https:\/\/carleton.ca\/cspsc\/wp-content\/uploads\/sites\/174\/LEAVE-US-FEEDBACK-cropped-french.png 2036w, https:\/\/carleton.ca\/cspsc\/wp-content\/uploads\/sites\/174\/LEAVE-US-FEEDBACK-cropped-french-160x36.png 160w, https:\/\/carleton.ca\/cspsc\/wp-content\/uploads\/sites\/174\/LEAVE-US-FEEDBACK-cropped-french-240x54.png 240w, https:\/\/carleton.ca\/cspsc\/wp-content\/uploads\/sites\/174\/LEAVE-US-FEEDBACK-cropped-french-768x172.png 768w, https:\/\/carleton.ca\/cspsc\/wp-content\/uploads\/sites\/174\/LEAVE-US-FEEDBACK-cropped-french-400x89.png 400w, https:\/\/carleton.ca\/cspsc\/wp-content\/uploads\/sites\/174\/LEAVE-US-FEEDBACK-cropped-french-1536x343.png 1536w, https:\/\/carleton.ca\/cspsc\/wp-content\/uploads\/sites\/174\/LEAVE-US-FEEDBACK-cropped-french-360x80.png 360w\" sizes=\"auto, (max-width: 2036px) 100vw, 2036px\" \/><\/figure>\n\n\n\n<p> &nbsp; <\/p>\n\n\n\n<p>&nbsp;<\/p>\n\n\n\n<p>&nbsp;<\/p>\n\n\n\n<p>&nbsp;<\/p>\n","protected":false},"excerpt":{"rendered":"<p>Public Cible Comment ferons nous conna\u00eetre la recherche de fa\u00e7on utile pour notre public cible? Le projet inclura-t-il des intervenants communautaires tout au long de la recherche? La m\u00e9thodologie que nous utilisons est-elle appropri\u00e9e pour le public cible de notre recherche? &nbsp; \u00c0 chaque \u00e9tape du projet, vous devriez garder en t\u00eate le public cible. [&hellip;]<\/p>\n","protected":false},"author":2,"featured_media":0,"parent":0,"menu_order":0,"comment_status":"closed","ping_status":"closed","template":"","meta":{"_acf_changed":false,"_cu_dining_location_slug":"","footnotes":"","_links_to":"","_links_to_target":""},"cu_page_type":[],"class_list":["post-805","page","type-page","status-publish","hentry"],"acf":{"cu_post_thumbnail":""},"_links":{"self":[{"href":"https:\/\/carleton.ca\/cspsc\/wp-json\/wp\/v2\/pages\/805","targetHints":{"allow":["GET"]}}],"collection":[{"href":"https:\/\/carleton.ca\/cspsc\/wp-json\/wp\/v2\/pages"}],"about":[{"href":"https:\/\/carleton.ca\/cspsc\/wp-json\/wp\/v2\/types\/page"}],"author":[{"embeddable":true,"href":"https:\/\/carleton.ca\/cspsc\/wp-json\/wp\/v2\/users\/2"}],"replies":[{"embeddable":true,"href":"https:\/\/carleton.ca\/cspsc\/wp-json\/wp\/v2\/comments?post=805"}],"version-history":[{"count":4,"href":"https:\/\/carleton.ca\/cspsc\/wp-json\/wp\/v2\/pages\/805\/revisions"}],"predecessor-version":[{"id":3050,"href":"https:\/\/carleton.ca\/cspsc\/wp-json\/wp\/v2\/pages\/805\/revisions\/3050"}],"wp:attachment":[{"href":"https:\/\/carleton.ca\/cspsc\/wp-json\/wp\/v2\/media?parent=805"}],"wp:term":[{"taxonomy":"cu_page_type","embeddable":true,"href":"https:\/\/carleton.ca\/cspsc\/wp-json\/wp\/v2\/cu_page_type?post=805"}],"curies":[{"name":"wp","href":"https:\/\/api.w.org\/{rel}","templated":true}]}}