{"id":811,"date":"2019-02-10T00:01:28","date_gmt":"2019-02-10T05:01:28","guid":{"rendered":"https:\/\/carleton.ca\/cspsc\/?page_id=811"},"modified":"2025-11-11T09:05:49","modified_gmt":"2025-11-11T14:05:49","slug":"processus-et-donnees","status":"publish","type":"page","link":"https:\/\/carleton.ca\/cspsc\/processus-et-donnees\/","title":{"rendered":"Processus et donn\u00e9es"},"content":{"rendered":"\n<section class=\"w-screen px-6 cu-section cu-section--white ml-offset-center md:px-8 lg:px-14\">\n    <div class=\"space-y-6 cu-max-w-child-5xl  md:space-y-10 cu-prose-first-last\">\n\n            <div class=\"cu-textmedia flex flex-col lg:flex-row mx-auto gap-6 md:gap-10 my-6 md:my-12 first:mt-0 max-w-5xl\">\n        <div class=\"justify-start cu-textmedia-content cu-prose-first-last\" style=\"flex: 0 0 100%;\">\n            <header class=\"font-light prose-xl cu-pageheader md:prose-2xl cu-component-updated cu-prose-first-last\">\n                                    <h1 class=\"cu-prose-first-last font-semibold !mt-2 mb-4 md:mb-6 relative after:absolute after:h-px after:bottom-0 after:bg-cu-red after:left-px text-3xl md:text-4xl lg:text-5xl lg:leading-[3.5rem] pb-5 after:w-10 text-cu-black-700 not-prose\">\n                        Processus et donn\u00e9es\n                    <\/h1>\n                \n                                \n                            <\/header>\n\n                    <\/div>\n\n            <\/div>\n\n    <\/div>\n<\/section>\n\n\n\n\n<div class=\"w-full max-w-xl mx-auto overflow-hidden bg-white rounded-lg shadow-lg cu-stackedlist cu-component not-contained not-prose\">\n    <h2 class=\"px-6 py-4 text-base font-semibold border-b rounded-t-lg md:text-xl bg-gray-50 text-cu-black-800\">\n        Table of Contents\n    <\/h2>\n    <div class=\"grid cu-scrollto cu-stackedlist--toc cu-stackedlist--1 md:grid-cols-1\">\n            <div class=\"space-y-1\">\n                    \n            <div class=\"pl-4 text-cu-red-700\">\n                <div class=\"flex gap-2 pb-3 text-base md:text-lg\">\n                    <span class=\"font-light text-cu-black-700\">\n                        1.\n                    <\/span>\n\n                    <a href=\"#methodes-de-recherche\" class=\"font-medium hover:underline\">\n                        M\u00e9thodes de recherche\n                    <\/a>\n                <\/div>\n\n                                        <div class=\"space-y-1\">\n                    \n            <div class=\"pl-10 text-cu-red-700\">\n                <div class=\"flex gap-2 pb-3 text-base md:text-lg\">\n                    <span class=\"font-light text-cu-black-700\">\n                        1.1\n                    <\/span>\n\n                    <a href=\"#comment-obtiendrons-nous-les-donnees-qui-sera-implique-dans-la-collecte-de-donnees\" class=\"font-medium hover:underline\">\n                        Comment obtiendrons-nous les donn\u00e9es? Qui sera impliqu\u00e9 dans la collecte de donn\u00e9es?\n                    <\/a>\n                <\/div>\n\n                            <\/div>\n            <\/div>\n\n                            <\/div>\n                    \n            <div class=\"pl-4 text-cu-red-700\">\n                <div class=\"flex gap-2 pb-3 text-base md:text-lg\">\n                    <span class=\"font-light text-cu-black-700\">\n                        2.\n                    <\/span>\n\n                    <a href=\"#processus-de-recherche\" class=\"font-medium hover:underline\">\n                        Processus de recherche\n                    <\/a>\n                <\/div>\n\n                                        <div class=\"space-y-1\">\n                    \n            <div class=\"pl-10 text-cu-red-700\">\n                <div class=\"flex gap-2 pb-3 text-base md:text-lg\">\n                    <span class=\"font-light text-cu-black-700\">\n                        2.1\n                    <\/span>\n\n                    <a href=\"#comment-planifierons-nous-et-effectuerons-nous-la-recherche\" class=\"font-medium hover:underline\">\n                        Comment planifierons-nous et effectuerons-nous la recherche?\n                    <\/a>\n                <\/div>\n\n                            <\/div>\n            <\/div>\n\n                            <\/div>\n                    \n            <div class=\"pl-4 text-cu-red-700\">\n                <div class=\"flex gap-2 pb-3 text-base md:text-lg\">\n                    <span class=\"font-light text-cu-black-700\">\n                        3.\n                    <\/span>\n\n                    <a href=\"#modele-logique-theorie-du-changement\" class=\"font-medium hover:underline\">\n                        Mod\u00e8le logique\/Th\u00e9orie du changement\n                    <\/a>\n                <\/div>\n\n                                        <div class=\"space-y-1\">\n                    \n            <div class=\"pl-10 text-cu-red-700\">\n                <div class=\"flex gap-2 pb-3 text-base md:text-lg\">\n                    <span class=\"font-light text-cu-black-700\">\n                        3.1\n                    <\/span>\n\n                    <a href=\"#savons-nous-comment-nos-activites-nos-actions-et-nos-resultats-meneront-au-changement-voulu-comment-concevrons-nous-le-projet-de-maniere-a-augmenter-limpact-collectif\" class=\"font-medium hover:underline\">\n                        Savons-nous comment nos activit\u00e9s, nos actions et nos r\u00e9sultats m\u00e8neront au changement voulu? Comment concevrons-nous le projet de mani\u00e8re \u00e0 augmenter l\u2019impact collectif?\n                    <\/a>\n                <\/div>\n\n                            <\/div>\n            <\/div>\n\n                            <\/div>\n                    \n            <div class=\"pl-4 text-cu-red-700\">\n                <div class=\"flex gap-2 pb-3 text-base md:text-lg\">\n                    <span class=\"font-light text-cu-black-700\">\n                        4.\n                    <\/span>\n\n                    <a href=\"#ethique\" class=\"font-medium hover:underline\">\n                        \u00c9thique\n                    <\/a>\n                <\/div>\n\n                                        <div class=\"space-y-1\">\n                    \n            <div class=\"pl-10 text-cu-red-700\">\n                <div class=\"flex gap-2 pb-3 text-base md:text-lg\">\n                    <span class=\"font-light text-cu-black-700\">\n                        4.1\n                    <\/span>\n\n                    <a href=\"#comment-assurerons-nous-la-responsabilite-la-transparence-et-la-securite-de-tous-les-participants-a-la-recherche-savons-nous-comment-affronter-la-bureaucratie-et-qui-pourra-nous-aider-a-le-faire\" class=\"font-medium hover:underline\">\n                        Comment assurerons-nous la responsabilit\u00e9, la transparence et la s\u00e9curit\u00e9 de tous les participants \u00e0 la recherche? Savons-nous comment affronter la bureaucratie et qui pourra nous aider \u00e0 le faire?\n                    <\/a>\n                <\/div>\n\n                            <\/div>\n            <\/div>\n\n                            <\/div>\n                    \n            <div class=\"pl-4 text-cu-red-700\">\n                <div class=\"flex gap-2 pb-3 text-base md:text-lg\">\n                    <span class=\"font-light text-cu-black-700\">\n                        5.\n                    <\/span>\n\n                    <a href=\"#organisation-des-donnees\" class=\"font-medium hover:underline\">\n                        Organisation des donn\u00e9es\n                    <\/a>\n                <\/div>\n\n                                        <div class=\"space-y-1\">\n                    \n            <div class=\"pl-10 text-cu-red-700\">\n                <div class=\"flex gap-2 pb-3 text-base md:text-lg\">\n                    <span class=\"font-light text-cu-black-700\">\n                        5.1\n                    <\/span>\n\n                    <a href=\"#comment-organiserons-nous-la-collecte-de-donnees-pour-nous-assurer-que-les-resultats-sont-logiques-et-de-haute-qualite\" class=\"font-medium hover:underline\">\n                        Comment organiserons-nous la collecte de donn\u00e9es pour nous assurer que les r\u00e9sultats sont logiques et de haute qualit\u00e9?\n                    <\/a>\n                <\/div>\n\n                            <\/div>\n            <\/div>\n\n                            <\/div>\n                    \n            <div class=\"pl-4 text-cu-red-700\">\n                <div class=\"flex gap-2 pb-3 text-base md:text-lg\">\n                    <span class=\"font-light text-cu-black-700\">\n                        6.\n                    <\/span>\n\n                    <a href=\"#analyse-des-donnees\" class=\"font-medium hover:underline\">\n                        Analyse des donn\u00e9es\n                    <\/a>\n                <\/div>\n\n                                        <div class=\"space-y-1\">\n                    \n            <div class=\"pl-10 text-cu-red-700\">\n                <div class=\"flex gap-2 pb-3 text-base md:text-lg\">\n                    <span class=\"font-light text-cu-black-700\">\n                        6.1\n                    <\/span>\n\n                    <a href=\"#comment-nous-assurer-que-les-conclusions-ont-un-sens\" class=\"font-medium hover:underline\">\n                        Comment nous assurer que les conclusions ont un sens?\n                    <\/a>\n                <\/div>\n\n                            <\/div>\n            <\/div>\n\n                            <\/div>\n            <\/div>\n\n    <\/div>\n<\/div>\n\n\n\n<h2 id=\"methodes-de-recherche\" class=\"wp-block-heading\"><a id=\"RMethods\"><\/a>M\u00e9thodes de recherche<\/h2>\n\n\n\n<h3 id=\"comment-obtiendrons-nous-les-donnees-qui-sera-implique-dans-la-collecte-de-donnees\" class=\"wp-block-heading\">Comment obtiendrons-nous les donn\u00e9es? Qui sera impliqu\u00e9 dans la collecte de donn\u00e9es?<\/h3>\n\n\n\n<p>&nbsp;<\/p>\n\n\n\n<p>On devrait prendre en compte les avantages et les limites des m\u00e9thodes de recherche. Il faudra aussi consid\u00e9rer les possibilit\u00e9s d\u2019\u00e9chantillonnage (ex.&nbsp;: le nombre de personnes que vous pouvez recruter). La capacit\u00e9 \u00e0 promouvoir la recherche et \u00e0 recruter des gens devrait \u00e9galement \u00eatre consid\u00e9r\u00e9e tout comme l\u2019expertise des chercheurs. Plusieurs m\u00e9thodes ou des m\u00e9thodes combin\u00e9es sont aussi \u00e0 consid\u00e9rer.<\/p>\n\n\n\n<p>&nbsp;<\/p>\n\n\n\n<p>Les m\u00e9thodes choisies d\u00e9pendront de la question de recherche, des ressources disponibles et de l\u2019impact voulu. Par exemple, les entrevues, les sondages, les groupes de discussion, la recherche ethnographique, etc.<\/p>\n\n\n\n<p>&nbsp;<\/p>\n\n\n\n<h4 id=\"ressources\" class=\"wp-block-heading\">Ressources:<\/h4>\n\n\n\n<p>&nbsp;<\/p>\n\n\n\n<p><a href=\"http:\/\/betterthesis.dk\/research-methods\/lesson-1different-approaches-to-research\/strengths-and-limitations\">La recherche qualitative vs quantitative (en anglais)<\/a><\/p>\n\n\n\n<p><a href=\"https:\/\/measuringu.com\/qual-methods\/\">Types de recherche qualitative &nbsp;&#8211; ressource 1 (en anglais)<\/a><\/p>\n\n\n\n<p><a href=\"https:\/\/researchrundowns.com\/qual\/qualitative-research-design\/\">Types de recherche qualitative&nbsp;3 &#8211; ressource 2 (en anglais)<\/a><\/p>\n\n\n\n<p><a href=\"https:\/\/blog.udemy.com\/types-of-quantitative-research\/\">M\u00e9thodes de recherche quantitative (en anglais)<\/a><\/p>\n\n\n\n<p><a href=\"https:\/\/cirt.gcu.edu\/research\/developmentresources\/research_ready\/quantresearch\/approaches\">M\u00e9thodes de recherche quantitative&nbsp;2 (en anglais)<\/a><\/p>\n\n\n\n<p>&nbsp;<\/p>\n\n\n\n<p>&nbsp;<\/p>\n\n\n\n<p>&nbsp;<\/p>\n\n\n\n<h2 id=\"processus-de-recherche\" class=\"wp-block-heading\"><a id=\"RProcess\"><\/a>Processus de recherche<\/h2>\n\n\n\n<h3 id=\"comment-planifierons-nous-et-effectuerons-nous-la-recherche\" class=\"wp-block-heading\">Comment planifierons-nous et effectuerons-nous la recherche?<\/h3>\n\n\n\n<p>&nbsp;<\/p>\n\n\n\n<p>D\u00e9terminer comment effectuer le projet exige de nombreuses discussion, r\u00e9flexions et reconsid\u00e9rations. Pour aider \u00e0 structurer le processus de recherche, on peut prendre des notes, \u00e9crire et partager les r\u00e9flexions et d\u00e9terminer les limites du projet et les limites personnelles.<\/p>\n\n\n\n<p>&nbsp;<\/p>\n\n\n\n<h4 id=\"ressources\" class=\"wp-block-heading\">Ressources:<\/h4>\n\n\n\n<p>&nbsp;<\/p>\n\n\n\n<p><a href=\"https:\/\/ccts.osu.edu\/content\/project-management-research?highlight=Toolkit%20for%20research%20project%20management\">Trousse \u00e0 outils pour la gestion du projet de recherche (en anglais)<\/a><\/p>\n\n\n\n<p><a href=\"https:\/\/owl.purdue.edu\/owl\/purdue_owl.html\">Effectuer de la recherche pr\u00e9liminaire (en anglais)<\/a><\/p>\n\n\n\n<p>&nbsp;<\/p>\n\n\n\n<p>&nbsp;<\/p>\n\n\n\n<p>&nbsp;<\/p>\n\n\n\n<h2 id=\"modele-logique-theorie-du-changement\" class=\"wp-block-heading\"><a id=\"RLogic\"><\/a>Mod\u00e8le logique\/Th\u00e9orie du changement<\/h2>\n\n\n\n<h3 id=\"savons-nous-comment-nos-activites-nos-actions-et-nos-resultats-meneront-au-changement-voulu-comment-concevrons-nous-le-projet-de-maniere-a-augmenter-limpact-collectif\" class=\"wp-block-heading\">Savons-nous comment nos activit\u00e9s, nos actions et nos r\u00e9sultats m\u00e8neront au changement voulu? Comment concevrons-nous le projet de mani\u00e8re \u00e0 augmenter l\u2019impact collectif?<\/h3>\n\n\n\n<p>&nbsp;<\/p>\n\n\n\n<p>Le projet de recherche, de la question de recherche jusqu\u2019\u00e0 l\u2019impact que vous d\u00e9sirez cr\u00e9er, devrait se d\u00e9rouler dans un ordre logique. Il est donc important d\u2019identifier chaque \u00e9tape. Le mod\u00e8le logique devrait \u00eatre mis \u00e0 jour au fur \u00e0 mesure que le projet progresse et avec les le\u00e7ons que vous en tirez, mais c\u2019est aussi un outil de planification important pour s\u2019assurer que les \u00e9tapes suivies restent cons\u00e9quentes avec le projet de recherche et l\u2019impact voulu.<\/p>\n\n\n\n<p>&nbsp;<\/p>\n\n\n\n<p><strong>Ressources:<\/strong><\/p>\n\n\n\n<p>&nbsp;<\/p>\n\n\n\n<p><a href=\"http:\/\/www.theoryofchange.org\/what-is-theory-of-change\/how-does-theory-of-change-work\/example\/\">Exemples de mod\u00e8les de recherches logiques\/th\u00e9orie du changement (en anglais)<\/a><\/p>\n\n\n\n<p>&nbsp;<\/p>\n\n\n\n<p>&nbsp;<\/p>\n\n\n\n<p>&nbsp;<\/p>\n\n\n\n<p>&nbsp;<\/p>\n\n\n\n<h2 id=\"ethique\" class=\"wp-block-heading\"><a id=\"REthics\"><\/a>\u00c9thique<\/h2>\n\n\n\n<h3 id=\"comment-assurerons-nous-la-responsabilite-la-transparence-et-la-securite-de-tous-les-participants-a-la-recherche-savons-nous-comment-affronter-la-bureaucratie-et-qui-pourra-nous-aider-a-le-faire\" class=\"wp-block-heading\">Comment assurerons-nous la responsabilit\u00e9, la transparence et la s\u00e9curit\u00e9 de tous les participants \u00e0 la recherche? Savons-nous comment affronter la bureaucratie et qui pourra nous aider \u00e0 le faire?<\/h3>\n\n\n\n<p>&nbsp;<\/p>\n\n\n\n<p>La prise en compte de l\u2019aspect \u00e9thique du projet devrait avoir lieu au d\u00e9but de la planification pour s\u2019assurer que la recherche rencontre les crit\u00e8res \u00e9thiques et prend en compte des cons\u00e9quences impr\u00e9vues. Effectuer de la recherche communautaire fait ressortir des probl\u00e8mes \u00e9thiques particuliers li\u00e9s au consentement, \u00e0 la vie priv\u00e9e et la confidentialit\u00e9 et \u00e0 la compensation et au soutien aux membres de la communaut\u00e9.<\/p>\n\n\n\n<p>&nbsp;<\/p>\n\n\n\n<p>Bien qu\u2019il y ait des consid\u00e9rations \u00e9thiques r\u00e9currentes parmi les projets de recherche, les positions et les besoins particuliers de chaque communaut\u00e9 doivent \u00eatre pris en consid\u00e9ration. Par exemple, des projets impliquant des gens en situation de handicap incluraient des strat\u00e9gies sp\u00e9cifiques pour accommoder des besoins de mobilit\u00e9 ou de communication.<\/p>\n\n\n\n<p>&nbsp;<\/p>\n\n\n\n<p>Lorsque vous travaillez avec une universit\u00e9, votre recherche doit \u00eatre approuv\u00e9e par un comit\u00e9 d\u2019\u00e9thique. Ce processus prend du temps&nbsp;et exige de remplir de longs formulaires et r\u00e9pondre aux questions. Les organismes communautaires peuvent \u00e9galement avoir leur propre comit\u00e9 d\u2019\u00e9thique.<\/p>\n\n\n\n<p>&nbsp;<\/p>\n\n\n\n<p>Les soumissions d\u2019\u00e9thique devraient \u00eatre envoy\u00e9es t\u00f4t puisque la recherche ne peut pas commencer avant d\u2019\u00eatre approuv\u00e9e. Les comit\u00e9s d\u2019\u00e9thique universitaires n\u2019ont pas n\u00e9cessairement beaucoup d\u2019exp\u00e9rience avec la recherche communautaire, alors prenez le temps d\u2019expliquer les raisons derri\u00e8re vos d\u00e9cisions, surtout celles qui pourraient aller \u00e0 l\u2019encontre des mod\u00e8les de recherche traditionnels.<\/p>\n\n\n\n<p>&nbsp;<\/p>\n\n\n\n<h4 id=\"ressources\" class=\"wp-block-heading\">Ressources:<\/h4>\n\n\n\n<p>&nbsp;<\/p>\n\n\n\n<p><a href=\"https:\/\/www.livingknowledge.org\/fileadmin\/Dateien-Living-Knowledge\/Dokumente_Dateien\/Toolbox\/LK_A_CBPR_Guide_ethical_principles.pdf\">Guide \u00e9thique de la recherche communautaire participative (en anglais)<\/a><\/p>\n\n\n\n<p><a href=\"https:\/\/depts.washington.edu\/ccph\/cbpr\/u1\/u13.php\">L\u2019\u00e9thique et la recherche communautaire (en anglais)<\/a><\/p>\n\n\n\n<p><a href=\"http:\/\/www.pace-society.org\/wp-content\/uploads\/2014\/04\/Community_Research_Guidelines.pdf\">Guide \u00e9thique pour les organismes communautaires (en anglais)<\/a><\/p>\n\n\n\n<p><a href=\"http:\/\/nda.ie\/nda-files\/Ethical-Guidance-for-Research-with-People-with-Disabilities.pdf\">Guide \u00e9thique pour la recherche impliquant des personnes handicap\u00e9es (en anglais)<\/a><\/p>\n\n\n\n<p><a href=\"https:\/\/uwaterloo.ca\/research\/office-research-ethics\/research-human-participants\/application-process\/guide-completing-human-research-ethics-application-form-101\">Guide \u00e0 la recherche, soumissions au comit\u00e9 \u00e9thique (en anglais)<\/a><\/p>\n\n\n\n<p><a href=\"https:\/\/carleton.ca\/researchethics\/\">Survol de l\u2019\u00e9thique de la recherche humaine (en anglais)<\/a><\/p>\n\n\n\n<p>&nbsp;<\/p>\n\n\n\n<p>&nbsp;<\/p>\n\n\n\n<p>&nbsp;<\/p>\n\n\n\n<h2 id=\"organisation-des-donnees\" class=\"wp-block-heading\"><a id=\"RDataO\"><\/a>Organisation des donn\u00e9es<\/h2>\n\n\n\n<h3 id=\"comment-organiserons-nous-la-collecte-de-donnees-pour-nous-assurer-que-les-resultats-sont-logiques-et-de-haute-qualite\" class=\"wp-block-heading\">Comment organiserons-nous la collecte de donn\u00e9es pour nous assurer que les r\u00e9sultats sont logiques et de haute qualit\u00e9?<\/h3>\n\n\n\n<p>&nbsp;<\/p>\n\n\n\n<p>Bien qu\u2019il puisse s\u2019agir d\u2019une t\u00e2che ardue, il est essentiel pour le projet de s\u2019assurer que les donn\u00e9es sont organis\u00e9es et collect\u00e9es d\u2019une mani\u00e8re valide, bien-document\u00e9e et logique. Si la collecte des donn\u00e9es a \u00e9t\u00e9 b\u00e2cl\u00e9e, les r\u00e9sultats seront inutilisables. Il est important de documenter les d\u00e9cisions, les changements aux documents, comment les donn\u00e9es sont collect\u00e9es et pourquoi, etc. durant le processus.<\/p>\n\n\n\n<p>&nbsp;<\/p>\n\n\n\n<h4 id=\"ressources\" class=\"wp-block-heading\">Ressources:<\/h4>\n\n\n\n<p>&nbsp;<\/p>\n\n\n\n<p><a href=\"http:\/\/tobaccoeval.ucdavis.edu\/analysis-reporting\/documents\/ManagingQualitativeData.pdf\">Comment organiser les donn\u00e9es qualitatives (en anglais)<\/a><\/p>\n\n\n\n<p><a href=\"https:\/\/eloka-arctic.org\/\">Soutien d\u2019organisation des donn\u00e9es pour les recherches autochtones (en anglais)<\/a><\/p>\n\n\n\n<p>&nbsp;<\/p>\n\n\n\n<p>&nbsp;<\/p>\n\n\n\n<p>&nbsp;<\/p>\n\n\n\n<h2 id=\"analyse-des-donnees\" class=\"wp-block-heading\"><a id=\"RDataA\"><\/a>Analyse des donn\u00e9es<\/h2>\n\n\n\n<h3 id=\"comment-nous-assurer-que-les-conclusions-ont-un-sens\" class=\"wp-block-heading\">Comment nous assurer que les conclusions ont un sens?<\/h3>\n\n\n\n<p>&nbsp;<\/p>\n\n\n\n<p>Une bonne m\u00e9thode d\u2019analyse des donn\u00e9es est essentielle pour assurer la validit\u00e9 des r\u00e9sultats. La codification th\u00e9matique est l\u2019une des m\u00e9thodes d\u2019analyse des donn\u00e9es qualitatives, mais sa forme varie. En g\u00e9n\u00e9ral, faire \u00e9valuer les donn\u00e9es par plusieurs personnes de mani\u00e8re ind\u00e9pendante et cr\u00e9er un consensus aide \u00e0 assurer que les r\u00e9sultats sont logiques et impartiaux.<\/p>\n\n\n\n<p>&nbsp;<\/p>\n\n\n\n<h4 id=\"ressources\" class=\"wp-block-heading\">Ressources:<\/h4>\n\n\n\n<p>&nbsp;<\/p>\n\n\n\n<p><a href=\"http:\/\/toolkit.pellinstitute.org\/evaluation-guide\/analyze\/analyze-qualitative-data\/\">Comment analyser les donn\u00e9es qualitatives (en anglais)<\/a><\/p>\n\n\n\n<p>&nbsp;<\/p>\n\n\n\n<p>&nbsp;<\/p>\n\n\n\n<p>&nbsp;<\/p>\n\n\n\n<p>&nbsp;<\/p>\n\n\n\n<figure class=\"wp-block-image\"><a href=\"https:\/\/carleton.ca\/cspsc\/plan-de-recherche\/\"><img loading=\"lazy\" decoding=\"async\" width=\"1741\" height=\"455\" src=\"https:\/\/carleton.ca\/cspsc\/wp-content\/uploads\/sites\/174\/navigation-button-plan-de-recherche-french.png\" alt=\"Button - &quot;Retourner aux sujets concernant un plan de recherche\" class=\"wp-image-2234\" srcset=\"https:\/\/carleton.ca\/cspsc\/wp-content\/uploads\/sites\/174\/navigation-button-plan-de-recherche-french.png 1741w, https:\/\/carleton.ca\/cspsc\/wp-content\/uploads\/sites\/174\/navigation-button-plan-de-recherche-french-160x42.png 160w, https:\/\/carleton.ca\/cspsc\/wp-content\/uploads\/sites\/174\/navigation-button-plan-de-recherche-french-240x63.png 240w, https:\/\/carleton.ca\/cspsc\/wp-content\/uploads\/sites\/174\/navigation-button-plan-de-recherche-french-768x201.png 768w, https:\/\/carleton.ca\/cspsc\/wp-content\/uploads\/sites\/174\/navigation-button-plan-de-recherche-french-400x105.png 400w, https:\/\/carleton.ca\/cspsc\/wp-content\/uploads\/sites\/174\/navigation-button-plan-de-recherche-french-1536x401.png 1536w, https:\/\/carleton.ca\/cspsc\/wp-content\/uploads\/sites\/174\/navigation-button-plan-de-recherche-french-360x94.png 360w\" sizes=\"auto, (max-width: 1741px) 100vw, 1741px\" \/><\/a><\/figure>\n\n\n\n<figure class=\"wp-block-image\"><img loading=\"lazy\" decoding=\"async\" width=\"2036\" height=\"455\" src=\"https:\/\/carleton.ca\/cspsc\/wp-content\/uploads\/sites\/174\/LEAVE-US-FEEDBACK-cropped-french.png\" alt=\"Button - &quot;Laissez-nous des commentaires&quot;\" class=\"wp-image-2118\" srcset=\"https:\/\/carleton.ca\/cspsc\/wp-content\/uploads\/sites\/174\/LEAVE-US-FEEDBACK-cropped-french.png 2036w, https:\/\/carleton.ca\/cspsc\/wp-content\/uploads\/sites\/174\/LEAVE-US-FEEDBACK-cropped-french-160x36.png 160w, https:\/\/carleton.ca\/cspsc\/wp-content\/uploads\/sites\/174\/LEAVE-US-FEEDBACK-cropped-french-240x54.png 240w, https:\/\/carleton.ca\/cspsc\/wp-content\/uploads\/sites\/174\/LEAVE-US-FEEDBACK-cropped-french-768x172.png 768w, https:\/\/carleton.ca\/cspsc\/wp-content\/uploads\/sites\/174\/LEAVE-US-FEEDBACK-cropped-french-400x89.png 400w, https:\/\/carleton.ca\/cspsc\/wp-content\/uploads\/sites\/174\/LEAVE-US-FEEDBACK-cropped-french-1536x343.png 1536w, https:\/\/carleton.ca\/cspsc\/wp-content\/uploads\/sites\/174\/LEAVE-US-FEEDBACK-cropped-french-360x80.png 360w\" sizes=\"auto, (max-width: 2036px) 100vw, 2036px\" \/><\/figure>\n\n\n\n<p> &nbsp; <\/p>\n\n\n\n<p>&nbsp;<\/p>\n\n\n\n<p>&nbsp;<\/p>\n\n\n\n<p>&nbsp;<\/p>\n","protected":false},"excerpt":{"rendered":"<p>M\u00e9thodes de recherche Comment obtiendrons-nous les donn\u00e9es? Qui sera impliqu\u00e9 dans la collecte de donn\u00e9es? &nbsp; On devrait prendre en compte les avantages et les limites des m\u00e9thodes de recherche. Il faudra aussi consid\u00e9rer les possibilit\u00e9s d\u2019\u00e9chantillonnage (ex.&nbsp;: le nombre de personnes que vous pouvez recruter). La capacit\u00e9 \u00e0 promouvoir la recherche et \u00e0 recruter [&hellip;]<\/p>\n","protected":false},"author":2,"featured_media":0,"parent":0,"menu_order":0,"comment_status":"closed","ping_status":"closed","template":"","meta":{"_acf_changed":false,"_cu_dining_location_slug":"","footnotes":"","_links_to":"","_links_to_target":""},"cu_page_type":[],"class_list":["post-811","page","type-page","status-publish","hentry"],"acf":{"cu_post_thumbnail":""},"_links":{"self":[{"href":"https:\/\/carleton.ca\/cspsc\/wp-json\/wp\/v2\/pages\/811","targetHints":{"allow":["GET"]}}],"collection":[{"href":"https:\/\/carleton.ca\/cspsc\/wp-json\/wp\/v2\/pages"}],"about":[{"href":"https:\/\/carleton.ca\/cspsc\/wp-json\/wp\/v2\/types\/page"}],"author":[{"embeddable":true,"href":"https:\/\/carleton.ca\/cspsc\/wp-json\/wp\/v2\/users\/2"}],"replies":[{"embeddable":true,"href":"https:\/\/carleton.ca\/cspsc\/wp-json\/wp\/v2\/comments?post=811"}],"version-history":[{"count":4,"href":"https:\/\/carleton.ca\/cspsc\/wp-json\/wp\/v2\/pages\/811\/revisions"}],"predecessor-version":[{"id":3049,"href":"https:\/\/carleton.ca\/cspsc\/wp-json\/wp\/v2\/pages\/811\/revisions\/3049"}],"wp:attachment":[{"href":"https:\/\/carleton.ca\/cspsc\/wp-json\/wp\/v2\/media?parent=811"}],"wp:term":[{"taxonomy":"cu_page_type","embeddable":true,"href":"https:\/\/carleton.ca\/cspsc\/wp-json\/wp\/v2\/cu_page_type?post=811"}],"curies":[{"name":"wp","href":"https:\/\/api.w.org\/{rel}","templated":true}]}}