{"id":903,"date":"2018-07-25T12:31:59","date_gmt":"2018-07-25T16:31:59","guid":{"rendered":"https:\/\/carleton.ca\/cuopen\/?page_id=903"},"modified":"2018-07-26T16:26:15","modified_gmt":"2018-07-26T20:26:15","slug":"open-textbooks","status":"publish","type":"page","link":"https:\/\/carleton.ca\/cuopen\/open-textbooks\/","title":{"rendered":"Open Textbooks"},"content":{"rendered":"<p>cuOpen currently provides access to a handful of open textbooks that you can adopt and adapt for your own use.<\/p>\n<h3><a href=\"http:\/\/opendatastructures.org\/newhtml\/ods\/latex\/index.html\">Open Data Structures<\/a><\/h3>\n<p>Author: Pat Morin<\/p>\n<p>Every com\u00adputer sci\u00adence cur\u00adricu\u00adlum in the world in\u00adcludes a course on data struc\u00adtures and al\u00adgo\u00adrithms. Data struc\u00adtures are that im\u00adpor\u00adtant; they im\u00adprove our qual\u00adity of life and even save lives on a reg\u00adu\u00adlar basis. Many multi-mil\u00adlion and sev\u00aderal multi-bil\u00adlion dol\u00adlar com\u00adpa\u00adnies have been built around data struc\u00adtures. If we stop to think about it, we re\u00adal\u00adize that we in\u00adter\u00adact with data struc\u00adtures con\u00adstantly.<\/p>\n<p>The eTextbook, Open Data Structures, includes approximately 80 interactive videos and online exercises and expanding the user experience by making it more accessible with transcripts, captions etc. Each interactive module will be self-contained, so that it can be used as a resource by instructors working from any textbook. text includes 40 modules arranged into 14 chapters each of which will consist of two to five interactive videos, each being two to five minutes in length, and having at least one self-assessment exercise and discussion questions. A typical student using a module will spend 10-20 minutes watching videos and 40-60 minutes doing in-video and post-video exercises.<\/p>\n<p style=\"text-align: right;\"><a href=\"http:\/\/opendatastructures.org\/newhtml\/ods\/latex\/index.html\">Click here to view the textbook.<\/a><\/p>\n<h3>Digital Archeology<\/h3>\n<p>Summary coming soon.<\/p>\n<h3>Alg\u00e8bre Lin\u00e9aire et Applications<\/h3>\n<p>Authors:\u00a0Kevin Cheung, Mathieu Lemire<\/p>\n<p>Le but de ce manuel est de donner une base solide en alg\u00e8bre lin\u00e9aire aux \u00e9tudiants ayant l\u2019intention de poursuivre des \u00e9tudes dans des domaines appliqu\u00e9s des sciences, de ing\u00e9nierie et des statistiques. Ce manuel est divis\u00e9 en deux parties. La partie I est une introduction \u00e0 l\u2019alg\u00e8bre lin\u00e9aire. La partie II aborde des sujets de niveaux interm\u00e9diaire, culminant \u00e0 une discussion sur la d\u00e9composition en valeurs singuli\u00e8res, qui est devenu un puissant outil d\u2019analyse des donn\u00e9es et d\u2019applications en ing\u00e9nierie. Le manuel se termine par que quelques applications.<\/p>\n<p>Ce manuel met l\u2019accent sur les m\u00e9thodes de calcul et les r\u00e9sultats. \u00c0 quelques exceptions pr\u00e8s, les aspects th\u00e9oriques des sujets discut\u00e9s sont aussi trait\u00e9s en d\u00e9tail. Il est ainsi possible de choisir combien de temps consacrer aux aspects th\u00e9oretiques de chaque sujet.<\/p>\n<p>Le d\u00e9veloppement de ce manuel a \u00e9t\u00e9 soutenu et financ\u00e9 par\u00a0<a id=\"LPlnk762078\" href=\"https:\/\/www.ecampusontario.ca\/\" target=\"_blank\" rel=\"noopener noreferrer\" data-auth=\"NotApplicable\"><span style=\"color: #1040d4;\">eCampusOntario<\/span><\/a>.<\/p>\n<p style=\"text-align: right;\"><a href=\"http:\/\/people.math.carleton.ca\/~kcheung\/math\/books\/manuel-AL\/\">Click here to view the textbook.<\/a><\/p>\n<h3>A Gentle Introduction to the Art of Mathematics &#8211; Adapted<\/h3>\n<p>Adapted for eCampusOntario Joe Fields, Southern Connecticut State University, U.S.A. 2018-04-05.<\/p>\n<p style=\"text-align: right;\"><a href=\"http:\/\/people.math.carleton.ca\/~kcheung\/math\/books\/giam-ON\/\">Click here to view the textbook.<\/a><\/p>\n","protected":false},"excerpt":{"rendered":"<p>cuOpen currently provides access to a handful of open textbooks that you can adopt and adapt for your own use. Open Data Structures Author: Pat Morin Every com\u00adputer sci\u00adence cur\u00adricu\u00adlum in the world in\u00adcludes a course on data struc\u00adtures and al\u00adgo\u00adrithms. Data struc\u00adtures are that im\u00adpor\u00adtant; they im\u00adprove our qual\u00adity of life and even save [&hellip;]<\/p>\n","protected":false},"author":4,"featured_media":0,"parent":0,"menu_order":0,"comment_status":"closed","ping_status":"closed","template":"","meta":{"_relevanssi_hide_post":"","_relevanssi_hide_content":"","_relevanssi_pin_for_all":"","_relevanssi_pin_keywords":"","_relevanssi_unpin_keywords":"","_relevanssi_related_keywords":"","_relevanssi_related_include_ids":"","_relevanssi_related_exclude_ids":"","_relevanssi_related_no_append":"","_relevanssi_related_not_related":"","_relevanssi_related_posts":"","_relevanssi_noindex_reason":"","_mi_skip_tracking":false,"_exactmetrics_sitenote_active":false,"_exactmetrics_sitenote_note":"","_exactmetrics_sitenote_category":0,"footnotes":"","_links_to":"","_links_to_target":""},"yoast_head":"<!-- This site is optimized with the Yoast SEO plugin v21.2 - https:\/\/yoast.com\/wordpress\/plugins\/seo\/ -->\n<title>Open Textbooks - CU Open<\/title>\n<meta name=\"description\" content=\"cuOpen currently provides access to a handful of open textbooks that you can adopt and adapt for your own use. Open Data Structures Author: Pat Morin\" \/>\n<meta name=\"robots\" content=\"index, follow, max-snippet:-1, max-image-preview:large, max-video-preview:-1\" \/>\n<link rel=\"canonical\" href=\"https:\/\/carleton.ca\/cuopen\/open-textbooks\/\" \/>\n<meta name=\"twitter:label1\" content=\"Est. reading time\" \/>\n\t<meta name=\"twitter:data1\" content=\"2 minutes\" \/>\n<script type=\"application\/ld+json\" class=\"yoast-schema-graph\">{\"@context\":\"https:\/\/schema.org\",\"@graph\":[{\"@type\":\"WebPage\",\"@id\":\"https:\/\/carleton.ca\/cuopen\/open-textbooks\/\",\"url\":\"https:\/\/carleton.ca\/cuopen\/open-textbooks\/\",\"name\":\"Open Textbooks - CU Open\",\"isPartOf\":{\"@id\":\"https:\/\/carleton.ca\/cuopen\/#website\"},\"datePublished\":\"2018-07-25T16:31:59+00:00\",\"dateModified\":\"2018-07-26T20:26:15+00:00\",\"description\":\"cuOpen currently provides access to a handful of open textbooks that you can adopt and adapt for your own use. Open Data Structures Author: Pat Morin\",\"breadcrumb\":{\"@id\":\"https:\/\/carleton.ca\/cuopen\/open-textbooks\/#breadcrumb\"},\"inLanguage\":\"en-US\",\"potentialAction\":[{\"@type\":\"ReadAction\",\"target\":[\"https:\/\/carleton.ca\/cuopen\/open-textbooks\/\"]}]},{\"@type\":\"BreadcrumbList\",\"@id\":\"https:\/\/carleton.ca\/cuopen\/open-textbooks\/#breadcrumb\",\"itemListElement\":[{\"@type\":\"ListItem\",\"position\":1,\"name\":\"Home\",\"item\":\"https:\/\/carleton.ca\/cuopen\/\"},{\"@type\":\"ListItem\",\"position\":2,\"name\":\"Open Textbooks\"}]},{\"@type\":\"WebSite\",\"@id\":\"https:\/\/carleton.ca\/cuopen\/#website\",\"url\":\"https:\/\/carleton.ca\/cuopen\/\",\"name\":\"CU Open\",\"description\":\"Carleton University\",\"potentialAction\":[{\"@type\":\"SearchAction\",\"target\":{\"@type\":\"EntryPoint\",\"urlTemplate\":\"https:\/\/carleton.ca\/cuopen\/?s={search_term_string}\"},\"query-input\":\"required name=search_term_string\"}],\"inLanguage\":\"en-US\"}]}<\/script>\n<!-- \/ Yoast SEO plugin. -->","yoast_head_json":{"title":"Open Textbooks - CU Open","description":"cuOpen currently provides access to a handful of open textbooks that you can adopt and adapt for your own use. Open Data Structures Author: Pat Morin","robots":{"index":"index","follow":"follow","max-snippet":"max-snippet:-1","max-image-preview":"max-image-preview:large","max-video-preview":"max-video-preview:-1"},"canonical":"https:\/\/carleton.ca\/cuopen\/open-textbooks\/","twitter_misc":{"Est. reading time":"2 minutes"},"schema":{"@context":"https:\/\/schema.org","@graph":[{"@type":"WebPage","@id":"https:\/\/carleton.ca\/cuopen\/open-textbooks\/","url":"https:\/\/carleton.ca\/cuopen\/open-textbooks\/","name":"Open Textbooks - CU Open","isPartOf":{"@id":"https:\/\/carleton.ca\/cuopen\/#website"},"datePublished":"2018-07-25T16:31:59+00:00","dateModified":"2018-07-26T20:26:15+00:00","description":"cuOpen currently provides access to a handful of open textbooks that you can adopt and adapt for your own use. Open Data Structures Author: Pat Morin","breadcrumb":{"@id":"https:\/\/carleton.ca\/cuopen\/open-textbooks\/#breadcrumb"},"inLanguage":"en-US","potentialAction":[{"@type":"ReadAction","target":["https:\/\/carleton.ca\/cuopen\/open-textbooks\/"]}]},{"@type":"BreadcrumbList","@id":"https:\/\/carleton.ca\/cuopen\/open-textbooks\/#breadcrumb","itemListElement":[{"@type":"ListItem","position":1,"name":"Home","item":"https:\/\/carleton.ca\/cuopen\/"},{"@type":"ListItem","position":2,"name":"Open Textbooks"}]},{"@type":"WebSite","@id":"https:\/\/carleton.ca\/cuopen\/#website","url":"https:\/\/carleton.ca\/cuopen\/","name":"CU Open","description":"Carleton University","potentialAction":[{"@type":"SearchAction","target":{"@type":"EntryPoint","urlTemplate":"https:\/\/carleton.ca\/cuopen\/?s={search_term_string}"},"query-input":"required name=search_term_string"}],"inLanguage":"en-US"}]}},"acf":{"banner_image_type":"none"},"_links":{"self":[{"href":"https:\/\/carleton.ca\/cuopen\/wp-json\/wp\/v2\/pages\/903"}],"collection":[{"href":"https:\/\/carleton.ca\/cuopen\/wp-json\/wp\/v2\/pages"}],"about":[{"href":"https:\/\/carleton.ca\/cuopen\/wp-json\/wp\/v2\/types\/page"}],"author":[{"embeddable":true,"href":"https:\/\/carleton.ca\/cuopen\/wp-json\/wp\/v2\/users\/4"}],"replies":[{"embeddable":true,"href":"https:\/\/carleton.ca\/cuopen\/wp-json\/wp\/v2\/comments?post=903"}],"version-history":[{"count":3,"href":"https:\/\/carleton.ca\/cuopen\/wp-json\/wp\/v2\/pages\/903\/revisions"}],"predecessor-version":[{"id":915,"href":"https:\/\/carleton.ca\/cuopen\/wp-json\/wp\/v2\/pages\/903\/revisions\/915"}],"wp:attachment":[{"href":"https:\/\/carleton.ca\/cuopen\/wp-json\/wp\/v2\/media?parent=903"}],"curies":[{"name":"wp","href":"https:\/\/api.w.org\/{rel}","templated":true}]}}