{"version":"1.0","provider_name":"Donald Smith","provider_url":"https:\/\/carleton.ca\/donsmith","author_name":"cuthemeedtr5","author_url":"https:\/\/carleton.ca\/donsmith\/author\/cuthemeedtr5\/","title":"Esquerra, centre, dreta: etiquetes enganyoses - Donald Smith","type":"rich","width":600,"height":338,"html":"<blockquote class=\"wp-embedded-content\" data-secret=\"dkwo7OnlBj\"><a href=\"https:\/\/carleton.ca\/donsmith\/cat4\/un-canadenc-a-catalunya\/\">Esquerra, centre, dreta: etiquetes enganyoses<\/a><\/blockquote><iframe sandbox=\"allow-scripts\" security=\"restricted\" src=\"https:\/\/carleton.ca\/donsmith\/cat4\/un-canadenc-a-catalunya\/embed\/#?secret=dkwo7OnlBj\" width=\"600\" height=\"338\" title=\"&#8220;Esquerra, centre, dreta: etiquetes enganyoses&#8221; &#8212; Donald Smith\" data-secret=\"dkwo7OnlBj\" frameborder=\"0\" marginwidth=\"0\" marginheight=\"0\" scrolling=\"no\" class=\"wp-embedded-content\"><\/iframe><script type=\"text\/javascript\">\n\/* <![CDATA[ *\/\n\/*! This file is auto-generated *\/\n!function(d,l){\"use strict\";l.querySelector&&d.addEventListener&&\"undefined\"!=typeof URL&&(d.wp=d.wp||{},d.wp.receiveEmbedMessage||(d.wp.receiveEmbedMessage=function(e){var t=e.data;if((t||t.secret||t.message||t.value)&&!\/[^a-zA-Z0-9]\/.test(t.secret)){for(var s,r,n,a=l.querySelectorAll('iframe[data-secret=\"'+t.secret+'\"]'),o=l.querySelectorAll('blockquote[data-secret=\"'+t.secret+'\"]'),c=new RegExp(\"^https?:$\",\"i\"),i=0;i<o.length;i++)o[i].style.display=\"none\";for(i=0;i<a.length;i++)s=a[i],e.source===s.contentWindow&&(s.removeAttribute(\"style\"),\"height\"===t.message?(1e3<(r=parseInt(t.value,10))?r=1e3:~~r<200&&(r=200),s.height=r):\"link\"===t.message&&(r=new URL(s.getAttribute(\"src\")),n=new URL(t.value),c.test(n.protocol))&&n.host===r.host&&l.activeElement===s&&(d.top.location.href=t.value))}},d.addEventListener(\"message\",d.wp.receiveEmbedMessage,!1),l.addEventListener(\"DOMContentLoaded\",function(){for(var e,t,s=l.querySelectorAll(\"iframe.wp-embedded-content\"),r=0;r<s.length;r++)(t=(e=s[r]).getAttribute(\"data-secret\"))||(t=Math.random().toString(36).substring(2,12),e.src+=\"#?secret=\"+t,e.setAttribute(\"data-secret\",t)),e.contentWindow.postMessage({message:\"ready\",secret:t},\"*\")},!1)))}(window,document);\n\/\/# sourceURL=https:\/\/carleton.ca\/donsmith\/wp-includes\/js\/wp-embed.min.js\n\/* ]]> *\/\n<\/script>\n","description":"El Punt-Avui, 8 de novembre del 2009 &nbsp; UN CANADENC A CATALUNYA Esquerrans, dretans: malaltia pol\u00edtica francesa999 Doctor en literatura, Donald Smith \u00e9s un escriptor i catedr\u00e0tic quebequ\u00e8s que viu a Cotlliure. En aquest article \u2013escrit en catal\u00e0\u2013 reflexiona sobre les etiquetes de dreta i esquerra a la Catalunya del Nord Els neur\u00f2legs saben que [&hellip;]","thumbnail_url":"https:\/\/carleton.ca\/donsmith\/wp-content\/uploads\/sites\/203\/2026\/02\/brain.jpeg","thumbnail_width":1920,"thumbnail_height":1616}

El Punt-Avui, 8 de novembre del 2009 &nbsp; UN CANADENC A CATALUNYA Esquerrans, dretans: malaltia política francesa999 Doctor en literatura, Donald Smith és un escriptor i catedràtic quebequès que viu a Cotlliure. En aquest article –escrit en català– reflexiona sobre les etiquetes de dreta i esquerra a la Catalunya del Nord Els neuròlegs saben que [&hellip;]
