{"id":219,"date":"2017-12-05T08:44:04","date_gmt":"2017-12-05T13:44:04","guid":{"rendered":"https:\/\/carleton.ca\/donsmith\/?page_id=219"},"modified":"2026-02-05T09:52:16","modified_gmt":"2026-02-05T14:52:16","slug":"version-francaise","status":"publish","type":"page","link":"https:\/\/carleton.ca\/donsmith\/version-francaise\/","title":{"rendered":"Version fran\u00e7aise"},"content":{"rendered":"\n<section class=\"w-screen px-6 cu-section cu-section--white ml-offset-center md:px-8 lg:px-14\">\n    <div class=\"space-y-6 cu-max-w-child-5xl  md:space-y-10 cu-prose-first-last\">\n\n            <div class=\"cu-textmedia flex flex-col lg:flex-row mx-auto gap-6 md:gap-10 my-6 md:my-12 first:mt-0 max-w-5xl\">\n        <div class=\"justify-start cu-textmedia-content cu-prose-first-last\" style=\"flex: 0 0 100%;\">\n            <header class=\"font-light prose-xl cu-pageheader md:prose-2xl cu-component-updated cu-prose-first-last\">\n                                    <h1 class=\"cu-prose-first-last font-semibold !mt-2 mb-4 md:mb-6 relative after:absolute after:h-px after:bottom-0 after:bg-cu-red after:left-px text-3xl md:text-4xl lg:text-5xl lg:leading-[3.5rem] pb-5 after:w-10 text-cu-black-700 not-prose\">\n                        Version fran\u00e7aise\n                    <\/h1>\n                \n                                \n                            <\/header>\n\n                    <\/div>\n\n            <\/div>\n\n    <\/div>\n<\/section>\n\n\n\n<section class=\"w-screen px-6 cu-section cu-section--white ml-offset-center md:px-8 lg:px-14\">\n    <div class=\"space-y-6 cu-max-w-child-5xl  md:space-y-10 cu-prose-first-last\">\n\n        \n    <div class=\"grid gap-6 mx-auto my-6 cu-column md:gap-10 md:grid-cols-2 md:my-10 first:mt-0\">\n        \n<div class=\"cu-column-content\">\n    \n\n<figure class=\"wp-block-image alignfull size-large w-screen ml-offset-center cu-max-w-child-max px-4 md:px-6 lg:px-12\"><img loading=\"lazy\" decoding=\"async\" width=\"400\" height=\"350\" src=\"https:\/\/carleton.ca\/donsmith\/wp-content\/uploads\/sites\/203\/sextant-400x350.jpg\" alt=\"\" class=\"wp-image-269\" srcset=\"https:\/\/carleton.ca\/donsmith\/wp-content\/uploads\/sites\/203\/sextant-400x350.jpg 400w, https:\/\/carleton.ca\/donsmith\/wp-content\/uploads\/sites\/203\/sextant-160x140.jpg 160w, https:\/\/carleton.ca\/donsmith\/wp-content\/uploads\/sites\/203\/sextant-240x210.jpg 240w, https:\/\/carleton.ca\/donsmith\/wp-content\/uploads\/sites\/203\/sextant-768x673.jpg 768w, https:\/\/carleton.ca\/donsmith\/wp-content\/uploads\/sites\/203\/sextant-360x315.jpg 360w\" sizes=\"auto, (max-width: 400px) 100vw, 400px\" \/><\/figure>\n\n\n<\/div>\n\n\n<div class=\"cu-column-content\">\n    \n\n<p>Instrument privil\u00e9gi\u00e9 de Samuel de Champlain, le sextant est mon symbole pour vous inviter \u00e0 naviguer \u00e0 travers mes activit\u00e9s d\u2019auteur, d\u2019\u00e9diteur et de professeur. Bon voyage!<\/p>\n\n\n\n<p><a href=\"https:\/\/carleton.ca\/donsmith\/ouvrages-sur-la-litterature-le-francais-et-la-politique-du-quebec-dacadie-et-du-canada\/\">Ouvrages sur la litt\u00e9rature, le fran\u00e7ais et la politique du Qu\u00e9bec, d\u2019Acadie et du Canada<\/a><\/p>\n\n\n\n<p><a href=\"https:\/\/carleton.ca\/donsmith\/quebecamerique\/\">La collection \u00ab Litt\u00e9rature d&#8217;Am\u00e9rique : traduction \u00bb (romans canadiens-anglais et am\u00e9ricains traduits en fran\u00e7ais)&nbsp;<\/a><\/p>\n\n\n<\/div>\n\n\n    <\/div>\n\n\n    <\/div>\n<\/section>\n","protected":false},"excerpt":{"rendered":"","protected":false},"author":2,"featured_media":0,"parent":0,"menu_order":0,"comment_status":"closed","ping_status":"closed","template":"","meta":{"_acf_changed":false,"_cu_dining_location_slug":"","footnotes":"","_links_to":"","_links_to_target":""},"cu_page_type":[],"class_list":["post-219","page","type-page","status-publish","hentry"],"acf":{"cu_post_thumbnail":""},"_links":{"self":[{"href":"https:\/\/carleton.ca\/donsmith\/wp-json\/wp\/v2\/pages\/219","targetHints":{"allow":["GET"]}}],"collection":[{"href":"https:\/\/carleton.ca\/donsmith\/wp-json\/wp\/v2\/pages"}],"about":[{"href":"https:\/\/carleton.ca\/donsmith\/wp-json\/wp\/v2\/types\/page"}],"author":[{"embeddable":true,"href":"https:\/\/carleton.ca\/donsmith\/wp-json\/wp\/v2\/users\/2"}],"replies":[{"embeddable":true,"href":"https:\/\/carleton.ca\/donsmith\/wp-json\/wp\/v2\/comments?post=219"}],"version-history":[{"count":5,"href":"https:\/\/carleton.ca\/donsmith\/wp-json\/wp\/v2\/pages\/219\/revisions"}],"predecessor-version":[{"id":570,"href":"https:\/\/carleton.ca\/donsmith\/wp-json\/wp\/v2\/pages\/219\/revisions\/570"}],"wp:attachment":[{"href":"https:\/\/carleton.ca\/donsmith\/wp-json\/wp\/v2\/media?parent=219"}],"wp:term":[{"taxonomy":"cu_page_type","embeddable":true,"href":"https:\/\/carleton.ca\/donsmith\/wp-json\/wp\/v2\/cu_page_type?post=219"}],"curies":[{"name":"wp","href":"https:\/\/api.w.org\/{rel}","templated":true}]}}