{"id":206,"date":"2024-11-25T17:51:51","date_gmt":"2024-11-25T22:51:51","guid":{"rendered":"https:\/\/carleton.ca\/eetn\/?page_id=206"},"modified":"2025-04-22T03:05:17","modified_gmt":"2025-04-22T07:05:17","slug":"experts","status":"publish","type":"page","link":"https:\/\/carleton.ca\/eetn\/experts\/","title":{"rendered":"Experts"},"content":{"rendered":"\n<section class=\"w-screen px-6 cu-section cu-section--white ml-offset-center md:px-8 lg:px-14\">\n    <div class=\"space-y-6 cu-max-w-child-max  md:space-y-10 cu-prose-first-last\">\n\n        \n                    \n                    \n            \n    <div class=\"cu-wideimage relative flex items-center justify-center mx-auto px-8 overflow-hidden md:px-16 rounded-xl not-prose  my-6 md:my-12 first:mt-0 bg-opacity-50 bg-cover bg-cu-black-50 py-24 md:py-28 lg:py-36 xl:py-48\" style=\"background-image: url(https:\/\/carleton.ca\/eetn\/wp-content\/uploads\/sites\/44\/2025\/04\/Expert-Design-Page-3.png); background-position: 50% 47%;\">\n\n                    <div class=\"absolute top-0 w-full h-screen\" style=\"background-color:rgba(0,0,0,0.660);\"><\/div>\n        \n        <div class=\"relative z-[2] max-w-4xl w-full flex flex-col items-center gap-2 cu-wideimage-image cu-zero-first-last\">\n            <header class=\"mx-auto mb-6 text-center text-white cu-pageheader cu-component-updated cu-pageheader--center md:mb-12\">\n\n                                    <h1 class=\"cu-prose-first-last font-semibold mb-2 text-3xl md:text-4xl lg:text-5xl lg:leading-[3.5rem] cu-pageheader--center text-center mx-auto after:left-px\">\n                        Experts\n                    <\/h1>\n                \n                            <\/header>\n        <\/div>\n\n            <\/div>\n\n    \n\n    <\/div>\n<\/section>\n\n\n\n<figure class=\"wp-block-image alignright size-full is-resized\"><img loading=\"lazy\" decoding=\"async\" width=\"500\" height=\"500\" src=\"https:\/\/carleton.ca\/eetn\/wp-content\/uploads\/sites\/44\/2024\/10\/EETN-Logo-Transparent.png\" alt=\"\" class=\"wp-image-89\" style=\"width:140px;height:auto\" srcset=\"https:\/\/carleton.ca\/eetn\/wp-content\/uploads\/sites\/44\/2024\/10\/EETN-Logo-Transparent.png 500w, https:\/\/carleton.ca\/eetn\/wp-content\/uploads\/sites\/44\/2024\/10\/EETN-Logo-Transparent-320x320.png 320w, https:\/\/carleton.ca\/eetn\/wp-content\/uploads\/sites\/44\/2024\/10\/EETN-Logo-Transparent-200x200.png 200w\" sizes=\"auto, (max-width: 500px) 100vw, 500px\" \/><\/figure>\n\n\n\n<p>The EETN includes collaborators from various Canadian and international academic institutions, think tanks, and non-governmental organizations, who will be advising and providing support on aspects of the proposed research. Explore the list of collaborators below.<\/p>\n\n\n\n<h2 id=\"network-members\" class=\"wp-block-heading\">Network Members<\/h2>\n\n\n\n<ul class=\"wp-block-list\">\n<li><a href=\"https:\/\/www.forsvaret.no\/en\/research\/staff\/baekken-havard\">H\u00e5vard B\u00e6kken<\/a> &#8211; Norwegian Defence University College, Institute for Defence Studies<\/li>\n\n\n\n<li><a href=\"https:\/\/natoassociation.ca\/robert-baines\/\">Robert Baines<\/a> &#8211; NATO Association of Canada<\/li>\n\n\n\n<li><a href=\"https:\/\/www.queensu.ca\/politics\/people\/zsuzsa-csergo\">Zsuzsa Csergo<\/a> &#8211; Queens University, Centre for the Study of Democracy and Diversity; Department of Political Studies<\/li>\n\n\n\n<li><a href=\"https:\/\/carleton.ca\/eurus\/people\/debardeleben-joan\/\">Joan DeBardeleben<\/a> &#8211; Carleton University, Institute of European, Russian and Eurasian Studies<\/li>\n\n\n\n<li><a href=\"https:\/\/macdonaldlaurier.ca\/cm-expert\/balkan-devlen\/\">Balkan Devlen<\/a> &#8211; Macdonald Laurier Institute<\/li>\n\n\n\n<li><a href=\"https:\/\/pol.umontreal.ca\/repertoire-departement\/professeurs\/professeur\/in\/in15246\/sg\/Magdalena%20Dembinska\/\">Magdalena Dembinska<\/a> &#8211; Universit\u00e9 de Montr\u00e9al, D\u00e9partement de science politique<\/li>\n\n\n\n<li><a href=\"https:\/\/www.forsvaret.no\/en\/research\/staff\/eggen-karen-anna\">Karen-Anna Eggen<\/a> &#8211; Norwegian Defence University College, Ukraine Programme, Institute for Defence Studies<\/li>\n\n\n\n<li><a href=\"https:\/\/carleton.ca\/polisci\/people\/geiger-martin\/\">Martin Geiger<\/a> &#8211; Carleton University, Institute of European, Russian and Eurasian Studies<\/li>\n\n\n\n<li><a href=\"https:\/\/www.forsvaret.no\/en\/research\/staff\/hilde-paal-sigurd\">Paal Sigurd Hilde<\/a> &#8211; Norwegian Defence University College, Institute for Defence Studies<\/li>\n\n\n\n<li><a href=\"https:\/\/www.mcgill.ca\/politicalscience\/juliet-johnson\">Juliet Johnson<\/a> &#8211; McGill University, Department of Political Science<\/li>\n\n\n\n<li><a href=\"https:\/\/freeuni.edu.ge\/en\/details?person=TinaTin%20qarosaniZe\">Tinatin Karosanidze<\/a> &#8211; Free University of Tbilisi, School of International Relations, Rondeli Foundation<\/li>\n\n\n\n<li><a href=\"https:\/\/fiia.fi\/en\/expert\/jussi-lassila\">Jussi Lassila<\/a> &#8211; Finnish Institute of International Affairs, Russia, EU\u2019s Eastern Neighbourhood and Eurasia<\/li>\n\n\n\n<li><a href=\"https:\/\/freeuni.edu.ge\/ge\/details\/?person=Aleksandre-Latsabidze\">Alexander Latsabidze<\/a> &#8211; Free University of Tbilisi, School of International Relations<\/li>\n\n\n\n<li><a href=\"https:\/\/fiia.fi\/en\/expert\/arkady-moshes\">Arkady Moshes<\/a> &#8211; Finnish Institute of International Affairs, Russia, EU\u2019s Eastern Neighbourhood and Eurasia<\/li>\n\n\n\n<li><a href=\"https:\/\/fiia.fi\/en\/expert\/ryhor-nizhnikau\">Ryhor Nizhnikau<\/a> &#8211; Finnish Institute of International Affairs, Russia, EU\u2019s Eastern Neighbourhood and Eurasia<\/li>\n\n\n\n<li><a href=\"https:\/\/www.ibei.org\/en\/anastassia-obydenkova_110316\">Anastassia Obydenkova<\/a> &#8211; Institute for Economic Analysis of the Spanish National Research Council, Senior Research Fellow<\/li>\n\n\n\n<li><a href=\"https:\/\/www.forsvaret.no\/en\/research\/staff\/opdahl-ingerid-maria\">Ingerid Opdahl<\/a> &#8211; Norwegian Defence University College, Centre for Security Policy, Institute for Defence Studies<\/li>\n\n\n\n<li><a href=\"https:\/\/www.mcgill.ca\/politicalscience\/maria-popova\">Maria Popova<\/a> &#8211; McGill University, Department of Political Science<\/li>\n\n\n\n<li><a href=\"https:\/\/www.forsvaret.no\/en\/research\/staff\/roseth-tom\">Tom R\u00f8seth<\/a> &#8211; Norwegian Defence University College, Ukraine Programme, Institute for Defence Studies<\/li>\n\n\n\n<li><a href=\"https:\/\/www.lai.lv\/site\/attachments\/04\/02\/2012\/cv-toms-en.pdf\">Toms Rostoks<\/a> &#8211; University of Latvia, Associate Professor<\/li>\n\n\n\n<li><a href=\"https:\/\/www.forsvaret.no\/en\/research\/staff\/saether-tobias\">Tobias S\u00e6ther<\/a> &#8211; Norwegian Defence University College, Ukraine Programme, Institute for Defence Studies<\/li>\n\n\n\n<li><a href=\"https:\/\/www.utm.utoronto.ca\/political-science\/people\/ed-schatz\">Edward Schatz<\/a> &#8211; University of Toronto, Department of Political Science<\/li>\n\n\n\n<li><a href=\"https:\/\/www.langerresearch.com\/our-depth\/david-sichinava\/\">David Sichinava<\/a> &#8211; Langer Research Associates<\/li>\n\n\n\n<li><a href=\"https:\/\/fiia.fi\/en\/expert\/kristiina-silvan\">Kristiina Silvan<\/a> &#8211; Finnish Institute of International Affairs, Russia, EU\u2019s Eastern Neighbourhood and Eurasia<\/li>\n\n\n\n<li><a href=\"https:\/\/politics.ubc.ca\/profile\/lisa-sundstrom\/\">Lisa McIntosh Sundstrom<\/a> &#8211; University of British Columbia, Department of Political Science<\/li>\n\n\n\n<li><a href=\"https:\/\/fiia.fi\/sv\/person\/margarita-zavadskaya\">Margarita Zavadskaya<\/a> &#8211; Finnish Institute of International Affairs, Russia, EU\u2019s Eastern Neighbourhood and Eurasia<\/li>\n<\/ul>\n\n\n\n<p><\/p>\n","protected":false},"excerpt":{"rendered":"<p>The EETN includes collaborators from various Canadian and international academic institutions, think tanks, and non-governmental organizations, who will be advising and providing support on aspects of the proposed research. Explore the list of collaborators below. Network Members<\/p>\n","protected":false},"author":127,"featured_media":0,"parent":0,"menu_order":0,"comment_status":"closed","ping_status":"closed","template":"","meta":{"_acf_changed":false,"_cu_dining_location_slug":"","footnotes":"","_links_to":"","_links_to_target":""},"cu_page_type":[14],"class_list":["post-206","page","type-page","status-publish","hentry","cu_page_type-general"],"acf":{"cu_post_thumbnail":""},"_links":{"self":[{"href":"https:\/\/carleton.ca\/eetn\/wp-json\/wp\/v2\/pages\/206","targetHints":{"allow":["GET"]}}],"collection":[{"href":"https:\/\/carleton.ca\/eetn\/wp-json\/wp\/v2\/pages"}],"about":[{"href":"https:\/\/carleton.ca\/eetn\/wp-json\/wp\/v2\/types\/page"}],"author":[{"embeddable":true,"href":"https:\/\/carleton.ca\/eetn\/wp-json\/wp\/v2\/users\/127"}],"replies":[{"embeddable":true,"href":"https:\/\/carleton.ca\/eetn\/wp-json\/wp\/v2\/comments?post=206"}],"version-history":[{"count":4,"href":"https:\/\/carleton.ca\/eetn\/wp-json\/wp\/v2\/pages\/206\/revisions"}],"predecessor-version":[{"id":1256,"href":"https:\/\/carleton.ca\/eetn\/wp-json\/wp\/v2\/pages\/206\/revisions\/1256"}],"wp:attachment":[{"href":"https:\/\/carleton.ca\/eetn\/wp-json\/wp\/v2\/media?parent=206"}],"wp:term":[{"taxonomy":"cu_page_type","embeddable":true,"href":"https:\/\/carleton.ca\/eetn\/wp-json\/wp\/v2\/cu_page_type?post=206"}],"curies":[{"name":"wp","href":"https:\/\/api.w.org\/{rel}","templated":true}]}}