{"id":167,"date":"2016-09-08T11:57:15","date_gmt":"2016-09-08T15:57:15","guid":{"rendered":"http:\/\/carleton.ca\/eotf\/?page_id=167"},"modified":"2016-09-12T15:13:14","modified_gmt":"2016-09-12T19:13:14","slug":"university-of-ottawa","status":"publish","type":"page","link":"https:\/\/carleton.ca\/eotf\/university-of-ottawa\/","title":{"rendered":"University of Ottawa"},"content":{"rendered":"<h4 align=\"center\">A crossroads of cultures and ideas.<\/h4>\n<div align=\"center\"><font size=\"3\">75 Laurier Ave E.<\/font><\/div>\n<div align=\"center\"><font size=\"3\">Ottawa, ON K1N 6N5<\/font><\/div>\n<div align=\"center\"><font size=\"3\">(613) 562-5700<\/font><\/div>\n<div align=\"center\"><font size=\"3\"><a href=\"http:\/\/www.uottawa.ca\" target=\"_blank\">http:\/\/www.uottawa.ca<\/a><\/font><\/div>\n<\/p>\n<p>The University of Ottawa is a bilingual public research university in Ottawa, Ontario, Canada. The main campus is located on 42.5 hectares in the residential neighbourhood of Sandy Hill, adjacent to Ottawa&#8217;s Rideau Canal.<\/p>\n<div id=\"attachment_241\" class=\"wp-caption aligncenter\" style=\"width: 725px\"><img decoding=\"async\" loading=\"lazy\" src=\"http:\/\/carleton.ca\/eotf\/wp-content\/uploads\/uottawa_scene_725w.jpg\" alt=\"Ottawa\" width=\"725\" height=\"200\" class=\"size-full wp-image-241\" srcset=\"https:\/\/carleton.ca\/eotf\/wp-content\/uploads\/uottawa_scene_725w.jpg 725w, https:\/\/carleton.ca\/eotf\/wp-content\/uploads\/uottawa_scene_725w-160x44.jpg 160w, https:\/\/carleton.ca\/eotf\/wp-content\/uploads\/uottawa_scene_725w-240x66.jpg 240w, https:\/\/carleton.ca\/eotf\/wp-content\/uploads\/uottawa_scene_725w-400x110.jpg 400w, https:\/\/carleton.ca\/eotf\/wp-content\/uploads\/uottawa_scene_725w-360x99.jpg 360w\" sizes=\"(max-width: 725px) 100vw, 725px\" \/><p class=\"wp-caption-text\">Ottawa<\/p><\/div>\n<hr>\n<\/p>\n<p><strong>Courses<\/strong><br \/>\nWith the University of Ottawa&#8217;s online courses, you can meet with your professor and classmates online, exchanging ideas and doing activities together just as you would in a traditional course. The time commitment required for this course and its content is the same as for a traditional course. You carry out your course work, including online discussions, papers and other activities,  from September to December for the Fall session and from January to April for the Winter session. You also follow the same important academic dates and deadlines.<\/p>\n<p><a href=\"http:\/\/www.uottawa.ca\/undergraduate-course-registration\/courses-offered-entirely-online\" target=\"_blank\">Click here<\/a> for more information about the University&#8217;s of Ottawa&#8217;s courses.<\/p>\n<table width=\"100%\" border=\"0\" cellspacing=\"1\" cellpadding=\"1\">\n<tr>\n<td><strong>Communication<\/strong><\/td>\n<\/tr>\n<tr>\n<td>CMN1160- Introduction to Media Studies &#8211; Winter<\/td>\n<\/tr>\n<tr>\n<td>CMN1560- Introduction \u00e0 l&#8217;\u00e9tude des m\u00e9dias &#8211; Winter<\/td>\n<\/tr>\n<tr>\n<td><strong>History<\/strong><\/td>\n<\/tr>\n<tr>\n<td>HIS1111- The Twentieth-Century World from 1945 &#8211; Fall<\/td>\n<\/tr>\n<tr>\n<td>HIS3397- Selected Topics in History &#8211; Winter<\/td>\n<\/tr>\n<tr>\n<td><strong>Translation<\/strong><\/td>\n<\/tr>\n<tr>\n<td>TRA3555- Initiation \u00e0 la terminologie et \u00e0 la terminotique \u2013 Fall<\/td>\n<\/tr>\n<tr>\n<td><strong>Health Sciences<\/strong><\/td>\n<\/tr>\n<tr>\n<td>HSS1101- Determinants of Health \u2013 Winter<\/td>\n<\/tr>\n<tr>\n<td>HSS1501- D\u00e9terminants de sant\u00e9 \u2013 Winter<\/td>\n<\/tr>\n<tr>\n<td><strong>Human Kinetics<\/strong><\/td>\n<\/tr>\n<tr>\n<td>APA4100- Research Project &#8211; Fall and Winter<\/td>\n<\/tr>\n<tr>\n<td>APA4500- Projet de recherche &#8211; Fall and Winter<\/td>\n<\/tr>\n<tr>\n<td>Interprofessional Health Care Practice<\/td>\n<\/tr>\n<tr>\n<td>SAI4120- Interprofessional Health Care Practice \u2013 Winter<\/td>\n<\/tr>\n<tr>\n<td>SAI4520- Pratique interprofessionnelle en soins de sant\u00e9 \u2013 Winter<\/td>\n<\/tr>\n<tr>\n<td><strong>Nursing<\/strong><\/td>\n<\/tr>\n<tr>\n<td>NSG4101- History of Canadian Nursing, 1850-1975 &#8211; Winter<\/td>\n<\/tr>\n<tr>\n<td>NSG4501- Histoire des soins infirmiers canadiens \u2013 1850 \u00e01975 \u2013 Winter<\/td>\n<\/tr>\n<tr>\n<td>NSG4505- Soins infirmiers de la grossesse \u00e0 risques \u2013 Volet ant\u00e9partum &#8211; Fall<\/td>\n<\/tr>\n<tr>\n<td>NSG4570- Les principes et les pratiques de l\u2019allaitement maternel &#8211; Winter<\/td>\n<\/tr>\n<tr>\n<td><strong>Droit (certificate)<\/strong><\/td>\n<\/tr>\n<tr>\n<td>DCC2303- Legal Aspects of Human Rights &#8211; Fall and Winter<\/td>\n<\/tr>\n<tr>\n<td>DCC2703- Dimensions juridiques des droits de la personne &#8211; Fall and Winter<\/td>\n<\/tr>\n<tr>\n<td>DCC3110- Inter-American System of Human Rights &#8211; Fall and winter<\/td>\n<\/tr>\n<tr>\n<td>DCC3111- Human Rights in the Age of Universal Declaration &#8211; Winter<\/td>\n<\/tr>\n<tr>\n<td>DCC3112- Human Rights and Justice in Africa: Theory and Practice &#8211; Fall and Winter<\/td>\n<\/tr>\n<tr>\n<td>DCC3512- Droits de la personne et justice en Afrique : th\u00e9orie et pratique &#8211; Winter<\/td>\n<\/tr>\n<tr>\n<td><strong>Mathematics<\/strong><\/td>\n<\/tr>\n<tr>\n<td>MAT1339- Introduction to Calculus and Vectors &#8211; Fall<\/td>\n<\/tr>\n<tr>\n<td>MAT1720- Calcul diff\u00e9rentiel et int\u00e9gral I &#8211; Fall<\/td>\n<\/tr>\n<tr>\n<td>MAT1739- Introduction au calcul et vecteurs &#8211; Fall<\/td>\n<\/tr>\n<tr>\n<td>Conflict Studies and Human Rights<\/td>\n<\/tr>\n<tr>\n<td>ECH3330- Special Topics in Conflict Studies and Human Rights \u2013 Winter<\/td>\n<\/tr>\n<tr>\n<td><strong>Political Science<\/strong><\/td>\n<\/tr>\n<tr>\n<td>POL1501- Introduction \u00e0 la science politique &#8211; Fall<\/td>\n<\/tr>\n<tr>\n<td><strong>Psychology<\/strong><\/td>\n<\/tr>\n<tr>\n<td>PSY1501- Introduction \u00e0 la psychologie : fondements &#8211; Fall<\/td>\n<\/tr>\n<tr>\n<td>PSY2105- Child Development &#8211; Winter<\/td>\n<\/tr>\n<tr>\n<td><strong>Sociology<\/strong><\/td>\n<\/tr>\n<tr>\n<td>SOC1501- \u00c9l\u00e9ments de sociologie &#8211; Fall<\/td>\n<\/tr>\n<\/table>\n","protected":false},"excerpt":{"rendered":"<p>A crossroads of cultures and ideas. 75 Laurier Ave E. Ottawa, ON K1N 6N5 (613) 562-5700 http:\/\/www.uottawa.ca The University of Ottawa is a bilingual public research university in Ottawa, Ontario, Canada. The main campus is located on 42.5 hectares in the residential neighbourhood of Sandy Hill, adjacent to Ottawa&#8217;s Rideau Canal. Courses With the University [&hellip;]<\/p>\n","protected":false},"author":4,"featured_media":0,"parent":0,"menu_order":0,"comment_status":"closed","ping_status":"closed","template":"","meta":{"_relevanssi_hide_post":"","_relevanssi_hide_content":"","_relevanssi_pin_for_all":"","_relevanssi_pin_keywords":"","_relevanssi_unpin_keywords":"","_relevanssi_related_keywords":"","_relevanssi_related_include_ids":"","_relevanssi_related_exclude_ids":"","_relevanssi_related_no_append":"","_relevanssi_related_not_related":"","_relevanssi_related_posts":"","_relevanssi_noindex_reason":"","_mi_skip_tracking":false,"_exactmetrics_sitenote_active":false,"_exactmetrics_sitenote_note":"","_exactmetrics_sitenote_category":0,"footnotes":"","_links_to":"","_links_to_target":""},"yoast_head":"<!-- This site is optimized with the Yoast SEO plugin v21.2 - https:\/\/yoast.com\/wordpress\/plugins\/seo\/ -->\n<title>University of Ottawa - Eastern Ontario Task Force<\/title>\n<meta name=\"description\" content=\"A crossroads of cultures and ideas. 75 Laurier Ave E. Ottawa, ON K1N 6N5 (613) 562-5700 http:\/\/www.uottawa.ca The University of Ottawa is a bilingual\" \/>\n<meta name=\"robots\" content=\"index, follow, max-snippet:-1, max-image-preview:large, max-video-preview:-1\" \/>\n<link rel=\"canonical\" href=\"https:\/\/carleton.ca\/eotf\/university-of-ottawa\/\" \/>\n<meta name=\"twitter:label1\" content=\"Est. reading time\" \/>\n\t<meta name=\"twitter:data1\" content=\"2 minutes\" \/>\n<script type=\"application\/ld+json\" class=\"yoast-schema-graph\">{\"@context\":\"https:\/\/schema.org\",\"@graph\":[{\"@type\":\"WebPage\",\"@id\":\"https:\/\/carleton.ca\/eotf\/university-of-ottawa\/\",\"url\":\"https:\/\/carleton.ca\/eotf\/university-of-ottawa\/\",\"name\":\"University of Ottawa - Eastern Ontario Task Force\",\"isPartOf\":{\"@id\":\"https:\/\/carleton.ca\/eotf\/#website\"},\"datePublished\":\"2016-09-08T15:57:15+00:00\",\"dateModified\":\"2016-09-12T19:13:14+00:00\",\"description\":\"A crossroads of cultures and ideas. 75 Laurier Ave E. Ottawa, ON K1N 6N5 (613) 562-5700 http:\/\/www.uottawa.ca The University of Ottawa is a bilingual\",\"breadcrumb\":{\"@id\":\"https:\/\/carleton.ca\/eotf\/university-of-ottawa\/#breadcrumb\"},\"inLanguage\":\"en-US\",\"potentialAction\":[{\"@type\":\"ReadAction\",\"target\":[\"https:\/\/carleton.ca\/eotf\/university-of-ottawa\/\"]}]},{\"@type\":\"BreadcrumbList\",\"@id\":\"https:\/\/carleton.ca\/eotf\/university-of-ottawa\/#breadcrumb\",\"itemListElement\":[{\"@type\":\"ListItem\",\"position\":1,\"name\":\"Home\",\"item\":\"https:\/\/carleton.ca\/eotf\/\"},{\"@type\":\"ListItem\",\"position\":2,\"name\":\"University of Ottawa\"}]},{\"@type\":\"WebSite\",\"@id\":\"https:\/\/carleton.ca\/eotf\/#website\",\"url\":\"https:\/\/carleton.ca\/eotf\/\",\"name\":\"Eastern Ontario Task Force\",\"description\":\"Carleton University\",\"potentialAction\":[{\"@type\":\"SearchAction\",\"target\":{\"@type\":\"EntryPoint\",\"urlTemplate\":\"https:\/\/carleton.ca\/eotf\/?s={search_term_string}\"},\"query-input\":\"required name=search_term_string\"}],\"inLanguage\":\"en-US\"}]}<\/script>\n<!-- \/ Yoast SEO plugin. -->","yoast_head_json":{"title":"University of Ottawa - Eastern Ontario Task Force","description":"A crossroads of cultures and ideas. 75 Laurier Ave E. Ottawa, ON K1N 6N5 (613) 562-5700 http:\/\/www.uottawa.ca The University of Ottawa is a bilingual","robots":{"index":"index","follow":"follow","max-snippet":"max-snippet:-1","max-image-preview":"max-image-preview:large","max-video-preview":"max-video-preview:-1"},"canonical":"https:\/\/carleton.ca\/eotf\/university-of-ottawa\/","twitter_misc":{"Est. reading time":"2 minutes"},"schema":{"@context":"https:\/\/schema.org","@graph":[{"@type":"WebPage","@id":"https:\/\/carleton.ca\/eotf\/university-of-ottawa\/","url":"https:\/\/carleton.ca\/eotf\/university-of-ottawa\/","name":"University of Ottawa - Eastern Ontario Task Force","isPartOf":{"@id":"https:\/\/carleton.ca\/eotf\/#website"},"datePublished":"2016-09-08T15:57:15+00:00","dateModified":"2016-09-12T19:13:14+00:00","description":"A crossroads of cultures and ideas. 75 Laurier Ave E. Ottawa, ON K1N 6N5 (613) 562-5700 http:\/\/www.uottawa.ca The University of Ottawa is a bilingual","breadcrumb":{"@id":"https:\/\/carleton.ca\/eotf\/university-of-ottawa\/#breadcrumb"},"inLanguage":"en-US","potentialAction":[{"@type":"ReadAction","target":["https:\/\/carleton.ca\/eotf\/university-of-ottawa\/"]}]},{"@type":"BreadcrumbList","@id":"https:\/\/carleton.ca\/eotf\/university-of-ottawa\/#breadcrumb","itemListElement":[{"@type":"ListItem","position":1,"name":"Home","item":"https:\/\/carleton.ca\/eotf\/"},{"@type":"ListItem","position":2,"name":"University of Ottawa"}]},{"@type":"WebSite","@id":"https:\/\/carleton.ca\/eotf\/#website","url":"https:\/\/carleton.ca\/eotf\/","name":"Eastern Ontario Task Force","description":"Carleton University","potentialAction":[{"@type":"SearchAction","target":{"@type":"EntryPoint","urlTemplate":"https:\/\/carleton.ca\/eotf\/?s={search_term_string}"},"query-input":"required name=search_term_string"}],"inLanguage":"en-US"}]}},"acf":{"banner_image_type":"upload","banner_uploaded_image":{"ID":168,"id":168,"title":"uottawa_banner_1600w","filename":"uottawa_banner_1600w.jpg","filesize":159382,"url":"https:\/\/carleton.ca\/eotf\/wp-content\/uploads\/uottawa_banner_1600w.jpg","link":"https:\/\/carleton.ca\/eotf\/university-of-ottawa\/uottawa_banner_1600w\/","alt":"","author":"4","description":"","caption":"","name":"uottawa_banner_1600w","status":"inherit","uploaded_to":167,"date":"2016-09-08 15:56:30","modified":"2016-09-08 15:56:47","menu_order":0,"mime_type":"image\/jpeg","type":"image","subtype":"jpeg","icon":"https:\/\/carleton.ca\/eotf\/wp\/wp-includes\/images\/media\/default.png","width":1600,"height":700,"sizes":{"thumbnail":"https:\/\/carleton.ca\/eotf\/wp-content\/uploads\/uottawa_banner_1600w-160x70.jpg","thumbnail-width":160,"thumbnail-height":70,"medium":"https:\/\/carleton.ca\/eotf\/wp-content\/uploads\/uottawa_banner_1600w-240x105.jpg","medium-width":240,"medium-height":105,"medium_large":"https:\/\/carleton.ca\/eotf\/wp-content\/uploads\/uottawa_banner_1600w-768x336.jpg","medium_large-width":768,"medium_large-height":336,"large":"https:\/\/carleton.ca\/eotf\/wp-content\/uploads\/uottawa_banner_1600w-400x175.jpg","large-width":400,"large-height":175,"gallery-thumb":"https:\/\/carleton.ca\/eotf\/wp-content\/uploads\/uottawa_banner_1600w.jpg","gallery-thumb-width":300,"gallery-thumb-height":131,"1536x1536":"https:\/\/carleton.ca\/eotf\/wp-content\/uploads\/uottawa_banner_1600w.jpg","1536x1536-width":1536,"1536x1536-height":672,"2048x2048":"https:\/\/carleton.ca\/eotf\/wp-content\/uploads\/uottawa_banner_1600w.jpg","2048x2048-width":1600,"2048x2048-height":700,"banner":"https:\/\/carleton.ca\/eotf\/wp-content\/uploads\/uottawa_banner_1600w.jpg","banner-width":1600,"banner-height":700,"people":"https:\/\/carleton.ca\/eotf\/wp-content\/uploads\/uottawa_banner_1600w-200x200.jpg","people-width":200,"people-height":200,"post-thumb":"https:\/\/carleton.ca\/eotf\/wp-content\/uploads\/uottawa_banner_1600w-300x230.jpg","post-thumb-width":300,"post-thumb-height":230,"rotator-image":"https:\/\/carleton.ca\/eotf\/wp-content\/uploads\/uottawa_banner_1600w.jpg","rotator-image-width":800,"rotator-image-height":350,"video-thumb":"https:\/\/carleton.ca\/eotf\/wp-content\/uploads\/uottawa_banner_1600w-360x158.jpg","video-thumb-width":360,"video-thumb-height":158}},"banner_opacity":"dark"},"_links":{"self":[{"href":"https:\/\/carleton.ca\/eotf\/wp-json\/wp\/v2\/pages\/167"}],"collection":[{"href":"https:\/\/carleton.ca\/eotf\/wp-json\/wp\/v2\/pages"}],"about":[{"href":"https:\/\/carleton.ca\/eotf\/wp-json\/wp\/v2\/types\/page"}],"author":[{"embeddable":true,"href":"https:\/\/carleton.ca\/eotf\/wp-json\/wp\/v2\/users\/4"}],"replies":[{"embeddable":true,"href":"https:\/\/carleton.ca\/eotf\/wp-json\/wp\/v2\/comments?post=167"}],"version-history":[{"count":4,"href":"https:\/\/carleton.ca\/eotf\/wp-json\/wp\/v2\/pages\/167\/revisions"}],"predecessor-version":[{"id":239,"href":"https:\/\/carleton.ca\/eotf\/wp-json\/wp\/v2\/pages\/167\/revisions\/239"}],"wp:attachment":[{"href":"https:\/\/carleton.ca\/eotf\/wp-json\/wp\/v2\/media?parent=167"}],"curies":[{"name":"wp","href":"https:\/\/api.w.org\/{rel}","templated":true}]}}