{"version":"1.0","provider_name":"Equity and Inclusive Communities","provider_url":"https:\/\/carleton.ca\/equity","author_name":"Linda Hartwell","author_url":"https:\/\/carleton.ca\/equity\/author\/lindahartwell\/","title":"Adrian Harewood - Equity and Inclusive Communities","type":"rich","width":600,"height":338,"html":"<blockquote class=\"wp-embedded-content\" data-secret=\"bM7pj52Lku\"><a href=\"https:\/\/carleton.ca\/equity\/people\/adrian-harewood-2\/\">Adrian Harewood<\/a><\/blockquote><iframe sandbox=\"allow-scripts\" security=\"restricted\" src=\"https:\/\/carleton.ca\/equity\/people\/adrian-harewood-2\/embed\/#?secret=bM7pj52Lku\" width=\"600\" height=\"338\" title=\"&#8220;Adrian Harewood&#8221; &#8212; Equity and Inclusive Communities\" data-secret=\"bM7pj52Lku\" frameborder=\"0\" marginwidth=\"0\" marginheight=\"0\" scrolling=\"no\" class=\"wp-embedded-content\"><\/iframe><script type=\"text\/javascript\">\n\/* <![CDATA[ *\/\n\/*! This file is auto-generated *\/\n!function(d,l){\"use strict\";l.querySelector&&d.addEventListener&&\"undefined\"!=typeof URL&&(d.wp=d.wp||{},d.wp.receiveEmbedMessage||(d.wp.receiveEmbedMessage=function(e){var t=e.data;if((t||t.secret||t.message||t.value)&&!\/[^a-zA-Z0-9]\/.test(t.secret)){for(var s,r,n,a=l.querySelectorAll('iframe[data-secret=\"'+t.secret+'\"]'),o=l.querySelectorAll('blockquote[data-secret=\"'+t.secret+'\"]'),c=new RegExp(\"^https?:$\",\"i\"),i=0;i<o.length;i++)o[i].style.display=\"none\";for(i=0;i<a.length;i++)s=a[i],e.source===s.contentWindow&&(s.removeAttribute(\"style\"),\"height\"===t.message?(1e3<(r=parseInt(t.value,10))?r=1e3:~~r<200&&(r=200),s.height=r):\"link\"===t.message&&(r=new URL(s.getAttribute(\"src\")),n=new URL(t.value),c.test(n.protocol))&&n.host===r.host&&l.activeElement===s&&(d.top.location.href=t.value))}},d.addEventListener(\"message\",d.wp.receiveEmbedMessage,!1),l.addEventListener(\"DOMContentLoaded\",function(){for(var e,t,s=l.querySelectorAll(\"iframe.wp-embedded-content\"),r=0;r<s.length;r++)(t=(e=s[r]).getAttribute(\"data-secret\"))||(t=Math.random().toString(36).substring(2,12),e.src+=\"#?secret=\"+t,e.setAttribute(\"data-secret\",t)),e.contentWindow.postMessage({message:\"ready\",secret:t},\"*\")},!1)))}(window,document);\n\/\/# sourceURL=https:\/\/carleton.ca\/equity\/wp-includes\/js\/wp-embed.min.js\n\/* ]]> *\/\n<\/script>\n","thumbnail_url":"https:\/\/carleton.ca\/equity\/wp-content\/uploads\/sites\/152\/2026\/01\/Adrian-Harewood-2.png","thumbnail_width":216,"thumbnail_height":300,"description":"Adrian Harewood est professeur agr\u00e9g\u00e9 \u00e0 l\u2019\u00c9cole de journalisme et de communication de l\u2019Universit\u00e9 Carleton. Il est titulaire d\u2019un baccalaur\u00e9at \u00e8s arts en th\u00e9orie politique et histoire de l\u2019Universit\u00e9 McGill et d\u2019une ma\u00eetrise en histoire de l\u2019Universit\u00e9 Carleton. En 2023, il a \u00e9t\u00e9 le premier laur\u00e9at du prix de la Facult\u00e9 des affaires mondiales et [&hellip;]"}

Adrian Harewood est professeur agrégé à l’École de journalisme et de communication de l’Université Carleton. Il est titulaire d’un baccalauréat ès arts en théorie politique et histoire de l’Université McGill et d’une maîtrise en histoire de l’Université Carleton. En 2023, il a été le premier lauréat du prix de la Faculté des affaires mondiales et [&hellip;]
