{"version":"1.0","provider_name":"Equity and Inclusive Communities","provider_url":"https:\/\/carleton.ca\/equity","author_name":"Linda Hartwell","author_url":"https:\/\/carleton.ca\/equity\/author\/lindahartwell\/","title":"Ana Serrano - Equity and Inclusive Communities","type":"rich","width":600,"height":338,"html":"<blockquote class=\"wp-embedded-content\" data-secret=\"WAfRAHUv1z\"><a href=\"https:\/\/carleton.ca\/equity\/people\/ana-serrano-2\/\">Ana  Serrano<\/a><\/blockquote><iframe sandbox=\"allow-scripts\" security=\"restricted\" src=\"https:\/\/carleton.ca\/equity\/people\/ana-serrano-2\/embed\/#?secret=WAfRAHUv1z\" width=\"600\" height=\"338\" title=\"&#8220;Ana  Serrano&#8221; &#8212; Equity and Inclusive Communities\" data-secret=\"WAfRAHUv1z\" frameborder=\"0\" marginwidth=\"0\" marginheight=\"0\" scrolling=\"no\" class=\"wp-embedded-content\"><\/iframe><script type=\"text\/javascript\">\n\/* <![CDATA[ *\/\n\/*! This file is auto-generated *\/\n!function(d,l){\"use strict\";l.querySelector&&d.addEventListener&&\"undefined\"!=typeof URL&&(d.wp=d.wp||{},d.wp.receiveEmbedMessage||(d.wp.receiveEmbedMessage=function(e){var t=e.data;if((t||t.secret||t.message||t.value)&&!\/[^a-zA-Z0-9]\/.test(t.secret)){for(var s,r,n,a=l.querySelectorAll('iframe[data-secret=\"'+t.secret+'\"]'),o=l.querySelectorAll('blockquote[data-secret=\"'+t.secret+'\"]'),c=new RegExp(\"^https?:$\",\"i\"),i=0;i<o.length;i++)o[i].style.display=\"none\";for(i=0;i<a.length;i++)s=a[i],e.source===s.contentWindow&&(s.removeAttribute(\"style\"),\"height\"===t.message?(1e3<(r=parseInt(t.value,10))?r=1e3:~~r<200&&(r=200),s.height=r):\"link\"===t.message&&(r=new URL(s.getAttribute(\"src\")),n=new URL(t.value),c.test(n.protocol))&&n.host===r.host&&l.activeElement===s&&(d.top.location.href=t.value))}},d.addEventListener(\"message\",d.wp.receiveEmbedMessage,!1),l.addEventListener(\"DOMContentLoaded\",function(){for(var e,t,s=l.querySelectorAll(\"iframe.wp-embedded-content\"),r=0;r<s.length;r++)(t=(e=s[r]).getAttribute(\"data-secret\"))||(t=Math.random().toString(36).substring(2,12),e.src+=\"#?secret=\"+t,e.setAttribute(\"data-secret\",t)),e.contentWindow.postMessage({message:\"ready\",secret:t},\"*\")},!1)))}(window,document);\n\/\/# sourceURL=https:\/\/carleton.ca\/equity\/wp-includes\/js\/wp-embed.min.js\n\/* ]]> *\/\n<\/script>\n","thumbnail_url":"https:\/\/carleton.ca\/equity\/wp-content\/uploads\/sites\/152\/2026\/04\/AnaSerrano_293-WEB1.jpg","thumbnail_width":1862,"thumbnail_height":2293,"description":"Ana Serrano est pr\u00e9sidente et vice-chanceli\u00e8re de l\u2019Universit\u00e9 de l\u2019\u00c9cole d\u2019art et de design de l\u2019Ontario, le plus important et le plus ancien \u00e9tablissement canadien offrant une formation dans les domaines des arts, du design et des m\u00e9dias. Dirigeante prim\u00e9e comptant plus de 25\u00a0ans d\u2019exp\u00e9rience, elle a fond\u00e9 des laboratoires de renomm\u00e9e internationale, mis sur [&hellip;]"}

Ana Serrano est présidente et vice-chancelière de l’Université de l’École d’art et de design de l’Ontario, le plus important et le plus ancien établissement canadien offrant une formation dans les domaines des arts, du design et des médias. Dirigeante primée comptant plus de 25 ans d’expérience, elle a fondé des laboratoires de renommée internationale, mis sur [&hellip;]
