{"version":"1.0","provider_name":"Equity and Inclusive Communities","provider_url":"https:\/\/carleton.ca\/equity","author_name":"Linda Hartwell","author_url":"https:\/\/carleton.ca\/equity\/author\/lindahartwell\/","title":"Anne Levesque - Equity and Inclusive Communities","type":"rich","width":600,"height":338,"html":"<blockquote class=\"wp-embedded-content\" data-secret=\"VvN2TKW518\"><a href=\"https:\/\/carleton.ca\/equity\/people\/anne-levesque-2\/\">Anne Levesque<\/a><\/blockquote><iframe sandbox=\"allow-scripts\" security=\"restricted\" src=\"https:\/\/carleton.ca\/equity\/people\/anne-levesque-2\/embed\/#?secret=VvN2TKW518\" width=\"600\" height=\"338\" title=\"&#8220;Anne Levesque&#8221; &#8212; Equity and Inclusive Communities\" data-secret=\"VvN2TKW518\" frameborder=\"0\" marginwidth=\"0\" marginheight=\"0\" scrolling=\"no\" class=\"wp-embedded-content\"><\/iframe><script type=\"text\/javascript\">\n\/* <![CDATA[ *\/\n\/*! This file is auto-generated *\/\n!function(d,l){\"use strict\";l.querySelector&&d.addEventListener&&\"undefined\"!=typeof URL&&(d.wp=d.wp||{},d.wp.receiveEmbedMessage||(d.wp.receiveEmbedMessage=function(e){var t=e.data;if((t||t.secret||t.message||t.value)&&!\/[^a-zA-Z0-9]\/.test(t.secret)){for(var s,r,n,a=l.querySelectorAll('iframe[data-secret=\"'+t.secret+'\"]'),o=l.querySelectorAll('blockquote[data-secret=\"'+t.secret+'\"]'),c=new RegExp(\"^https?:$\",\"i\"),i=0;i<o.length;i++)o[i].style.display=\"none\";for(i=0;i<a.length;i++)s=a[i],e.source===s.contentWindow&&(s.removeAttribute(\"style\"),\"height\"===t.message?(1e3<(r=parseInt(t.value,10))?r=1e3:~~r<200&&(r=200),s.height=r):\"link\"===t.message&&(r=new URL(s.getAttribute(\"src\")),n=new URL(t.value),c.test(n.protocol))&&n.host===r.host&&l.activeElement===s&&(d.top.location.href=t.value))}},d.addEventListener(\"message\",d.wp.receiveEmbedMessage,!1),l.addEventListener(\"DOMContentLoaded\",function(){for(var e,t,s=l.querySelectorAll(\"iframe.wp-embedded-content\"),r=0;r<s.length;r++)(t=(e=s[r]).getAttribute(\"data-secret\"))||(t=Math.random().toString(36).substring(2,12),e.src+=\"#?secret=\"+t,e.setAttribute(\"data-secret\",t)),e.contentWindow.postMessage({message:\"ready\",secret:t},\"*\")},!1)))}(window,document);\n\/\/# sourceURL=https:\/\/carleton.ca\/equity\/wp-includes\/js\/wp-embed.min.js\n\/* ]]> *\/\n<\/script>\n","thumbnail_url":"https:\/\/carleton.ca\/equity\/wp-content\/uploads\/sites\/152\/2026\/04\/009-Anne-Levesque013-1.jpg","thumbnail_width":798,"thumbnail_height":768,"description":"Anne Levesque est professeure agr\u00e9\u00e9e au Programme de common law fran\u00e7ais \u00e0 la Facult\u00e9 de droit. \u00a0Sa recherche et ses publications portent sur les droits de la personne et les litiges d\u2019int\u00e9r\u00eat public. \u00a0Anne est titulaire de la Chaire Gordon F. Henderson sur les droits de la personne du Centre de recherche et d\u2019enseignement sur [&hellip;]"}

Anne Levesque est professeure agréée au Programme de common law français à la Faculté de droit.  Sa recherche et ses publications portent sur les droits de la personne et les litiges d’intérêt public.  Anne est titulaire de la Chaire Gordon F. Henderson sur les droits de la personne du Centre de recherche et d’enseignement sur [&hellip;]
