{"version":"1.0","provider_name":"Equity and Inclusive Communities","provider_url":"https:\/\/carleton.ca\/equity","author_name":"Linda Hartwell","author_url":"https:\/\/carleton.ca\/equity\/author\/lindahartwell\/","title":"Menna Agha - Equity and Inclusive Communities","type":"rich","width":600,"height":338,"html":"<blockquote class=\"wp-embedded-content\" data-secret=\"oBNPdg9DoR\"><a href=\"https:\/\/carleton.ca\/equity\/people\/menna-agha-2\/\">Menna Agha<\/a><\/blockquote><iframe sandbox=\"allow-scripts\" security=\"restricted\" src=\"https:\/\/carleton.ca\/equity\/people\/menna-agha-2\/embed\/#?secret=oBNPdg9DoR\" width=\"600\" height=\"338\" title=\"&#8220;Menna Agha&#8221; &#8212; Equity and Inclusive Communities\" data-secret=\"oBNPdg9DoR\" frameborder=\"0\" marginwidth=\"0\" marginheight=\"0\" scrolling=\"no\" class=\"wp-embedded-content\"><\/iframe><script type=\"text\/javascript\">\n\/* <![CDATA[ *\/\n\/*! This file is auto-generated *\/\n!function(d,l){\"use strict\";l.querySelector&&d.addEventListener&&\"undefined\"!=typeof URL&&(d.wp=d.wp||{},d.wp.receiveEmbedMessage||(d.wp.receiveEmbedMessage=function(e){var t=e.data;if((t||t.secret||t.message||t.value)&&!\/[^a-zA-Z0-9]\/.test(t.secret)){for(var s,r,n,a=l.querySelectorAll('iframe[data-secret=\"'+t.secret+'\"]'),o=l.querySelectorAll('blockquote[data-secret=\"'+t.secret+'\"]'),c=new RegExp(\"^https?:$\",\"i\"),i=0;i<o.length;i++)o[i].style.display=\"none\";for(i=0;i<a.length;i++)s=a[i],e.source===s.contentWindow&&(s.removeAttribute(\"style\"),\"height\"===t.message?(1e3<(r=parseInt(t.value,10))?r=1e3:~~r<200&&(r=200),s.height=r):\"link\"===t.message&&(r=new URL(s.getAttribute(\"src\")),n=new URL(t.value),c.test(n.protocol))&&n.host===r.host&&l.activeElement===s&&(d.top.location.href=t.value))}},d.addEventListener(\"message\",d.wp.receiveEmbedMessage,!1),l.addEventListener(\"DOMContentLoaded\",function(){for(var e,t,s=l.querySelectorAll(\"iframe.wp-embedded-content\"),r=0;r<s.length;r++)(t=(e=s[r]).getAttribute(\"data-secret\"))||(t=Math.random().toString(36).substring(2,12),e.src+=\"#?secret=\"+t,e.setAttribute(\"data-secret\",t)),e.contentWindow.postMessage({message:\"ready\",secret:t},\"*\")},!1)))}(window,document);\n\/\/# sourceURL=https:\/\/carleton.ca\/equity\/wp-includes\/js\/wp-embed.min.js\n\/* ]]> *\/\n<\/script>\n","thumbnail_url":"https:\/\/carleton.ca\/equity\/wp-content\/uploads\/sites\/152\/2026\/01\/Menna_Agha.jpg","thumbnail_width":896,"thumbnail_height":894,"description":"Menna\u202fAgha est une chercheuse et activiste en architecture. Elle est professeure agr\u00e9g\u00e9e en design et justice spatiale et directrice fondatrice du laboratoire d\u2019action de l\u2019\u00c9cole d\u2019architecture. Elle est \u00e9galement affect\u00e9e \u00e0 l\u2019Institut d\u2019\u00e9tudes africaines de l\u2019Universit\u00e9 Carleton. Elle est titulaire d\u2019un doctorat en architecture de l\u2019Universit\u00e9 d\u2019Anvers et d\u2019une ma\u00eetrise \u00e8s arts en \u00e9tudes de [&hellip;]"}

Menna Agha est une chercheuse et activiste en architecture. Elle est professeure agrégée en design et justice spatiale et directrice fondatrice du laboratoire d’action de l’École d’architecture. Elle est également affectée à l’Institut d’études africaines de l’Université Carleton. Elle est titulaire d’un doctorat en architecture de l’Université d’Anvers et d’une maîtrise ès arts en études de [&hellip;]
