{"version":"1.0","provider_name":"Equity and Inclusive Communities","provider_url":"https:\/\/carleton.ca\/equity","author_name":"Linda Hartwell","author_url":"https:\/\/carleton.ca\/equity\/author\/lindahartwell\/","title":"Nana  aba Duncan - Equity and Inclusive Communities","type":"rich","width":600,"height":338,"html":"<blockquote class=\"wp-embedded-content\" data-secret=\"EsfdLh9Jjl\"><a href=\"https:\/\/carleton.ca\/equity\/people\/nana-aba-duncan-2\/\">Nana   aba Duncan<\/a><\/blockquote><iframe sandbox=\"allow-scripts\" security=\"restricted\" src=\"https:\/\/carleton.ca\/equity\/people\/nana-aba-duncan-2\/embed\/#?secret=EsfdLh9Jjl\" width=\"600\" height=\"338\" title=\"&#8220;Nana   aba Duncan&#8221; &#8212; Equity and Inclusive Communities\" data-secret=\"EsfdLh9Jjl\" frameborder=\"0\" marginwidth=\"0\" marginheight=\"0\" scrolling=\"no\" class=\"wp-embedded-content\"><\/iframe><script type=\"text\/javascript\">\n\/* <![CDATA[ *\/\n\/*! This file is auto-generated *\/\n!function(d,l){\"use strict\";l.querySelector&&d.addEventListener&&\"undefined\"!=typeof URL&&(d.wp=d.wp||{},d.wp.receiveEmbedMessage||(d.wp.receiveEmbedMessage=function(e){var t=e.data;if((t||t.secret||t.message||t.value)&&!\/[^a-zA-Z0-9]\/.test(t.secret)){for(var s,r,n,a=l.querySelectorAll('iframe[data-secret=\"'+t.secret+'\"]'),o=l.querySelectorAll('blockquote[data-secret=\"'+t.secret+'\"]'),c=new RegExp(\"^https?:$\",\"i\"),i=0;i<o.length;i++)o[i].style.display=\"none\";for(i=0;i<a.length;i++)s=a[i],e.source===s.contentWindow&&(s.removeAttribute(\"style\"),\"height\"===t.message?(1e3<(r=parseInt(t.value,10))?r=1e3:~~r<200&&(r=200),s.height=r):\"link\"===t.message&&(r=new URL(s.getAttribute(\"src\")),n=new URL(t.value),c.test(n.protocol))&&n.host===r.host&&l.activeElement===s&&(d.top.location.href=t.value))}},d.addEventListener(\"message\",d.wp.receiveEmbedMessage,!1),l.addEventListener(\"DOMContentLoaded\",function(){for(var e,t,s=l.querySelectorAll(\"iframe.wp-embedded-content\"),r=0;r<s.length;r++)(t=(e=s[r]).getAttribute(\"data-secret\"))||(t=Math.random().toString(36).substring(2,12),e.src+=\"#?secret=\"+t,e.setAttribute(\"data-secret\",t)),e.contentWindow.postMessage({message:\"ready\",secret:t},\"*\")},!1)))}(window,document);\n\/\/# sourceURL=https:\/\/carleton.ca\/equity\/wp-includes\/js\/wp-embed.min.js\n\/* ]]> *\/\n<\/script>\n","thumbnail_url":"https:\/\/carleton.ca\/equity\/wp-content\/uploads\/sites\/152\/2026\/01\/Nana-aba-Duncan.jpg","thumbnail_width":864,"thumbnail_height":576,"description":"Nana aba Duncan\u00a0est professeure agr\u00e9g\u00e9e et premi\u00e8re titulaire de la Chaire Carty en journalisme, diversit\u00e9 et inclusion \u00e0 l\u2019\u00c9cole de journalisme de l\u2019Universit\u00e9 Carleton. Elle dirige le Mary Ann Shadd Cary Centre for Journalism and Belonging, un centre de recherche qui d\u00e9fend, soutient et produit un journalisme canadien inclusif et ax\u00e9 sur le sentiment d\u2019appartenance. [&hellip;]"}

Nana aba Duncan est professeure agrégée et première titulaire de la Chaire Carty en journalisme, diversité et inclusion à l’École de journalisme de l’Université Carleton. Elle dirige le Mary Ann Shadd Cary Centre for Journalism and Belonging, un centre de recherche qui défend, soutient et produit un journalisme canadien inclusif et axé sur le sentiment d’appartenance. [&hellip;]
