{"id":6942,"date":"2026-04-20T10:42:42","date_gmt":"2026-04-20T14:42:42","guid":{"rendered":"https:\/\/carleton.ca\/equity\/?post_type=cu_people&#038;p=6942"},"modified":"2026-04-20T10:45:01","modified_gmt":"2026-04-20T14:45:01","slug":"ana-serrano-2","status":"publish","type":"cu_people","link":"https:\/\/carleton.ca\/equity\/people\/ana-serrano-2\/","title":{"rendered":"Ana  Serrano"},"content":{"rendered":"<header class=\"mb-6 cu-pageheader cu-component-updated md:mb-12\">\n    <h1 class=\"cu-prose-first-last font-semibold !mt-2 mb-4 md:mb-6 text-3xl md:text-4xl lg:text-5xl lg:leading-[3.5rem] relative after:absolute after:h-px after:bottom-0 pb-5 after:w-10 after:bg-cu-red after:left-px\">\n                    \n             \n                \n            <\/h1>\n\n    \n    <\/header>\n\n\n\n\n\n<p>Ana Serrano est pr\u00e9sidente et vice-chanceli\u00e8re de l\u2019Universit\u00e9 de l\u2019\u00c9cole d\u2019art et de design de l\u2019Ontario, le plus important et le plus ancien \u00e9tablissement canadien offrant une formation dans les domaines des arts, du design et des m\u00e9dias. Dirigeante prim\u00e9e comptant plus de 25\u00a0ans d\u2019exp\u00e9rience, elle a fond\u00e9 des laboratoires de renomm\u00e9e internationale, mis sur pied des acc\u00e9l\u00e9rateurs novateurs et dirig\u00e9 la production de plus de 140\u00a0projets num\u00e9riques et immersifs d\u2019avant-garde. Anciennement chef de la direction de la strat\u00e9gie num\u00e9rique au Canadian Film Centre et fondatrice du CFC Media Lab, elle m\u00e8ne des travaux sur l\u2019impact soci\u00e9tal des technologies \u00e9mergentes et des pratiques cr\u00e9atives. Ana Serrano a cofond\u00e9 le sommet DemocracyXChange et si\u00e8ge \u00e0 d\u2019importants conseils d\u2019administration dans les sph\u00e8res culturelle et philanthropique, o\u00f9 elle \u0153uvre en faveur de l\u2019innovation responsable et de la transformation institutionnelle.<\/p>\n","protected":false},"author":73,"featured_media":6916,"template":"","meta":{"_acf_changed":false,"cu_people_first_name":"Ana ","cu_people_last_name":"Serrano","cu_people_initials":"AS","footnotes":"","_links_to":"","_links_to_target":""},"cu_people_type":[],"cu_people_expertise":[],"class_list":["post-6942","cu_people","type-cu_people","status-publish","has-post-thumbnail","hentry"],"acf":{"cu_people_job_title":"Pr\u00e9sidente et vice-chanceli\u00e8re de l\u2019Universit\u00e9 de l\u2019\u00c9cole d\u2019art et de design de l\u2019Ontario","cu_people_degree":"","cu_building":"","cu_people_office_num":"","cu_people_pronoun":"","cu_people_designation":"","cu_people_email":"","cu_people_phone":"","cu_people_phone_ext":"","cu_people_linkedin":"","cu_people_bluesky":"","cu_people_twitter":"","cu_people_instagram":"","cu_people_facebook":"","cu_people_website":"","cu_people_orcid":""},"_links":{"self":[{"href":"https:\/\/carleton.ca\/equity\/wp-json\/wp\/v2\/cu_people\/6942","targetHints":{"allow":["GET"]}}],"collection":[{"href":"https:\/\/carleton.ca\/equity\/wp-json\/wp\/v2\/cu_people"}],"about":[{"href":"https:\/\/carleton.ca\/equity\/wp-json\/wp\/v2\/types\/cu_people"}],"author":[{"embeddable":true,"href":"https:\/\/carleton.ca\/equity\/wp-json\/wp\/v2\/users\/73"}],"version-history":[{"count":2,"href":"https:\/\/carleton.ca\/equity\/wp-json\/wp\/v2\/cu_people\/6942\/revisions"}],"predecessor-version":[{"id":6945,"href":"https:\/\/carleton.ca\/equity\/wp-json\/wp\/v2\/cu_people\/6942\/revisions\/6945"}],"wp:featuredmedia":[{"embeddable":true,"href":"https:\/\/carleton.ca\/equity\/wp-json\/wp\/v2\/media\/6916"}],"wp:attachment":[{"href":"https:\/\/carleton.ca\/equity\/wp-json\/wp\/v2\/media?parent=6942"}],"wp:term":[{"taxonomy":"cu_people_type","embeddable":true,"href":"https:\/\/carleton.ca\/equity\/wp-json\/wp\/v2\/cu_people_type?post=6942"},{"taxonomy":"cu_people_expertise","embeddable":true,"href":"https:\/\/carleton.ca\/equity\/wp-json\/wp\/v2\/cu_people_expertise?post=6942"}],"curies":[{"name":"wp","href":"https:\/\/api.w.org\/{rel}","templated":true}]}}

<header class="mb-6 cu-pageheader cu-component-updated md:mb-12">
    <h1 class="cu-prose-first-last font-semibold !mt-2 mb-4 md:mb-6 text-3xl md:text-4xl lg:text-5xl lg:leading-[3.5rem] relative after:absolute after:h-px after:bottom-0 pb-5 after:w-10 after:bg-cu-red after:left-px">
                    
             
                
            </h1>

    
    </header>





<p>Ana Serrano est présidente et vice-chancelière de l’Université de l’École d’art et de design de l’Ontario, le plus important et le plus ancien établissement canadien offrant une formation dans les domaines des arts, du design et des médias. Dirigeante primée comptant plus de 25 ans d’expérience, elle a fondé des laboratoires de renommée internationale, mis sur pied des accélérateurs novateurs et dirigé la production de plus de 140 projets numériques et immersifs d’avant-garde. Anciennement chef de la direction de la stratégie numérique au Canadian Film Centre et fondatrice du CFC Media Lab, elle mène des travaux sur l’impact sociétal des technologies émergentes et des pratiques créatives. Ana Serrano a cofondé le sommet DemocracyXChange et siège à d’importants conseils d’administration dans les sphères culturelle et philanthropique, où elle œuvre en faveur de l’innovation responsable et de la transformation institutionnelle.</p>

Présidente et vice-chancelière de l’Université de l’École d’art et de design de l’Ontario
