{"id":6951,"date":"2026-04-23T09:45:39","date_gmt":"2026-04-23T13:45:39","guid":{"rendered":"https:\/\/carleton.ca\/equity\/?post_type=cu_people&#038;p=6951"},"modified":"2026-04-23T09:45:40","modified_gmt":"2026-04-23T13:45:40","slug":"anne-levesque-2","status":"publish","type":"cu_people","link":"https:\/\/carleton.ca\/equity\/people\/anne-levesque-2\/","title":{"rendered":"Anne Levesque"},"content":{"rendered":"<header class=\"mb-6 cu-pageheader cu-component-updated md:mb-12\">\n    <h1 class=\"cu-prose-first-last font-semibold !mt-2 mb-4 md:mb-6 text-3xl md:text-4xl lg:text-5xl lg:leading-[3.5rem] relative after:absolute after:h-px after:bottom-0 pb-5 after:w-10 after:bg-cu-red after:left-px\">\n                    \n             \n                \n            <\/h1>\n\n    \n    <\/header>\n\n\n\n\n\n<p>Anne Levesque est professeure agr\u00e9\u00e9e au Programme de common law fran\u00e7ais \u00e0 la Facult\u00e9 de droit. \u00a0Sa recherche et ses publications portent sur les droits de la personne et les litiges d\u2019int\u00e9r\u00eat public. \u00a0Anne est titulaire de la Chaire Gordon F. Henderson sur les droits de la personne du Centre de recherche et d\u2019enseignement sur les droits de la personne (CREDP) \u00e0 l\u2019Universit\u00e9 d\u2019Ottawa. Elle a \u00e9galement fond\u00e9 et g\u00e8re la Clinique des droits \u00e0 l&#8217;\u00e9galit\u00e9 o\u00f9 elle collabore avec des \u00e9tudiant.e.s de droit, des groupes militants pour l&#8217;\u00e9galit\u00e9, des cliniques juridiques et des organismes \u00e0 but non lucratif pour plaider des causes types, faire des interventions et travailler sur des initiatives de r\u00e9forme du droit.\u00a0<\/p>\n\n\n\n<p><\/p>\n","protected":false},"author":73,"featured_media":6949,"template":"","meta":{"_acf_changed":false,"cu_people_first_name":"Anne","cu_people_last_name":"Levesque","cu_people_initials":"AL","footnotes":"","_links_to":"","_links_to_target":""},"cu_people_type":[],"cu_people_expertise":[],"class_list":["post-6951","cu_people","type-cu_people","status-publish","has-post-thumbnail","hentry"],"acf":{"cu_people_job_title":"Professeure agr\u00e9\u00e9e, la Facult\u00e9 de droit, l\u2019Universit\u00e9 d\u2019Ottawa","cu_people_degree":"","cu_building":"","cu_people_office_num":"","cu_people_pronoun":"","cu_people_designation":"","cu_people_email":"","cu_people_phone":"","cu_people_phone_ext":"","cu_people_linkedin":"","cu_people_bluesky":"","cu_people_twitter":"","cu_people_instagram":"","cu_people_facebook":"","cu_people_website":"","cu_people_orcid":""},"_links":{"self":[{"href":"https:\/\/carleton.ca\/equity\/wp-json\/wp\/v2\/cu_people\/6951","targetHints":{"allow":["GET"]}}],"collection":[{"href":"https:\/\/carleton.ca\/equity\/wp-json\/wp\/v2\/cu_people"}],"about":[{"href":"https:\/\/carleton.ca\/equity\/wp-json\/wp\/v2\/types\/cu_people"}],"author":[{"embeddable":true,"href":"https:\/\/carleton.ca\/equity\/wp-json\/wp\/v2\/users\/73"}],"version-history":[{"count":1,"href":"https:\/\/carleton.ca\/equity\/wp-json\/wp\/v2\/cu_people\/6951\/revisions"}],"predecessor-version":[{"id":6953,"href":"https:\/\/carleton.ca\/equity\/wp-json\/wp\/v2\/cu_people\/6951\/revisions\/6953"}],"wp:featuredmedia":[{"embeddable":true,"href":"https:\/\/carleton.ca\/equity\/wp-json\/wp\/v2\/media\/6949"}],"wp:attachment":[{"href":"https:\/\/carleton.ca\/equity\/wp-json\/wp\/v2\/media?parent=6951"}],"wp:term":[{"taxonomy":"cu_people_type","embeddable":true,"href":"https:\/\/carleton.ca\/equity\/wp-json\/wp\/v2\/cu_people_type?post=6951"},{"taxonomy":"cu_people_expertise","embeddable":true,"href":"https:\/\/carleton.ca\/equity\/wp-json\/wp\/v2\/cu_people_expertise?post=6951"}],"curies":[{"name":"wp","href":"https:\/\/api.w.org\/{rel}","templated":true}]}}

<header class="mb-6 cu-pageheader cu-component-updated md:mb-12">
    <h1 class="cu-prose-first-last font-semibold !mt-2 mb-4 md:mb-6 text-3xl md:text-4xl lg:text-5xl lg:leading-[3.5rem] relative after:absolute after:h-px after:bottom-0 pb-5 after:w-10 after:bg-cu-red after:left-px">
                    
             
                
            </h1>

    
    </header>





<p>Anne Levesque est professeure agréée au Programme de common law français à la Faculté de droit.  Sa recherche et ses publications portent sur les droits de la personne et les litiges d’intérêt public.  Anne est titulaire de la Chaire Gordon F. Henderson sur les droits de la personne du Centre de recherche et d’enseignement sur les droits de la personne (CREDP) à l’Université d’Ottawa. Elle a également fondé et gère la Clinique des droits à l&#8217;égalité où elle collabore avec des étudiant.e.s de droit, des groupes militants pour l&#8217;égalité, des cliniques juridiques et des organismes à but non lucratif pour plaider des causes types, faire des interventions et travailler sur des initiatives de réforme du droit. </p>



<p></p>

Professeure agréée, la Faculté de droit, l’Université d’Ottawa
