{"id":211,"date":"2022-03-14T16:43:00","date_gmt":"2022-03-14T20:43:00","guid":{"rendered":"https:\/\/carleton.ca\/esim22\/?page_id=211"},"modified":"2022-04-08T19:07:57","modified_gmt":"2022-04-08T23:07:57","slug":"information-dinscription","status":"publish","type":"page","link":"https:\/\/carleton.ca\/esim22\/accueil\/information-dinscription\/","title":{"rendered":"Information d&#8217;inscription"},"content":{"rendered":"<h4 id=\"registration-fees-table\">Les frais d&#8217;inscription sont les suivants (tous les prix sont en dollars canadiens):<\/h4>\n<table style=\"height: 235px; width: 96.8382%; border-collapse: collapse; border-style: solid;\">\n<tbody>\n<tr style=\"height: 23px;\">\n<td style=\"width: 28.6669%; height: 23px; text-align: right;\"><strong>Type de d\u00e9l\u00e9gu\u00e9<\/strong><\/td>\n<td style=\"width: 35.6568%; height: 23px; text-align: center;\" colspan=\"2\"><strong>non-\u00e9tudiant<\/strong><\/td>\n<td style=\"width: 70.6039%; height: 23px; text-align: center;\" colspan=\"2\"><strong>\u00e9tudiant<\/strong><\/td>\n<\/tr>\n<tr style=\"height: 26px; border-style: solid;\">\n<td style=\"width: 28.6669%; height: 26px; text-align: right;\"><strong> Adh\u00e9sion \u00e0 d&#8217;IBPSA<\/strong><\/td>\n<td style=\"width: 26.6536%; height: 26px; text-align: center;\">non membre<\/td>\n<td style=\"width: 9.00315%; height: 26px; text-align: center;\">membre<\/td>\n<td style=\"width: 25.7042%; height: 26px; text-align: center;\">non\u00a0membre<\/td>\n<td style=\"width: 44.8997%; height: 26px; text-align: center;\">non membre<\/td>\n<\/tr>\n<tr style=\"height: 23px; border-style: solid;\">\n<td style=\"width: 28.6669%; height: 23px; text-align: right;\"><strong>Conf\u00e9rence 22-23 juin<\/strong><\/td>\n<td style=\"width: 26.6536%; height: 23px; text-align: center;\"><\/td>\n<td style=\"width: 9.00315%; height: 23px; text-align: center;\"><\/td>\n<td style=\"width: 25.7042%; height: 23px; text-align: center;\"><\/td>\n<td style=\"width: 44.8997%; height: 23px; text-align: center;\"><\/td>\n<\/tr>\n<tr style=\"height: 23px;\">\n<td style=\"width: 28.6669%; height: 23px; text-align: right;\">Pr\u00e9inscription (en personne)<\/td>\n<td style=\"width: 26.6536%; height: 23px; text-align: center;\">$525<\/td>\n<td style=\"width: 9.00315%; height: 23px; text-align: center;\">$500<\/td>\n<td style=\"width: 25.7042%; height: 23px; text-align: center;\">$375<\/td>\n<td style=\"width: 44.8997%; height: 23px; text-align: center;\">$350<\/td>\n<\/tr>\n<tr style=\"height: 23px;\">\n<td style=\"width: 28.6669%; height: 23px; text-align: right;\">R\u00e9guli\u00e8r (en personne)<\/td>\n<td style=\"width: 26.6536%; height: 23px; text-align: center;\">$600<\/td>\n<td style=\"width: 9.00315%; height: 23px; text-align: center;\">$575<\/td>\n<td style=\"width: 25.7042%; height: 23px; text-align: center;\">$450<\/td>\n<td style=\"width: 44.8997%; height: 23px; text-align: center;\">$425<\/td>\n<\/tr>\n<tr style=\"height: 24px;\">\n<td style=\"width: 28.6669%; height: 24px; text-align: right;\">Pr\u00e9inscription (en ligne)<\/td>\n<td style=\"width: 26.6536%; height: 24px; text-align: center;\">$250<\/td>\n<td style=\"width: 9.00315%; height: 24px; text-align: center;\">$225<\/td>\n<td style=\"width: 25.7042%; height: 24px; text-align: center;\">$175<\/td>\n<td style=\"width: 44.8997%; height: 24px; text-align: center;\">$150<\/td>\n<\/tr>\n<tr style=\"height: 23px;\">\n<td style=\"width: 28.6669%; height: 23px; text-align: right;\">R\u00e9guli\u00e8r(en ligne)<\/td>\n<td style=\"width: 26.6536%; height: 23px; text-align: center;\">$325<\/td>\n<td style=\"width: 9.00315%; height: 23px; text-align: center;\">$300<\/td>\n<td style=\"width: 25.7042%; height: 23px; text-align: center;\">$250<\/td>\n<td style=\"width: 44.8997%; height: 23px; text-align: center;\">$225<\/td>\n<\/tr>\n<tr style=\"height: 23px; border-style: solid;\">\n<td style=\"width: 28.6669%; height: 23px; text-align: right;\"><strong>Ateliers 21 &amp; 24 juin\u00a0<\/strong><\/td>\n<td style=\"width: 26.6536%; height: 23px; text-align: center;\"><\/td>\n<td style=\"width: 9.00315%; height: 23px; text-align: center;\"><\/td>\n<td style=\"width: 25.7042%; height: 23px; text-align: center;\"><\/td>\n<td style=\"width: 44.8997%; height: 23px; text-align: center;\"><\/td>\n<\/tr>\n<tr style=\"height: 23px;\">\n<td style=\"width: 28.6669%; height: 23px; text-align: right;\">Pr\u00e9inscription (en personne)<\/td>\n<td style=\"width: 26.6536%; height: 23px; text-align: center;\">$125<\/td>\n<td style=\"width: 9.00315%; height: 23px; text-align: center;\">$100<\/td>\n<td style=\"width: 25.7042%; height: 23px; text-align: center;\">$100<\/td>\n<td style=\"width: 44.8997%; height: 23px; text-align: center;\">$75<\/td>\n<\/tr>\n<tr style=\"height: 23px;\">\n<td style=\"width: 28.6669%; height: 24px; text-align: right;\">R\u00e9guli\u00e8r (en personne)<\/td>\n<td style=\"width: 26.6536%; height: 24px; text-align: center;\">$150<\/td>\n<td style=\"width: 9.00315%; height: 24px; text-align: center;\">$125<\/td>\n<td style=\"width: 25.7042%; height: 24px; text-align: center;\">$125<\/td>\n<td style=\"width: 44.8997%; height: 24px; text-align: center;\">$100<\/td>\n<\/tr>\n<\/tbody>\n<\/table>\n<p>*Les frais d&#8217;inscription \u00e0 la conf\u00e9rence comprennent un d\u00e9jeuner l\u00e9ger et un d\u00eener les 22 et 23 juin, des boissons et collation \u00e0 la r\u00e9ception le 21 juin \u00e0 Beyond the Pale Brewery, ainsi que des boissons et un repas de banquet le 22 juin \u00e0 Mill Street Brewery.<\/p>\n<p>*Les frais d&#8217;inscription d&#8217;atelier incluent le petit-d\u00e9jeuner l\u00e9ger et le d\u00e9jeuner du 21 ou du 24 juin. Les participants aux l&#8217;ateliers peuvent assister \u00e0 toute formation non simultan\u00e9e disponible chaque jour. Les b\u00e9n\u00e9fices de l&#8217;inscription seront revers\u00e9s aux animateurs de l&#8217;atelier. Les ateliers seront disponibles en personne seulement.<\/p>\n<p>*Chaque article n\u00e9cessite un pr\u00e9sentateur (en ligne ou en personne). Un d\u00e9l\u00e9gu\u00e9 ne peut pr\u00e9senter plus de deux articles.<\/p>\n<p><strong>Date limite d&#8217;inscription:<\/strong><br \/>\nPr\u00e9inscription : 7 avril \u2013 5 mai<br \/>\nR\u00e9gulier\u00a0: 6\u00a0mai &#8211; 22\u00a0juin<\/p>\n<p>L&#8217;inscription \u00e0 eSim 2022 est disponible <a href=\"https:\/\/payments.carleton.ca\/esim2022\/esim-2022-registration\/\">ici<\/a>!<\/p>\n","protected":false},"excerpt":{"rendered":"<p>Les frais d&#8217;inscription sont les suivants (tous les prix sont en dollars canadiens): Type de d\u00e9l\u00e9gu\u00e9 non-\u00e9tudiant \u00e9tudiant Adh\u00e9sion \u00e0 d&#8217;IBPSA non membre membre non\u00a0membre non membre Conf\u00e9rence 22-23 juin Pr\u00e9inscription (en personne) $525 $500 $375 $350 R\u00e9guli\u00e8r (en personne) $600 $575 $450 $425 Pr\u00e9inscription (en ligne) $250 $225 $175 $150 R\u00e9guli\u00e8r(en ligne) $325 $300 [&hellip;]<\/p>\n","protected":false},"author":6,"featured_media":0,"parent":61,"menu_order":0,"comment_status":"closed","ping_status":"closed","template":"","meta":{"_relevanssi_hide_post":"","_relevanssi_hide_content":"","_relevanssi_pin_for_all":"","_relevanssi_pin_keywords":"","_relevanssi_unpin_keywords":"","_relevanssi_related_keywords":"","_relevanssi_related_include_ids":"","_relevanssi_related_exclude_ids":"","_relevanssi_related_no_append":"","_relevanssi_related_not_related":"","_relevanssi_related_posts":"","_relevanssi_noindex_reason":"","_mi_skip_tracking":false,"_exactmetrics_sitenote_active":false,"_exactmetrics_sitenote_note":"","_exactmetrics_sitenote_category":0,"_monsterinsights_sitenote_active":false,"_monsterinsights_sitenote_note":"","_monsterinsights_sitenote_category":0,"footnotes":"","_links_to":"","_links_to_target":""},"yoast_head":"<!-- This site is optimized with the Yoast SEO plugin v21.2 - https:\/\/yoast.com\/wordpress\/plugins\/seo\/ -->\n<title>Information d&#039;inscription - eSim 2022<\/title>\n<meta name=\"description\" content=\"Les frais d&#039;inscription sont les suivants (tous les prix sont en dollars canadiens): Type de d\u00e9l\u00e9gu\u00e9 non-\u00e9tudiant \u00e9tudiant Adh\u00e9sion \u00e0 d&#039;IBPSA non membre\" \/>\n<meta name=\"robots\" content=\"index, follow, max-snippet:-1, max-image-preview:large, max-video-preview:-1\" \/>\n<link rel=\"canonical\" href=\"https:\/\/carleton.ca\/esim22\/accueil\/information-dinscription\/\" \/>\n<meta name=\"twitter:label1\" content=\"Est. reading time\" \/>\n\t<meta name=\"twitter:data1\" content=\"1 minute\" \/>\n<script type=\"application\/ld+json\" class=\"yoast-schema-graph\">{\"@context\":\"https:\/\/schema.org\",\"@graph\":[{\"@type\":\"WebPage\",\"@id\":\"https:\/\/carleton.ca\/esim22\/accueil\/information-dinscription\/\",\"url\":\"https:\/\/carleton.ca\/esim22\/accueil\/information-dinscription\/\",\"name\":\"Information d'inscription - eSim 2022\",\"isPartOf\":{\"@id\":\"https:\/\/carleton.ca\/esim22\/#website\"},\"datePublished\":\"2022-03-14T20:43:00+00:00\",\"dateModified\":\"2022-04-08T23:07:57+00:00\",\"description\":\"Les frais d'inscription sont les suivants (tous les prix sont en dollars canadiens): Type de d\u00e9l\u00e9gu\u00e9 non-\u00e9tudiant \u00e9tudiant Adh\u00e9sion \u00e0 d'IBPSA non membre\",\"breadcrumb\":{\"@id\":\"https:\/\/carleton.ca\/esim22\/accueil\/information-dinscription\/#breadcrumb\"},\"inLanguage\":\"en-US\",\"potentialAction\":[{\"@type\":\"ReadAction\",\"target\":[\"https:\/\/carleton.ca\/esim22\/accueil\/information-dinscription\/\"]}]},{\"@type\":\"BreadcrumbList\",\"@id\":\"https:\/\/carleton.ca\/esim22\/accueil\/information-dinscription\/#breadcrumb\",\"itemListElement\":[{\"@type\":\"ListItem\",\"position\":1,\"name\":\"Home\",\"item\":\"https:\/\/carleton.ca\/esim22\/\"},{\"@type\":\"ListItem\",\"position\":2,\"name\":\"Accueil\",\"item\":\"https:\/\/carleton.ca\/esim22\/accueil\/\"},{\"@type\":\"ListItem\",\"position\":3,\"name\":\"Information d&#8217;inscription\"}]},{\"@type\":\"WebSite\",\"@id\":\"https:\/\/carleton.ca\/esim22\/#website\",\"url\":\"https:\/\/carleton.ca\/esim22\/\",\"name\":\"eSim 2022\",\"description\":\"Carleton University\",\"potentialAction\":[{\"@type\":\"SearchAction\",\"target\":{\"@type\":\"EntryPoint\",\"urlTemplate\":\"https:\/\/carleton.ca\/esim22\/?s={search_term_string}\"},\"query-input\":\"required name=search_term_string\"}],\"inLanguage\":\"en-US\"}]}<\/script>\n<!-- \/ Yoast SEO plugin. -->","yoast_head_json":{"title":"Information d'inscription - eSim 2022","description":"Les frais d'inscription sont les suivants (tous les prix sont en dollars canadiens): Type de d\u00e9l\u00e9gu\u00e9 non-\u00e9tudiant \u00e9tudiant Adh\u00e9sion \u00e0 d'IBPSA non membre","robots":{"index":"index","follow":"follow","max-snippet":"max-snippet:-1","max-image-preview":"max-image-preview:large","max-video-preview":"max-video-preview:-1"},"canonical":"https:\/\/carleton.ca\/esim22\/accueil\/information-dinscription\/","twitter_misc":{"Est. reading time":"1 minute"},"schema":{"@context":"https:\/\/schema.org","@graph":[{"@type":"WebPage","@id":"https:\/\/carleton.ca\/esim22\/accueil\/information-dinscription\/","url":"https:\/\/carleton.ca\/esim22\/accueil\/information-dinscription\/","name":"Information d'inscription - eSim 2022","isPartOf":{"@id":"https:\/\/carleton.ca\/esim22\/#website"},"datePublished":"2022-03-14T20:43:00+00:00","dateModified":"2022-04-08T23:07:57+00:00","description":"Les frais d'inscription sont les suivants (tous les prix sont en dollars canadiens): Type de d\u00e9l\u00e9gu\u00e9 non-\u00e9tudiant \u00e9tudiant Adh\u00e9sion \u00e0 d'IBPSA non membre","breadcrumb":{"@id":"https:\/\/carleton.ca\/esim22\/accueil\/information-dinscription\/#breadcrumb"},"inLanguage":"en-US","potentialAction":[{"@type":"ReadAction","target":["https:\/\/carleton.ca\/esim22\/accueil\/information-dinscription\/"]}]},{"@type":"BreadcrumbList","@id":"https:\/\/carleton.ca\/esim22\/accueil\/information-dinscription\/#breadcrumb","itemListElement":[{"@type":"ListItem","position":1,"name":"Home","item":"https:\/\/carleton.ca\/esim22\/"},{"@type":"ListItem","position":2,"name":"Accueil","item":"https:\/\/carleton.ca\/esim22\/accueil\/"},{"@type":"ListItem","position":3,"name":"Information d&#8217;inscription"}]},{"@type":"WebSite","@id":"https:\/\/carleton.ca\/esim22\/#website","url":"https:\/\/carleton.ca\/esim22\/","name":"eSim 2022","description":"Carleton University","potentialAction":[{"@type":"SearchAction","target":{"@type":"EntryPoint","urlTemplate":"https:\/\/carleton.ca\/esim22\/?s={search_term_string}"},"query-input":"required name=search_term_string"}],"inLanguage":"en-US"}]}},"acf":{"banner_image_type":"none","banner_button":"no"},"_links":{"self":[{"href":"https:\/\/carleton.ca\/esim22\/wp-json\/wp\/v2\/pages\/211"}],"collection":[{"href":"https:\/\/carleton.ca\/esim22\/wp-json\/wp\/v2\/pages"}],"about":[{"href":"https:\/\/carleton.ca\/esim22\/wp-json\/wp\/v2\/types\/page"}],"author":[{"embeddable":true,"href":"https:\/\/carleton.ca\/esim22\/wp-json\/wp\/v2\/users\/6"}],"replies":[{"embeddable":true,"href":"https:\/\/carleton.ca\/esim22\/wp-json\/wp\/v2\/comments?post=211"}],"version-history":[{"count":3,"href":"https:\/\/carleton.ca\/esim22\/wp-json\/wp\/v2\/pages\/211\/revisions"}],"predecessor-version":[{"id":225,"href":"https:\/\/carleton.ca\/esim22\/wp-json\/wp\/v2\/pages\/211\/revisions\/225"}],"up":[{"embeddable":true,"href":"https:\/\/carleton.ca\/esim22\/wp-json\/wp\/v2\/pages\/61"}],"wp:attachment":[{"href":"https:\/\/carleton.ca\/esim22\/wp-json\/wp\/v2\/media?parent=211"}],"curies":[{"name":"wp","href":"https:\/\/api.w.org\/{rel}","templated":true}]}}