{"id":252,"date":"2022-05-03T18:20:20","date_gmt":"2022-05-03T22:20:20","guid":{"rendered":"https:\/\/carleton.ca\/esim22\/?page_id=252"},"modified":"2022-07-04T22:10:12","modified_gmt":"2022-07-05T02:10:12","slug":"student-awards","status":"publish","type":"page","link":"https:\/\/carleton.ca\/esim22\/student-awards\/","title":{"rendered":"Student awards"},"content":{"rendered":"<h2><img decoding=\"async\" loading=\"lazy\" class=\"alignnone  wp-image-272\" src=\"https:\/\/carleton.ca\/esim22\/wp-content\/uploads\/DSC02593-240x159.jpg\" alt=\"\" width=\"400\" height=\"265\" srcset=\"https:\/\/carleton.ca\/esim22\/wp-content\/uploads\/DSC02593-240x159.jpg 240w, https:\/\/carleton.ca\/esim22\/wp-content\/uploads\/DSC02593-400x265.jpg 400w, https:\/\/carleton.ca\/esim22\/wp-content\/uploads\/DSC02593-160x106.jpg 160w, https:\/\/carleton.ca\/esim22\/wp-content\/uploads\/DSC02593-768x510.jpg 768w, https:\/\/carleton.ca\/esim22\/wp-content\/uploads\/DSC02593-1536x1019.jpg 1536w, https:\/\/carleton.ca\/esim22\/wp-content\/uploads\/DSC02593-2048x1359.jpg 2048w, https:\/\/carleton.ca\/esim22\/wp-content\/uploads\/DSC02593-360x239.jpg 360w\" sizes=\"(max-width: 400px) 100vw, 400px\" \/><\/h2>\n<h2>Best Student Paper Award Recipient<\/h2>\n<ul>\n<li>Liam Jowett-Lockwood (University of Victoria)<\/li>\n<\/ul>\n<h2>Student Travel Award Recipients<\/h2>\n<ul>\n<li>Cl\u00e9mence Lavigueur (Polytechnique Montr\u00e9al)<\/li>\n<li>Jessie Pan (University of Toronto)<\/li>\n<li>Connor Brackley (Concordia University)<\/li>\n<li>Florent Herbinger (Polytechnique Montr\u00e9al)<\/li>\n<li>Jake Gu (University of Waterloo)<\/li>\n<\/ul>\n","protected":false},"excerpt":{"rendered":"<p>Best Student Paper Award Recipient Liam Jowett-Lockwood (University of Victoria) Student Travel Award Recipients Cl\u00e9mence Lavigueur (Polytechnique Montr\u00e9al) Jessie Pan (University of Toronto) Connor Brackley (Concordia University) Florent Herbinger (Polytechnique Montr\u00e9al) Jake Gu (University of Waterloo)<\/p>\n","protected":false},"author":6,"featured_media":0,"parent":0,"menu_order":0,"comment_status":"closed","ping_status":"closed","template":"","meta":{"_relevanssi_hide_post":"","_relevanssi_hide_content":"","_relevanssi_pin_for_all":"","_relevanssi_pin_keywords":"","_relevanssi_unpin_keywords":"","_relevanssi_related_keywords":"","_relevanssi_related_include_ids":"","_relevanssi_related_exclude_ids":"","_relevanssi_related_no_append":"","_relevanssi_related_not_related":"","_relevanssi_related_posts":"","_relevanssi_noindex_reason":"","_mi_skip_tracking":false,"_exactmetrics_sitenote_active":false,"_exactmetrics_sitenote_note":"","_exactmetrics_sitenote_category":0,"_monsterinsights_sitenote_active":false,"_monsterinsights_sitenote_note":"","_monsterinsights_sitenote_category":0,"footnotes":"","_links_to":"","_links_to_target":""},"yoast_head":"<!-- This site is optimized with the Yoast SEO plugin v21.2 - https:\/\/yoast.com\/wordpress\/plugins\/seo\/ -->\n<title>Student awards - eSim 2022<\/title>\n<meta name=\"description\" content=\"Best Student Paper Award Recipient Liam Jowett-Lockwood (University of Victoria) Student Travel Award Recipients Cl\u00e9mence Lavigueur (Polytechnique\" \/>\n<meta name=\"robots\" content=\"index, follow, max-snippet:-1, max-image-preview:large, max-video-preview:-1\" \/>\n<link rel=\"canonical\" href=\"https:\/\/carleton.ca\/esim22\/student-awards\/\" \/>\n<script type=\"application\/ld+json\" class=\"yoast-schema-graph\">{\"@context\":\"https:\/\/schema.org\",\"@graph\":[{\"@type\":\"WebPage\",\"@id\":\"https:\/\/carleton.ca\/esim22\/student-awards\/\",\"url\":\"https:\/\/carleton.ca\/esim22\/student-awards\/\",\"name\":\"Student awards - eSim 2022\",\"isPartOf\":{\"@id\":\"https:\/\/carleton.ca\/esim22\/#website\"},\"datePublished\":\"2022-05-03T22:20:20+00:00\",\"dateModified\":\"2022-07-05T02:10:12+00:00\",\"description\":\"Best Student Paper Award Recipient Liam Jowett-Lockwood (University of Victoria) Student Travel Award Recipients Cl\u00e9mence Lavigueur (Polytechnique\",\"breadcrumb\":{\"@id\":\"https:\/\/carleton.ca\/esim22\/student-awards\/#breadcrumb\"},\"inLanguage\":\"en-US\",\"potentialAction\":[{\"@type\":\"ReadAction\",\"target\":[\"https:\/\/carleton.ca\/esim22\/student-awards\/\"]}]},{\"@type\":\"BreadcrumbList\",\"@id\":\"https:\/\/carleton.ca\/esim22\/student-awards\/#breadcrumb\",\"itemListElement\":[{\"@type\":\"ListItem\",\"position\":1,\"name\":\"Home\",\"item\":\"https:\/\/carleton.ca\/esim22\/\"},{\"@type\":\"ListItem\",\"position\":2,\"name\":\"Student awards\"}]},{\"@type\":\"WebSite\",\"@id\":\"https:\/\/carleton.ca\/esim22\/#website\",\"url\":\"https:\/\/carleton.ca\/esim22\/\",\"name\":\"eSim 2022\",\"description\":\"Carleton University\",\"potentialAction\":[{\"@type\":\"SearchAction\",\"target\":{\"@type\":\"EntryPoint\",\"urlTemplate\":\"https:\/\/carleton.ca\/esim22\/?s={search_term_string}\"},\"query-input\":\"required name=search_term_string\"}],\"inLanguage\":\"en-US\"}]}<\/script>\n<!-- \/ Yoast SEO plugin. -->","yoast_head_json":{"title":"Student awards - eSim 2022","description":"Best Student Paper Award Recipient Liam Jowett-Lockwood (University of Victoria) Student Travel Award Recipients Cl\u00e9mence Lavigueur (Polytechnique","robots":{"index":"index","follow":"follow","max-snippet":"max-snippet:-1","max-image-preview":"max-image-preview:large","max-video-preview":"max-video-preview:-1"},"canonical":"https:\/\/carleton.ca\/esim22\/student-awards\/","schema":{"@context":"https:\/\/schema.org","@graph":[{"@type":"WebPage","@id":"https:\/\/carleton.ca\/esim22\/student-awards\/","url":"https:\/\/carleton.ca\/esim22\/student-awards\/","name":"Student awards - eSim 2022","isPartOf":{"@id":"https:\/\/carleton.ca\/esim22\/#website"},"datePublished":"2022-05-03T22:20:20+00:00","dateModified":"2022-07-05T02:10:12+00:00","description":"Best Student Paper Award Recipient Liam Jowett-Lockwood (University of Victoria) Student Travel Award Recipients Cl\u00e9mence Lavigueur (Polytechnique","breadcrumb":{"@id":"https:\/\/carleton.ca\/esim22\/student-awards\/#breadcrumb"},"inLanguage":"en-US","potentialAction":[{"@type":"ReadAction","target":["https:\/\/carleton.ca\/esim22\/student-awards\/"]}]},{"@type":"BreadcrumbList","@id":"https:\/\/carleton.ca\/esim22\/student-awards\/#breadcrumb","itemListElement":[{"@type":"ListItem","position":1,"name":"Home","item":"https:\/\/carleton.ca\/esim22\/"},{"@type":"ListItem","position":2,"name":"Student awards"}]},{"@type":"WebSite","@id":"https:\/\/carleton.ca\/esim22\/#website","url":"https:\/\/carleton.ca\/esim22\/","name":"eSim 2022","description":"Carleton University","potentialAction":[{"@type":"SearchAction","target":{"@type":"EntryPoint","urlTemplate":"https:\/\/carleton.ca\/esim22\/?s={search_term_string}"},"query-input":"required name=search_term_string"}],"inLanguage":"en-US"}]}},"acf":{"banner_image_type":"none","banner_button":"no"},"_links":{"self":[{"href":"https:\/\/carleton.ca\/esim22\/wp-json\/wp\/v2\/pages\/252"}],"collection":[{"href":"https:\/\/carleton.ca\/esim22\/wp-json\/wp\/v2\/pages"}],"about":[{"href":"https:\/\/carleton.ca\/esim22\/wp-json\/wp\/v2\/types\/page"}],"author":[{"embeddable":true,"href":"https:\/\/carleton.ca\/esim22\/wp-json\/wp\/v2\/users\/6"}],"replies":[{"embeddable":true,"href":"https:\/\/carleton.ca\/esim22\/wp-json\/wp\/v2\/comments?post=252"}],"version-history":[{"count":3,"href":"https:\/\/carleton.ca\/esim22\/wp-json\/wp\/v2\/pages\/252\/revisions"}],"predecessor-version":[{"id":274,"href":"https:\/\/carleton.ca\/esim22\/wp-json\/wp\/v2\/pages\/252\/revisions\/274"}],"wp:attachment":[{"href":"https:\/\/carleton.ca\/esim22\/wp-json\/wp\/v2\/media?parent=252"}],"curies":[{"name":"wp","href":"https:\/\/api.w.org\/{rel}","templated":true}]}}