{"id":456,"date":"2014-06-06T14:01:07","date_gmt":"2014-06-06T18:01:07","guid":{"rendered":"http:\/\/carleton.ca\/euce-network-canada\/?page_id=456"},"modified":"2014-11-10T15:55:48","modified_gmt":"2014-11-10T20:55:48","slug":"montrealmcgill-events","status":"publish","type":"page","link":"https:\/\/carleton.ca\/euce-network-canada\/centres\/euce-consortium-montrealmcgill\/montrealmcgill-events\/","title":{"rendered":"EUCE-Consortium Montr\u00e9al\/McGill Events"},"content":{"rendered":"<h2><strong>Upcoming Events<\/strong><\/h2>\n<h4>For real time event information, please visit the consortium EUCE-Montr\u00e9al\/McGill&#8217;s events page <a href=\"http:\/\/www.centreurope-montreal.ca\/en\/events-news\/\" target=\"_blank\">here<\/a>.<\/h4>\n<h3><\/h3>\n<h3>\u00a0<span style=\"text-decoration: underline;\"><strong>Upcoming Events<\/strong><\/span><\/h3>\n<p>November 25, 2014. Lecture by\u00a0 Laurent Bonnefoy.\u00a0<em><strong>Quelques r\u00e9flexions sur les trajectoires jihadistes : P\u00e9ninsule arabique, Europe et Am\u00e9rique du Nord.\u00a0<\/strong><\/em>Universit\u00e9 de Montr\u00e9al,Room\u00a0Michel Fortmann (530-1-1). \u00a0CEPSI &#8211; <span id=\"ctl00_lblIntro\">Centre d&#8217;\u00e9tudes sur la paix et la s\u00e9curit\u00e9 internationale,<\/span>3744 Jean-Brillant, 5th floor.<\/p>\n<p>November 28, 2014. Lecture by\u00a0Matthias Matthijs, School of Advanced International Studies, John Hopkins University. \u00a0<em><strong>Reading Kindleberger in Washington and Berlin: Ideas and Leadership in a Time of Crisis.\u00a0<\/strong><\/em>McGill,University,Room 808, Leacock building.\u00a0855 Sherbrooke Street West<\/p>\n<p>November 29, 2014. <em><strong>European Central Banking after the Global Financial Crisis.\u00a0<\/strong><\/em>McGill University<br \/>\nSchulich New Music Building, A-832 (eighth floor). Invitation only.<\/p>\n<h3><span style=\"text-decoration: underline;\"><strong>Recent Events<\/strong><\/span><\/h3>\n<p>October 17, 2014. Lecture by\u00a0Stefano Guzzini<span style=\"color: #000000;\">, Department of Government, Uppsala University.\u00a0<\/span><em>Why Berlusconi?<\/em><\/p>\n<p>October 16, 2014. Lecture by\u00a0Stefano Guzzini<span style=\"color: #000000;\">, Department of Government, Uppsala University. &#8220;<\/span><em>La pens\u00e9e g\u00e9opolitique en Europe.&#8221;<\/em><\/p>\n<p>October 10, 2014. Lecture by\u00a0Jonathan Slapin<span style=\"color: #000000;\">, Department of Political Science, University of Houston. &#8221;\u00a0<\/span><em>How European Union Membership Can Undermine the Rule of Law in Emerging Democracies.&#8221;<\/em><\/p>\n<p>October 3, 2014. Lecture by Hillary Appel, Department of Government,\u00a0<span style=\"color: #000000;\">Claremont McKenna College. &#8220;<\/span><em>Who is to Blame for Falling Corporate Taxes in Europe?&#8221;<\/em><\/p>\n<p>September 26, 2014. Lecture by John Campbell, Department of Sociology, Dartmouth\u00a0College and\u00a0John Hall, Department of Sociology, McGill University regarding: Small States, Nationalism and Institutional Capacities: The Paradox of Danish and Irish Responses to the Financial Crisis. <a title=\"september 26 mcgill lecture\" href=\"http:\/\/www.centreurope-montreal.ca\/en\/events-news\/events\/articles\/small-states-nationalism-and-institutional-capaci\/\" target=\"_blank\">Link to event<\/a>.<\/p>\n<p>June 11, 2014. 7.30-9.00am. &#8220;The Comprehensive Economic and Trade Agreement between Canada and the European Union: Towards New Models of Free Trade?&#8221;<\/p>\n<p>As part of the International Economic Forum of the Americas, which celebrates its 20th anniversary this year, and its annual Conference of Montreal, the EUCE and the\u00a0<a href=\"http:\/\/www.cerium.ca\/\">C\u00e9rium<\/a>\u00a0organize a breakfast meeting on the Canada-European Union Comprehensive Economic and Trade Agreement in a comparative perspective. The speakers will also address the free-trade negotiations between the EU and the United States and the EU and the Asian continent.<\/p>\n<p>May 8-10 2014. 10th ECSA-C Biennial Conference. Please <a href=\"http:\/\/www.centreurope-montreal.ca\/en\/events-news\/ecsa-c2014\/\">click here<\/a> for more information.<\/p>\n","protected":false},"excerpt":{"rendered":"<p>Upcoming Events For real time event information, please visit the consortium EUCE-Montr\u00e9al\/McGill&#8217;s events page here. \u00a0Upcoming Events November 25, 2014. Lecture by\u00a0 Laurent Bonnefoy.\u00a0Quelques r\u00e9flexions sur les trajectoires jihadistes : P\u00e9ninsule arabique, Europe et Am\u00e9rique du Nord.\u00a0Universit\u00e9 de Montr\u00e9al,Room\u00a0Michel Fortmann (530-1-1). \u00a0CEPSI &#8211; Centre d&#8217;\u00e9tudes sur la paix et la s\u00e9curit\u00e9 internationale,3744 Jean-Brillant, 5th floor. [&hellip;]<\/p>\n","protected":false},"author":17,"featured_media":0,"parent":361,"menu_order":0,"comment_status":"open","ping_status":"closed","template":"","meta":{"_relevanssi_hide_post":"","_relevanssi_hide_content":"","_relevanssi_pin_for_all":"","_relevanssi_pin_keywords":"","_relevanssi_unpin_keywords":"","_relevanssi_related_keywords":"","_relevanssi_related_include_ids":"","_relevanssi_related_exclude_ids":"","_relevanssi_related_no_append":"","_relevanssi_related_not_related":"","_relevanssi_related_posts":"","_relevanssi_noindex_reason":"","_mi_skip_tracking":false,"_exactmetrics_sitenote_active":false,"_exactmetrics_sitenote_note":"","_exactmetrics_sitenote_category":0,"footnotes":"","_links_to":"","_links_to_target":""},"yoast_head":"<!-- This site is optimized with the Yoast SEO plugin v21.2 - https:\/\/yoast.com\/wordpress\/plugins\/seo\/ -->\n<title>EUCE-Consortium Montr\u00e9al\/McGill Events - Canadian Network of EU Centres of Excellence<\/title>\n<meta name=\"description\" content=\"Upcoming Events For real time event information, please visit the consortium EUCE-Montr\u00e9al\/McGill&#039;s events page here. \u00a0Upcoming Events November 25, 2014.\" \/>\n<meta name=\"robots\" content=\"index, follow, max-snippet:-1, max-image-preview:large, max-video-preview:-1\" \/>\n<link rel=\"canonical\" href=\"https:\/\/carleton.ca\/euce-network-canada\/centres\/euce-consortium-montrealmcgill\/montrealmcgill-events\/\" \/>\n<meta name=\"twitter:label1\" content=\"Est. reading time\" \/>\n\t<meta name=\"twitter:data1\" content=\"2 minutes\" \/>\n<script type=\"application\/ld+json\" class=\"yoast-schema-graph\">{\"@context\":\"https:\/\/schema.org\",\"@graph\":[{\"@type\":\"WebPage\",\"@id\":\"https:\/\/carleton.ca\/euce-network-canada\/centres\/euce-consortium-montrealmcgill\/montrealmcgill-events\/\",\"url\":\"https:\/\/carleton.ca\/euce-network-canada\/centres\/euce-consortium-montrealmcgill\/montrealmcgill-events\/\",\"name\":\"EUCE-Consortium Montr\u00e9al\/McGill Events - Canadian Network of EU Centres of Excellence\",\"isPartOf\":{\"@id\":\"https:\/\/carleton.ca\/euce-network-canada\/#website\"},\"datePublished\":\"2014-06-06T18:01:07+00:00\",\"dateModified\":\"2014-11-10T20:55:48+00:00\",\"description\":\"Upcoming Events For real time event information, please visit the consortium EUCE-Montr\u00e9al\/McGill's events page here. \u00a0Upcoming Events November 25, 2014.\",\"breadcrumb\":{\"@id\":\"https:\/\/carleton.ca\/euce-network-canada\/centres\/euce-consortium-montrealmcgill\/montrealmcgill-events\/#breadcrumb\"},\"inLanguage\":\"en-US\",\"potentialAction\":[{\"@type\":\"ReadAction\",\"target\":[\"https:\/\/carleton.ca\/euce-network-canada\/centres\/euce-consortium-montrealmcgill\/montrealmcgill-events\/\"]}]},{\"@type\":\"BreadcrumbList\",\"@id\":\"https:\/\/carleton.ca\/euce-network-canada\/centres\/euce-consortium-montrealmcgill\/montrealmcgill-events\/#breadcrumb\",\"itemListElement\":[{\"@type\":\"ListItem\",\"position\":1,\"name\":\"Home\",\"item\":\"https:\/\/carleton.ca\/euce-network-canada\/\"},{\"@type\":\"ListItem\",\"position\":2,\"name\":\"European Union Centres in Canada\",\"item\":\"https:\/\/carleton.ca\/euce-network-canada\/centres\/\"},{\"@type\":\"ListItem\",\"position\":3,\"name\":\"EUCE-Consortium Montr\u00e9al\/McGill\",\"item\":\"https:\/\/carleton.ca\/euce-network-canada\/centres\/euce-consortium-montrealmcgill\/\"},{\"@type\":\"ListItem\",\"position\":4,\"name\":\"EUCE-Consortium Montr\u00e9al\/McGill Events\"}]},{\"@type\":\"WebSite\",\"@id\":\"https:\/\/carleton.ca\/euce-network-canada\/#website\",\"url\":\"https:\/\/carleton.ca\/euce-network-canada\/\",\"name\":\"Canadian Network of EU Centres of Excellence\",\"description\":\"Carleton University\",\"potentialAction\":[{\"@type\":\"SearchAction\",\"target\":{\"@type\":\"EntryPoint\",\"urlTemplate\":\"https:\/\/carleton.ca\/euce-network-canada\/?s={search_term_string}\"},\"query-input\":\"required name=search_term_string\"}],\"inLanguage\":\"en-US\"}]}<\/script>\n<!-- \/ Yoast SEO plugin. -->","yoast_head_json":{"title":"EUCE-Consortium Montr\u00e9al\/McGill Events - Canadian Network of EU Centres of Excellence","description":"Upcoming Events For real time event information, please visit the consortium EUCE-Montr\u00e9al\/McGill's events page here. \u00a0Upcoming Events November 25, 2014.","robots":{"index":"index","follow":"follow","max-snippet":"max-snippet:-1","max-image-preview":"max-image-preview:large","max-video-preview":"max-video-preview:-1"},"canonical":"https:\/\/carleton.ca\/euce-network-canada\/centres\/euce-consortium-montrealmcgill\/montrealmcgill-events\/","twitter_misc":{"Est. reading time":"2 minutes"},"schema":{"@context":"https:\/\/schema.org","@graph":[{"@type":"WebPage","@id":"https:\/\/carleton.ca\/euce-network-canada\/centres\/euce-consortium-montrealmcgill\/montrealmcgill-events\/","url":"https:\/\/carleton.ca\/euce-network-canada\/centres\/euce-consortium-montrealmcgill\/montrealmcgill-events\/","name":"EUCE-Consortium Montr\u00e9al\/McGill Events - Canadian Network of EU Centres of Excellence","isPartOf":{"@id":"https:\/\/carleton.ca\/euce-network-canada\/#website"},"datePublished":"2014-06-06T18:01:07+00:00","dateModified":"2014-11-10T20:55:48+00:00","description":"Upcoming Events For real time event information, please visit the consortium EUCE-Montr\u00e9al\/McGill's events page here. \u00a0Upcoming Events November 25, 2014.","breadcrumb":{"@id":"https:\/\/carleton.ca\/euce-network-canada\/centres\/euce-consortium-montrealmcgill\/montrealmcgill-events\/#breadcrumb"},"inLanguage":"en-US","potentialAction":[{"@type":"ReadAction","target":["https:\/\/carleton.ca\/euce-network-canada\/centres\/euce-consortium-montrealmcgill\/montrealmcgill-events\/"]}]},{"@type":"BreadcrumbList","@id":"https:\/\/carleton.ca\/euce-network-canada\/centres\/euce-consortium-montrealmcgill\/montrealmcgill-events\/#breadcrumb","itemListElement":[{"@type":"ListItem","position":1,"name":"Home","item":"https:\/\/carleton.ca\/euce-network-canada\/"},{"@type":"ListItem","position":2,"name":"European Union Centres in Canada","item":"https:\/\/carleton.ca\/euce-network-canada\/centres\/"},{"@type":"ListItem","position":3,"name":"EUCE-Consortium Montr\u00e9al\/McGill","item":"https:\/\/carleton.ca\/euce-network-canada\/centres\/euce-consortium-montrealmcgill\/"},{"@type":"ListItem","position":4,"name":"EUCE-Consortium Montr\u00e9al\/McGill Events"}]},{"@type":"WebSite","@id":"https:\/\/carleton.ca\/euce-network-canada\/#website","url":"https:\/\/carleton.ca\/euce-network-canada\/","name":"Canadian Network of EU Centres of Excellence","description":"Carleton University","potentialAction":[{"@type":"SearchAction","target":{"@type":"EntryPoint","urlTemplate":"https:\/\/carleton.ca\/euce-network-canada\/?s={search_term_string}"},"query-input":"required name=search_term_string"}],"inLanguage":"en-US"}]}},"acf":{"banner_image_type":null,"banner_uploaded_image":null,"banner_hosted_image":null,"banner_opacity":null,"banner_button":null,"banner_buttons":null},"_links":{"self":[{"href":"https:\/\/carleton.ca\/euce-network-canada\/wp-json\/wp\/v2\/pages\/456"}],"collection":[{"href":"https:\/\/carleton.ca\/euce-network-canada\/wp-json\/wp\/v2\/pages"}],"about":[{"href":"https:\/\/carleton.ca\/euce-network-canada\/wp-json\/wp\/v2\/types\/page"}],"author":[{"embeddable":true,"href":"https:\/\/carleton.ca\/euce-network-canada\/wp-json\/wp\/v2\/users\/17"}],"replies":[{"embeddable":true,"href":"https:\/\/carleton.ca\/euce-network-canada\/wp-json\/wp\/v2\/comments?post=456"}],"version-history":[{"count":4,"href":"https:\/\/carleton.ca\/euce-network-canada\/wp-json\/wp\/v2\/pages\/456\/revisions"}],"predecessor-version":[{"id":828,"href":"https:\/\/carleton.ca\/euce-network-canada\/wp-json\/wp\/v2\/pages\/456\/revisions\/828"}],"up":[{"embeddable":true,"href":"https:\/\/carleton.ca\/euce-network-canada\/wp-json\/wp\/v2\/pages\/361"}],"wp:attachment":[{"href":"https:\/\/carleton.ca\/euce-network-canada\/wp-json\/wp\/v2\/media?parent=456"}],"curies":[{"name":"wp","href":"https:\/\/api.w.org\/{rel}","templated":true}]}}