{"id":197,"date":"2024-01-23T20:23:01","date_gmt":"2024-01-24T01:23:01","guid":{"rendered":"https:\/\/carleton.ca\/fd-chairs-net\/?page_id=197"},"modified":"2025-10-07T14:23:32","modified_gmt":"2025-10-07T18:23:32","slug":"publications","status":"publish","type":"page","link":"https:\/\/carleton.ca\/fd-chairs-net\/publications\/","title":{"rendered":"Publications"},"content":{"rendered":"<h2><strong>Policy Briefs<\/strong><\/h2>\n<section class=\"content-wrapper content-wrapper--shortcode\"><div class=\"u-post-reload\"><div class=\"news news--archive u-width-limited\"><a class=\"news__link  news__link--archive\" href=\"https:\/\/carleton.ca\/fd-chairs-net\/2025\/new-policy-brief-published-by-idrc-research-chair-myriam-cherti-mohammed-vi-polytechnic-university-morocco\/\"><p class=\"news__date news__date--archive\">Monday, December 8, 2025<\/p><h3 class=\"news__heading u-hide-in-toc news__heading--archive\" rel=\"bookmark\">New Policy Brief published by IDRC Research Chair, Myriam Cherti, Mohammed VI Polytechnic University, Morocco<\/h3><p class=\"news__excerpt news__excerpt--archive\">A new policy brief has been published on &quot;Cities as key policy actors: strengthening urban responses to displacement in the global South&#039;, led by Dr Myriam Cherti, the IDRC Research Chair on Forced Displacement at the University Mohammed VI Polytechnic (UM6P) in Rabat.\u00a0 The brief is based on the contributions and discussions we had... <span class=\"news__more-link\">More<\/span><\/p><\/a><\/div><div class=\"news news--archive u-width-limited\"><a class=\"news__link  news__link--archive\" href=\"https:\/\/carleton.ca\/fd-chairs-net\/2025\/rapport-de-politique-reflexions-et-recommandations-du-sud-global-sur-le-genre-et-la-geopolitique\/\"><p class=\"news__date news__date--archive\">Tuesday, October 7, 2025<\/p><h3 class=\"news__heading u-hide-in-toc news__heading--archive\" rel=\"bookmark\">Rapport de Politique: R\u00e9flexions et recommandations du Sud global sur le genre et la g\u00e9opolitique<\/h3><p class=\"news__excerpt news__excerpt--archive\">Rapport de Politique Cette note d&#039;orientation est le r\u00e9sultat du webinaire intitul\u00e9 \u00abGenre, g\u00e9opolitique et d\u00e9placements forc\u00e9s: perspectives du Sud\u00bb organis\u00e9 par le R\u00e9seau des chaires de recherche du CRDI sur les d\u00e9placements forc\u00e9s, le 27 mars 2025. Il mettait en vedette Susan Martin, professeure \u00e9m\u00e9rite Donald G. Herzberg en... <span class=\"news__more-link\">More<\/span><\/p><\/a><\/div><div class=\"news news--archive u-width-limited\"><a class=\"news__link  news__link--archive\" href=\"https:\/\/carleton.ca\/fd-chairs-net\/2025\/informe-de-politicas-reflexiones-y-recomendaciones-del-sur-global-sobre-el-genero-y-la-geopolitica\/\"><p class=\"news__date news__date--archive\">Tuesday, October 7, 2025<\/p><h3 class=\"news__heading u-hide-in-toc news__heading--archive\" rel=\"bookmark\">Informe de Pol\u00edticas: Reflexiones y recomendaciones del Sur Global  sobre el g\u00e9nero y la geopol\u00edtica<\/h3><p class=\"news__excerpt news__excerpt--archive\">Informe de Pol\u00edticas Este informe de pol\u00edticas es el resultado del seminario web \u00abG\u00e9nero, geopol\u00edtica y desplazamiento forzado: perspectivas del Sur Global\u00bb, organizado por la Red de C\u00e1tedras de Investigaci\u00f3n del IDRC sobre Desplazamiento Forzado, el 27 de marzo de 2025. En \u00e9l participaron Susan Martin, profesora em\u00e9rita Donald G.... <span class=\"news__more-link\">More<\/span><\/p><\/a><\/div><div class=\"news news--archive u-width-limited\"><a class=\"news__link  news__link--archive\" href=\"https:\/\/carleton.ca\/fd-chairs-net\/2025\/policy-brief-global-south-reflections-and-recommendations-on-gender-and-geopolitics\/\"><p class=\"news__date news__date--archive\">Tuesday, October 7, 2025<\/p><h3 class=\"news__heading u-hide-in-toc news__heading--archive\" rel=\"bookmark\">Policy Brief: Global South Reflections and Recommendations on Gender and Geopolitics<\/h3><p class=\"news__excerpt news__excerpt--archive\">Read the policy brief here This Policy Brief is a result of Gender, Geopolitics and Forced Displacement: Global South Perspectives webinar organized by IDRC Research Chairs Network on Forced Displacement, 27 March, 2025. It featured Susan Martin, Donald G. Herzberg Professor Emerita of International Migration, and two IDRC Research Chairs, Paula... <span class=\"news__more-link\">More<\/span><\/p><\/a><\/div><div class=\"news news--archive u-width-limited\"><a class=\"news__link  news__link--archive\" href=\"https:\/\/carleton.ca\/fd-chairs-net\/2025\/policy-brief-global-south-perspectives-on-internally-displaced-people-idps\/\"><p class=\"news__date news__date--archive\">Monday, August 18, 2025<\/p><h3 class=\"news__heading u-hide-in-toc news__heading--archive\" rel=\"bookmark\">Policy Brief: Global South Perspectives on Internally Displaced People (IDPs)<\/h3><p class=\"news__excerpt news__excerpt--archive\">Read the policy brief here This Policy Brief is a result of Global South Perspectives on Internally Displaced People webinar organized by IDRC Research Chairs Network on Forced Displacement, 13 February, 2025. It featured Paula Gaviria Betancur, UN Special Rapporteur on the human rights of internally displaced persons (IDPs), and four IDRC... <span class=\"news__more-link\">More<\/span><\/p><\/a><\/div><\/div><div class=\"button button--news button--more\"><a class=\"load-more button__red button__red--outline\"\n\t\t\t\tdata-numposts=\"5\"\n\t\t\t\tdata-offset=\"5\"\n\t\t\t\tdata-selector=\"blog\" data-catid=\"87\"\n\t\t\t\tdata-nonce=\"c87ec815ef\"\n\t\t\t\tdata-thumbnail=\"false\">Load More &rarr;<\/a><\/div><\/section>\n<h2><strong>Publications from the Network of Chairs<\/strong><\/h2>\n<section class=\"content-wrapper content-wrapper--shortcode\"><div class=\"u-post-reload\"><div class=\"news news--archive u-width-limited\"><a class=\"news__link  news__link--archive\" href=\"https:\/\/carleton.ca\/fd-chairs-net\/2025\/new-policy-brief-published-by-idrc-research-chair-myriam-cherti-mohammed-vi-polytechnic-university-morocco\/\"><p class=\"news__date news__date--archive\">Monday, December 8, 2025<\/p><h3 class=\"news__heading u-hide-in-toc news__heading--archive\" rel=\"bookmark\">New Policy Brief published by IDRC Research Chair, Myriam Cherti, Mohammed VI Polytechnic University, Morocco<\/h3><p class=\"news__excerpt news__excerpt--archive\">A new policy brief has been published on &quot;Cities as key policy actors: strengthening urban responses to displacement in the global South&#039;, led by Dr Myriam Cherti, the IDRC Research Chair on Forced Displacement at the University Mohammed VI Polytechnic (UM6P) in Rabat.\u00a0 The brief is based on the contributions and discussions we had... <span class=\"news__more-link\">More<\/span><\/p><\/a><\/div><div class=\"news news--archive u-width-limited\"><a class=\"news__link  news__link--archive\" href=\"https:\/\/carleton.ca\/fd-chairs-net\/2025\/new-policy-brief-published-by-idrc-research-chair-dr-paula-banerjee\/\"><p class=\"news__date news__date--archive\">Wednesday, October 29, 2025<\/p><h3 class=\"news__heading u-hide-in-toc news__heading--archive\" rel=\"bookmark\">New Policy Brief published by IDRC Research Chair, Dr. Paula Banerjee<\/h3><p class=\"news__excerpt news__excerpt--archive\">IDRC Research Chair, Prof. Paula Banerjee, publishes a &#039;Scoping study on promoting labour market reintegration in the context of climate mobility in Pacific Island countries&#039;. This study contributes to the implementation of the Pacific Regional Framework on Climate Mobility, which advocates for proactive, humane, and sustainable solutions that... <span class=\"news__more-link\">More<\/span><\/p><\/a><\/div><div class=\"news news--archive u-width-limited\"><a class=\"news__link  news__link--archive\" href=\"https:\/\/carleton.ca\/fd-chairs-net\/2025\/the-postcolonial-compendium-keywords-in-forced-migration-and-refugee-studies-new-publication-by-idrc-research-chair-prof-paula-banerjee\/\"><p class=\"news__date news__date--archive\">Thursday, October 23, 2025<\/p><h3 class=\"news__heading u-hide-in-toc news__heading--archive\" rel=\"bookmark\">The Postcolonial Compendium: Keywords in Forced Migration and Refugee Studies, new publication by IDRC Research Chair Prof. Paula Banerjee<\/h3><p class=\"news__excerpt news__excerpt--archive\">Professor Paula Banerjee (the IDRC Research Chair on Gender and Forced Displacement at the Asian Institute of Technology\u2019s Gender and Development Studies Program) recently published E-book, The Postcolonial Compendium: Keywords in Forced Migration and Refugee Studies, (edited by Paula Banerjee, Nasreen Chowdhory and Priya Singh). The book is... <span class=\"news__more-link\">More<\/span><\/p><\/a><\/div><div class=\"news news--archive u-width-limited\"><a class=\"news__link  news__link--archive\" href=\"https:\/\/carleton.ca\/fd-chairs-net\/2025\/rapport-de-politique-reflexions-et-recommandations-du-sud-global-sur-le-genre-et-la-geopolitique\/\"><p class=\"news__date news__date--archive\">Tuesday, October 7, 2025<\/p><h3 class=\"news__heading u-hide-in-toc news__heading--archive\" rel=\"bookmark\">Rapport de Politique: R\u00e9flexions et recommandations du Sud global sur le genre et la g\u00e9opolitique<\/h3><p class=\"news__excerpt news__excerpt--archive\">Rapport de Politique Cette note d&#039;orientation est le r\u00e9sultat du webinaire intitul\u00e9 \u00abGenre, g\u00e9opolitique et d\u00e9placements forc\u00e9s: perspectives du Sud\u00bb organis\u00e9 par le R\u00e9seau des chaires de recherche du CRDI sur les d\u00e9placements forc\u00e9s, le 27 mars 2025. Il mettait en vedette Susan Martin, professeure \u00e9m\u00e9rite Donald G. Herzberg en... <span class=\"news__more-link\">More<\/span><\/p><\/a><\/div><div class=\"news news--archive u-width-limited\"><a class=\"news__link  news__link--archive\" href=\"https:\/\/carleton.ca\/fd-chairs-net\/2025\/informe-de-politicas-reflexiones-y-recomendaciones-del-sur-global-sobre-el-genero-y-la-geopolitica\/\"><p class=\"news__date news__date--archive\">Tuesday, October 7, 2025<\/p><h3 class=\"news__heading u-hide-in-toc news__heading--archive\" rel=\"bookmark\">Informe de Pol\u00edticas: Reflexiones y recomendaciones del Sur Global  sobre el g\u00e9nero y la geopol\u00edtica<\/h3><p class=\"news__excerpt news__excerpt--archive\">Informe de Pol\u00edticas Este informe de pol\u00edticas es el resultado del seminario web \u00abG\u00e9nero, geopol\u00edtica y desplazamiento forzado: perspectivas del Sur Global\u00bb, organizado por la Red de C\u00e1tedras de Investigaci\u00f3n del IDRC sobre Desplazamiento Forzado, el 27 de marzo de 2025. En \u00e9l participaron Susan Martin, profesora em\u00e9rita Donald G.... <span class=\"news__more-link\">More<\/span><\/p><\/a><\/div><\/div><div class=\"button button--news button--more\"><a class=\"load-more button__red button__red--outline\"\n\t\t\t\tdata-numposts=\"5\"\n\t\t\t\tdata-offset=\"5\"\n\t\t\t\tdata-selector=\"blog\" data-catid=\"26\"\n\t\t\t\tdata-nonce=\"c87ec815ef\"\n\t\t\t\tdata-thumbnail=\"false\">Load More &rarr;<\/a><\/div><\/section>\n<p><\/p>\n","protected":false},"excerpt":{"rendered":"<p>Policy Briefs Publications from the Network of Chairs<\/p>\n","protected":false},"author":6,"featured_media":0,"parent":0,"menu_order":0,"comment_status":"closed","ping_status":"closed","template":"","meta":{"_relevanssi_hide_post":"","_relevanssi_hide_content":"","_relevanssi_pin_for_all":"","_relevanssi_pin_keywords":"","_relevanssi_unpin_keywords":"","_relevanssi_related_keywords":"","_relevanssi_related_include_ids":"","_relevanssi_related_exclude_ids":"","_relevanssi_related_no_append":"","_relevanssi_related_not_related":"","_relevanssi_related_posts":"","_relevanssi_noindex_reason":"","_mi_skip_tracking":false,"_exactmetrics_sitenote_active":false,"_exactmetrics_sitenote_note":"","_exactmetrics_sitenote_category":0,"footnotes":"","_links_to":"","_links_to_target":""},"yoast_head":"<!-- This site is optimized with the Yoast SEO plugin v21.2 - https:\/\/yoast.com\/wordpress\/plugins\/seo\/ -->\n<title>Publications - IDRC Research Chairs Network on Forced Displacement<\/title>\n<meta name=\"description\" content=\"Policy Briefs  Publications from the Network of Chairs   &nbsp;\" \/>\n<meta name=\"robots\" content=\"index, follow, max-snippet:-1, max-image-preview:large, max-video-preview:-1\" \/>\n<link rel=\"canonical\" href=\"https:\/\/carleton.ca\/fd-chairs-net\/publications\/\" \/>\n<meta name=\"twitter:label1\" content=\"Est. reading time\" \/>\n\t<meta name=\"twitter:data1\" content=\"1 minute\" \/>\n<script type=\"application\/ld+json\" class=\"yoast-schema-graph\">{\"@context\":\"https:\/\/schema.org\",\"@graph\":[{\"@type\":\"WebPage\",\"@id\":\"https:\/\/carleton.ca\/fd-chairs-net\/publications\/\",\"url\":\"https:\/\/carleton.ca\/fd-chairs-net\/publications\/\",\"name\":\"Publications - IDRC Research Chairs Network on Forced Displacement\",\"isPartOf\":{\"@id\":\"https:\/\/carleton.ca\/fd-chairs-net\/#website\"},\"datePublished\":\"2024-01-24T01:23:01+00:00\",\"dateModified\":\"2025-10-07T18:23:32+00:00\",\"description\":\"Policy Briefs Publications from the Network of Chairs &nbsp;\",\"breadcrumb\":{\"@id\":\"https:\/\/carleton.ca\/fd-chairs-net\/publications\/#breadcrumb\"},\"inLanguage\":\"en-US\",\"potentialAction\":[{\"@type\":\"ReadAction\",\"target\":[\"https:\/\/carleton.ca\/fd-chairs-net\/publications\/\"]}]},{\"@type\":\"BreadcrumbList\",\"@id\":\"https:\/\/carleton.ca\/fd-chairs-net\/publications\/#breadcrumb\",\"itemListElement\":[{\"@type\":\"ListItem\",\"position\":1,\"name\":\"Home\",\"item\":\"https:\/\/carleton.ca\/fd-chairs-net\/\"},{\"@type\":\"ListItem\",\"position\":2,\"name\":\"Publications\"}]},{\"@type\":\"WebSite\",\"@id\":\"https:\/\/carleton.ca\/fd-chairs-net\/#website\",\"url\":\"https:\/\/carleton.ca\/fd-chairs-net\/\",\"name\":\"IDRC Research Chairs Network on Forced Displacement\",\"description\":\"Carleton University\",\"potentialAction\":[{\"@type\":\"SearchAction\",\"target\":{\"@type\":\"EntryPoint\",\"urlTemplate\":\"https:\/\/carleton.ca\/fd-chairs-net\/?s={search_term_string}\"},\"query-input\":\"required name=search_term_string\"}],\"inLanguage\":\"en-US\"}]}<\/script>\n<!-- \/ Yoast SEO plugin. -->","yoast_head_json":{"title":"Publications - IDRC Research Chairs Network on Forced Displacement","description":"Policy Briefs  Publications from the Network of Chairs   &nbsp;","robots":{"index":"index","follow":"follow","max-snippet":"max-snippet:-1","max-image-preview":"max-image-preview:large","max-video-preview":"max-video-preview:-1"},"canonical":"https:\/\/carleton.ca\/fd-chairs-net\/publications\/","twitter_misc":{"Est. reading time":"1 minute"},"schema":{"@context":"https:\/\/schema.org","@graph":[{"@type":"WebPage","@id":"https:\/\/carleton.ca\/fd-chairs-net\/publications\/","url":"https:\/\/carleton.ca\/fd-chairs-net\/publications\/","name":"Publications - IDRC Research Chairs Network on Forced Displacement","isPartOf":{"@id":"https:\/\/carleton.ca\/fd-chairs-net\/#website"},"datePublished":"2024-01-24T01:23:01+00:00","dateModified":"2025-10-07T18:23:32+00:00","description":"Policy Briefs Publications from the Network of Chairs &nbsp;","breadcrumb":{"@id":"https:\/\/carleton.ca\/fd-chairs-net\/publications\/#breadcrumb"},"inLanguage":"en-US","potentialAction":[{"@type":"ReadAction","target":["https:\/\/carleton.ca\/fd-chairs-net\/publications\/"]}]},{"@type":"BreadcrumbList","@id":"https:\/\/carleton.ca\/fd-chairs-net\/publications\/#breadcrumb","itemListElement":[{"@type":"ListItem","position":1,"name":"Home","item":"https:\/\/carleton.ca\/fd-chairs-net\/"},{"@type":"ListItem","position":2,"name":"Publications"}]},{"@type":"WebSite","@id":"https:\/\/carleton.ca\/fd-chairs-net\/#website","url":"https:\/\/carleton.ca\/fd-chairs-net\/","name":"IDRC Research Chairs Network on Forced Displacement","description":"Carleton University","potentialAction":[{"@type":"SearchAction","target":{"@type":"EntryPoint","urlTemplate":"https:\/\/carleton.ca\/fd-chairs-net\/?s={search_term_string}"},"query-input":"required name=search_term_string"}],"inLanguage":"en-US"}]}},"acf":{"banner_image_type":"upload","banner_button":"no","banner_hosted_image":"aerial","banner_opacity":"darker","banner_uploaded_image":{"ID":817,"id":817,"title":"publications_stock","filename":"publications_stock.jpeg","filesize":261739,"url":"https:\/\/carleton.ca\/fd-chairs-net\/wp-content\/uploads\/publications_stock.jpeg","link":"https:\/\/carleton.ca\/fd-chairs-net\/publications\/publications_stock\/","alt":"","author":"8","description":"","caption":"","name":"publications_stock","status":"inherit","uploaded_to":197,"date":"2024-02-21 02:37:28","modified":"2024-02-21 02:37:28","menu_order":0,"mime_type":"image\/jpeg","type":"image","subtype":"jpeg","icon":"https:\/\/carleton.ca\/fd-chairs-net\/wp\/wp-includes\/images\/media\/default.png","width":1600,"height":700,"sizes":{"thumbnail":"https:\/\/carleton.ca\/fd-chairs-net\/wp-content\/uploads\/publications_stock-160x70.jpeg","thumbnail-width":160,"thumbnail-height":70,"medium":"https:\/\/carleton.ca\/fd-chairs-net\/wp-content\/uploads\/publications_stock-240x105.jpeg","medium-width":240,"medium-height":105,"medium_large":"https:\/\/carleton.ca\/fd-chairs-net\/wp-content\/uploads\/publications_stock-768x336.jpeg","medium_large-width":768,"medium_large-height":336,"large":"https:\/\/carleton.ca\/fd-chairs-net\/wp-content\/uploads\/publications_stock-400x175.jpeg","large-width":400,"large-height":175,"gallery-thumb":"https:\/\/carleton.ca\/fd-chairs-net\/wp-content\/uploads\/publications_stock-300x230.jpeg","gallery-thumb-width":300,"gallery-thumb-height":230,"1536x1536":"https:\/\/carleton.ca\/fd-chairs-net\/wp-content\/uploads\/publications_stock-1536x672.jpeg","1536x1536-width":1536,"1536x1536-height":672,"2048x2048":"https:\/\/carleton.ca\/fd-chairs-net\/wp-content\/uploads\/publications_stock.jpeg","2048x2048-width":1600,"2048x2048-height":700,"banner":"https:\/\/carleton.ca\/fd-chairs-net\/wp-content\/uploads\/publications_stock.jpeg","banner-width":1600,"banner-height":700,"people":"https:\/\/carleton.ca\/fd-chairs-net\/wp-content\/uploads\/publications_stock-200x200.jpeg","people-width":200,"people-height":200,"post-thumb":"https:\/\/carleton.ca\/fd-chairs-net\/wp-content\/uploads\/publications_stock-300x230.jpeg","post-thumb-width":300,"post-thumb-height":230,"rotator-image":"https:\/\/carleton.ca\/fd-chairs-net\/wp-content\/uploads\/publications_stock-800x600.jpeg","rotator-image-width":800,"rotator-image-height":600,"video-thumb":"https:\/\/carleton.ca\/fd-chairs-net\/wp-content\/uploads\/publications_stock-360x158.jpeg","video-thumb-width":360,"video-thumb-height":158}}},"_links":{"self":[{"href":"https:\/\/carleton.ca\/fd-chairs-net\/wp-json\/wp\/v2\/pages\/197"}],"collection":[{"href":"https:\/\/carleton.ca\/fd-chairs-net\/wp-json\/wp\/v2\/pages"}],"about":[{"href":"https:\/\/carleton.ca\/fd-chairs-net\/wp-json\/wp\/v2\/types\/page"}],"author":[{"embeddable":true,"href":"https:\/\/carleton.ca\/fd-chairs-net\/wp-json\/wp\/v2\/users\/6"}],"replies":[{"embeddable":true,"href":"https:\/\/carleton.ca\/fd-chairs-net\/wp-json\/wp\/v2\/comments?post=197"}],"version-history":[{"count":4,"href":"https:\/\/carleton.ca\/fd-chairs-net\/wp-json\/wp\/v2\/pages\/197\/revisions"}],"predecessor-version":[{"id":1479,"href":"https:\/\/carleton.ca\/fd-chairs-net\/wp-json\/wp\/v2\/pages\/197\/revisions\/1479"}],"wp:attachment":[{"href":"https:\/\/carleton.ca\/fd-chairs-net\/wp-json\/wp\/v2\/media?parent=197"}],"curies":[{"name":"wp","href":"https:\/\/api.w.org\/{rel}","templated":true}]}}