{"id":3866,"date":"2015-08-26T13:24:07","date_gmt":"2015-08-26T17:24:07","guid":{"rendered":"http:\/\/carleton.ca\/french\/?page_id=3866"},"modified":"2025-09-16T10:45:07","modified_gmt":"2025-09-16T14:45:07","slug":"course-outlines-fallwinter-21-22","status":"publish","type":"page","link":"https:\/\/carleton.ca\/french\/course-outlines-fallwinter-21-22\/","title":{"rendered":"Course Outlines"},"content":{"rendered":"\n<section class=\"w-screen px-6 cu-section cu-section--white ml-offset-center md:px-8 lg:px-14\">\n    <div class=\"space-y-6 cu-max-w-child-5xl  md:space-y-10 cu-prose-first-last\">\n\n            <div class=\"cu-textmedia flex flex-col lg:flex-row mx-auto gap-6 md:gap-10 my-6 md:my-12 first:mt-0 max-w-5xl\">\n        <div class=\"justify-start cu-textmedia-content cu-prose-first-last\" style=\"flex: 0 0 100%;\">\n            <header class=\"font-light prose-xl cu-pageheader md:prose-2xl cu-component-updated cu-prose-first-last\">\n                                    <h1 class=\"cu-prose-first-last font-semibold !mt-2 mb-4 md:mb-6 relative after:absolute after:h-px after:bottom-0 after:bg-cu-red after:left-px text-3xl md:text-4xl lg:text-5xl lg:leading-[3.5rem] pb-5 after:w-10 text-cu-black-700 not-prose\">\n                        Course Outlines\n                    <\/h1>\n                \n                                \n                            <\/header>\n\n                    <\/div>\n\n            <\/div>\n\n    <\/div>\n<\/section>\n\n\n\n<h2 id=\"course-outlines-fall-winter-2021-2022\" class=\"wp-block-heading\">Course Outlines: Fall\/Winter 2021-2022<\/h2>\n\n\n\n<p><em class=\"myprefix-text-italic\">Some courses have preliminary outlines available, other course outlines will be posted as they become available<\/em><em>.<br><br>**<strong>Please consult\u00a0<a href=\"http:\/\/brightspace.carleton.ca\" target=\"_blank\" rel=\"noopener noreferrer\">Brightspace<\/a> for\u00a0final information.**<\/strong><\/em><\/p>\n\n\n\n<figure class=\"wp-block-table\"><table class=\"has-fixed-layout\"><thead><tr><th><\/th><th><\/th><th><\/th><th><\/th><\/tr><\/thead><tbody><tr><td><strong>COURSE<\/strong><\/td><td><strong>SEC<\/strong><\/td><td><strong>Course Title<br>\n<\/strong><\/td><td><strong>INSTRUCTOR<\/strong><\/td><\/tr><tr><td>FYSM1408<\/td><td>A<\/td><td><a href=\"https:\/\/carleton.ca\/french\/wp-content\/uploads\/sites\/160\/202210-FYSM-1408A-Emilie-Urbain.pdf\" target=\"_blank\" rel=\"noopener noreferrer\">French on the World Stage<\/a><\/td><td>Christine Duff\/\u00c9milie Urbain<\/td><\/tr><tr><td>FINS 2105F<\/td><td>W<\/td><td><a href=\"https:\/\/carleton.ca\/french\/wp-content\/uploads\/sites\/160\/202130-FINS-2105A-Aleksandra-Gacesa.pdf\" target=\"_blank\" rel=\"noopener noreferrer\">French Reading I<\/a><\/td><td>Aleksandra Gacesa<\/td><\/tr><tr><td>FINS 3105W<\/td><td>W<\/td><td><a href=\"https:\/\/carleton.ca\/french\/wp-content\/uploads\/sites\/160\/202210-FINS-3105-Aleksandra-Gacesa.pdf\" target=\"_blank\" rel=\"noopener noreferrer\">French Reading II<\/a><\/td><td>Aleksandra Gacesa<\/td><\/tr><tr><td>FREN 1001 F<\/td><td>A<\/td><td><a href=\"https:\/\/carleton.ca\/french\/wp-content\/uploads\/sites\/160\/202130-FREN-1001A-Nesrine-EL-ZINE.pdf\" target=\"_blank\" rel=\"noopener noreferrer\">French 1 Intensive<\/a><\/td><td>Nesrine El-Zine<\/td><\/tr><tr><td>FREN 1001<\/td><td>B<\/td><td><a href=\"https:\/\/carleton.ca\/french\/wp-content\/uploads\/sites\/160\/202130-FREN-1001B-Ann-Kabo.pdf\" target=\"_blank\" rel=\"noopener noreferrer\">French 1<\/a><\/td><td>Ann Kabo\/Nandini Sarma<\/td><\/tr><tr><td>FREN 1001<\/td><td>C<\/td><td><a href=\"https:\/\/carleton.ca\/french\/wp-content\/uploads\/sites\/160\/202130-FREN-1001C-Soumaya-Neggaz.pdf\" target=\"_blank\" rel=\"noopener noreferrer\">French 1<\/a><\/td><td>Soumaya Negaz<\/td><\/tr><tr><td>FREN 1001<\/td><td>D<\/td><td><a href=\"https:\/\/carleton.ca\/french\/wp-content\/uploads\/sites\/160\/202130-FREN-1001D-Ann-Kabo.pdf\" target=\"_blank\" rel=\"noopener noreferrer\">French 1<\/a><\/td><td>Ann Kabo\/Nandini Sarma<\/td><\/tr><tr><td>FREN 1002 F<\/td><td>A<\/td><td><a href=\"https:\/\/carleton.ca\/french\/wp-content\/uploads\/sites\/160\/202130-FREN-1002A-Francine-Benny.pdf\" target=\"_blank\" rel=\"noopener noreferrer\">French 2 Intensive<\/a><\/td><td>Francine Benny<\/td><\/tr><tr><td>FREN 1002W<\/td><td>B<\/td><td><a href=\"https:\/\/carleton.ca\/french\/wp-content\/uploads\/sites\/160\/202210-FREN-1002B-Matthew-Rushton.pdf\" target=\"_blank\" rel=\"noopener noreferrer\">French 2 Intensive<\/a><\/td><td>Matthew Rushton<\/td><\/tr><tr><td>FREN 1002<\/td><td>C<\/td><td><a href=\"https:\/\/carleton.ca\/french\/wp-content\/uploads\/sites\/160\/202130-FREN-1002C-Nabila-Djaafer.docx\" target=\"_blank\" rel=\"noopener noreferrer\">French 2<\/a><\/td><td>Nabila Djaafer<\/td><\/tr><tr><td>FREN 1002<\/td><td>D<\/td><td><a href=\"https:\/\/carleton.ca\/french\/wp-content\/uploads\/sites\/160\/202130-FREN-1002D-Marla-Arbach.pdf\" target=\"_blank\" rel=\"noopener noreferrer\">French 2<\/a><\/td><td>Marla Arbach<\/td><\/tr><tr><td>FREN 1002<\/td><td>E<\/td><td><a href=\"https:\/\/carleton.ca\/french\/wp-content\/uploads\/sites\/160\/202130-FREN-1002E-Nabila-Djaafer.docx\" target=\"_blank\" rel=\"noopener noreferrer\">French 2<\/a><\/td><td>Nabila Djaafer<\/td><\/tr><tr><td>FREN 1002<\/td><td>F<\/td><td><a href=\"https:\/\/carleton.ca\/french\/wp-content\/uploads\/sites\/160\/202130-FREN-1002F-Nandini-Sarma.pdf\" target=\"_blank\" rel=\"noopener noreferrer\">French 2<\/a><\/td><td>Nandini Sarma\/Boussad Berrichi<\/td><\/tr><tr><td>FREN 1002<\/td><td>G<\/td><td><a href=\"https:\/\/carleton.ca\/french\/wp-content\/uploads\/sites\/160\/202130-FREN-1002G-Aleksandra-Gacesa.pdf\" target=\"_blank\" rel=\"noopener noreferrer\">French 2<\/a><\/td><td>Aleksandra Gacesa<\/td><\/tr><tr><td>FREN 1002<\/td><td>H<\/td><td><a href=\"https:\/\/carleton.ca\/french\/wp-content\/uploads\/sites\/160\/202130-FREN-1002H-Nesrine-El-ZINE.pdf\" target=\"_blank\" rel=\"noopener noreferrer\">French 2<\/a><\/td><td>Nesrine El-Zine<\/td><\/tr><tr><td>FREN 1002<\/td><td>I<\/td><td><a href=\"https:\/\/carleton.ca\/french\/wp-content\/uploads\/sites\/160\/202130-FREN-1002I-Boussad-Berrichi-2.pdf\" target=\"_blank\" rel=\"noopener noreferrer\">French 2<\/a><\/td><td>Boussad Berrichi<\/td><\/tr><tr><td>FREN 1002<\/td><td>J<\/td><td><a href=\"https:\/\/carleton.ca\/french\/wp-content\/uploads\/sites\/160\/202130-FREN-1002J-Monia-Brahim.pdf\" target=\"_blank\" rel=\"noopener noreferrer\">French 2<\/a><\/td><td>Monia Brahim<\/td><\/tr><tr><td>FREN 1100<\/td><td>A<\/td><td><a href=\"https:\/\/carleton.ca\/french\/wp-content\/uploads\/sites\/160\/202130-FREN-1100A-Mahmoud-Erfani.pdf\" target=\"_blank\" rel=\"noopener noreferrer\">French 3<\/a><\/td><td>Mahmoud Erfani<\/td><\/tr><tr><td>FREN 1100<\/td><td>B<\/td><td><a href=\"https:\/\/carleton.ca\/french\/wp-content\/uploads\/sites\/160\/202130-FREN-1100B-Ali-Ghaharbeighi.pdf\" target=\"_blank\" rel=\"noopener noreferrer\">French 3<\/a><\/td><td>Ali Ghaharbeighi<\/td><\/tr><tr><td>FREN 1100W<\/td><td>C<\/td><td><a href=\"https:\/\/carleton.ca\/french\/wp-content\/uploads\/sites\/160\/202210-FREN-1100C-Abderahim-Medjhoum.pdf\" target=\"_blank\" rel=\"noopener noreferrer\">French 3 Intensive<\/a><\/td><td>AbdeRahim Medjhoum<\/td><\/tr><tr><td>FREN 1100<\/td><td>D<\/td><td><a href=\"https:\/\/carleton.ca\/french\/wp-content\/uploads\/sites\/160\/202130-FREN-1100D-Celine-Bonnotte-Hoover.pdf\" target=\"_blank\" rel=\"noopener noreferrer\">French 3<\/a><\/td><td>C\u00e9line Bonnotte-Hoover<\/td><\/tr><tr><td>FREN 1100F<\/td><td>E<\/td><td><a href=\"https:\/\/carleton.ca\/french\/wp-content\/uploads\/sites\/160\/202130-FREN-1100E-Abderahim-Medjhoum.pdf\" target=\"_blank\" rel=\"noopener noreferrer\">French 3 Intensive<\/a><\/td><td>AbdeRahim Medjhoum<\/td><\/tr><tr><td>FREN 1100<\/td><td>F<\/td><td><a href=\"https:\/\/carleton.ca\/french\/wp-content\/uploads\/sites\/160\/202130-FREN-1100F-Ali-Ghaharbeighi.pdf\" target=\"_blank\" rel=\"noopener noreferrer\">French 3<\/a><\/td><td>Ali Ghaharbeighi<\/td><\/tr><tr><td>FREN 1100<\/td><td>G<\/td><td><a href=\"https:\/\/carleton.ca\/french\/wp-content\/uploads\/sites\/160\/202130-FREN-1100G-Marla-Arbach.pdf\" target=\"_blank\" rel=\"noopener noreferrer\">French 3<\/a><\/td><td>Marla Arbach<\/td><\/tr><tr><td>FREN 1100<\/td><td>H<\/td><td><a href=\"https:\/\/carleton.ca\/french\/wp-content\/uploads\/sites\/160\/202130-FREN-1100H-Frank-Adou.pdf\" target=\"_blank\" rel=\"noopener noreferrer\">French 3<\/a><\/td><td>Frank Adou<\/td><\/tr><tr><td>FREN 1100<\/td><td>I<\/td><td><a href=\"https:\/\/carleton.ca\/french\/wp-content\/uploads\/sites\/160\/202130-FREN-1100I-Frank-Adou.pdf\" target=\"_blank\" rel=\"noopener noreferrer\">French 3<\/a><\/td><td>Frank Adou<\/td><\/tr><tr><td>FREN 1100<\/td><td>J<\/td><td><a href=\"https:\/\/carleton.ca\/french\/wp-content\/uploads\/sites\/160\/202130-FREN-1100J-Mahmoud-Erfani.pdf\" target=\"_blank\" rel=\"noopener noreferrer\">French 3<\/a><\/td><td>Mahmoud Erfani<\/td><\/tr><tr><td>FREN 2100<\/td><td>A<\/td><td><a href=\"https:\/\/carleton.ca\/french\/wp-content\/uploads\/sites\/160\/202130-FREN-2100A-et-C-Brahim-Amrendi.pdf\" target=\"_blank\" rel=\"noopener noreferrer\">French 4<\/a><\/td><td>Brahim Amrendi<\/td><\/tr><tr><td>FREN 2100<\/td><td>B<\/td><td><a href=\"https:\/\/carleton.ca\/french\/wp-content\/uploads\/sites\/160\/202130-FREN-2100B-Soumaya-Neggaz.pdf\" target=\"_blank\" rel=\"noopener noreferrer\">French 4<\/a><\/td><td>Soumaya Neggaz<\/td><\/tr><tr><td>FREN 2100<\/td><td>C<\/td><td><a href=\"https:\/\/carleton.ca\/french\/wp-content\/uploads\/sites\/160\/202130-FREN-2100A-et-C-Brahim-Amrendi.pdf\" target=\"_blank\" rel=\"noopener noreferrer\">French 4<\/a><\/td><td>Brahim Amrendi<\/td><\/tr><tr><td>FREN 2100<\/td><td>D<\/td><td><a href=\"https:\/\/carleton.ca\/french\/wp-content\/uploads\/sites\/160\/202130-FREN-2100D-Galina-Toumilovitch.pdf\" target=\"_blank\" rel=\"noopener noreferrer\">French 4<\/a><\/td><td>Galina Toumilovitch<\/td><\/tr><tr><td>FREN 2100W<\/td><td>E<\/td><td><a href=\"https:\/\/carleton.ca\/french\/wp-content\/uploads\/sites\/160\/202210-FREN-2100E-Francine-Benny.pdf\" target=\"_blank\" rel=\"noopener noreferrer\">French 4 Intensive<\/a><\/td><td>Francine Benny<\/td><\/tr><tr><td>FREN 2100<\/td><td>F<\/td><td><a href=\"https:\/\/carleton.ca\/french\/wp-content\/uploads\/sites\/160\/202130-FREN-2100F-Galina-Toumilovitch.pdf\" target=\"_blank\" rel=\"noopener noreferrer\">French 4<\/a><\/td><td>Galina Toumilovitch<\/td><\/tr><tr><td>FREN 2100<\/td><td>G<\/td><td><a href=\"https:\/\/carleton.ca\/french\/wp-content\/uploads\/sites\/160\/202130-FREN-2100G-Monia-Brahim.pdf\" target=\"_blank\" rel=\"noopener noreferrer\">French 4<\/a><\/td><td>Monia Brahim<\/td><\/tr><tr><td>FREN 2100<\/td><td>H<\/td><td><a href=\"https:\/\/carleton.ca\/french\/wp-content\/uploads\/sites\/160\/202130-FREN-2100H-Frenand-Leger.pdf\" target=\"_blank\" rel=\"noopener noreferrer\">French 4<\/a><\/td><td>Frenand L\u00e9ger<\/td><\/tr><tr><td>FREN 2110<\/td><td>A<\/td><td><a href=\"https:\/\/carleton.ca\/french\/wp-content\/uploads\/sites\/160\/202130-FREN-2110A-Frenand-Leger.pdf\" target=\"_blank\" rel=\"noopener noreferrer\">French 4: Writing<\/a><\/td><td>Fenand L\u00e9ger<\/td><\/tr><tr><td>FREN 2202F<\/td><td>A<\/td><td><a href=\"https:\/\/carleton.ca\/french\/wp-content\/uploads\/sites\/160\/202130-FREN-2202A-Sebastien-Cote.pdf\" target=\"_blank\" rel=\"noopener noreferrer\">Introduction aux \u00e9tudes litt\u00e9raires 1<\/a><\/td><td>S\u00e9bastien C\u00f4t\u00e9<\/td><\/tr><tr><td>FREN 2202W<\/td><td>B<\/td><td><a href=\"https:\/\/carleton.ca\/french\/wp-content\/uploads\/sites\/160\/202210-FREN-2202B-Sebastien-Cote.pdf\" target=\"_blank\" rel=\"noopener noreferrer\">Introduction aux \u00e9tudes litt\u00e9raires 1<\/a><\/td><td>S\u00e9bastien C\u00f4t\u00e9<\/td><\/tr><tr><td>FREN 2203F<\/td><td>A<\/td><td><a href=\"https:\/\/carleton.ca\/french\/wp-content\/uploads\/sites\/160\/202130-FREN-2203A-Catherine-Khordoc.pdf\" target=\"_blank\" rel=\"noopener noreferrer\">Introduction aux \u00e9tudes litt\u00e9raires 2<\/a><\/td><td>Catherine Khordoc<\/td><\/tr><tr><td>FREN 2203W<\/td><td>B<\/td><td><a href=\"https:\/\/carleton.ca\/french\/wp-content\/uploads\/sites\/160\/202210-FREN-2203B-Francine-Benny.pdf\" target=\"_blank\" rel=\"noopener noreferrer\">Introduction aux \u00e9tudes litt\u00e9raires 2<\/a><\/td><td>Francine Benny<\/td><\/tr><tr><td>FREN 2401<\/td><td>A<\/td><td><a href=\"https:\/\/carleton.ca\/french\/wp-content\/uploads\/sites\/160\/202130-FREN-2401A-Salvio-Digesto.pdf\" target=\"_blank\" rel=\"noopener noreferrer\">Introduction \u00e0 la linguistique fran\u00e7aise<\/a><\/td><td>Salvio Digesto<\/td><\/tr><tr><td>FREN 2401<\/td><td>B<\/td><td><a href=\"https:\/\/carleton.ca\/french\/wp-content\/uploads\/sites\/160\/202210-FREN-2401B-Emilie-Urbain.pdf\" target=\"_blank\" rel=\"noopener noreferrer\">Introduction \u00e0 la linguistique fran\u00e7aise<\/a><\/td><td>\u00c9milie Urbain<\/td><\/tr><tr><td>FREN 3050F<\/td><td>A<\/td><td><a href=\"https:\/\/carleton.ca\/french\/wp-content\/uploads\/sites\/160\/202130-FREN-3050A-Boussad-Berrichi.pdf\" target=\"_blank\" rel=\"noopener noreferrer\">Comp\u00e9tences critiques<\/a><\/td><td>Boussad Berrichi<\/td><\/tr><tr><td>FREN 3060W<\/td><td>A<\/td><td><a href=\"https:\/\/carleton.ca\/french\/wp-content\/uploads\/sites\/160\/202210-FREN-3060A-Celine-Bonnotte-Hoover.pdf\" target=\"_blank\" rel=\"noopener noreferrer\">Perfectionnement de la grammaire par la pratique<\/a><\/td><td>C\u00e9line Bonnotte-Hoover<\/td><\/tr><tr><td>FREN 3213F<\/td><td>A<\/td><td><a href=\"https:\/\/carleton.ca\/french\/wp-content\/uploads\/sites\/160\/202130-FREN-3213A-Sebastien-Cote.pdf\" target=\"_blank\" rel=\"noopener noreferrer\">Du Baroque aux Lumi\u00e8res<\/a><\/td><td>Sebastien C\u00f4t\u00e9<\/td><\/tr><tr><td>FREN 3214W<\/td><td>A<\/td><td><a href=\"https:\/\/carleton.ca\/french\/wp-content\/uploads\/sites\/160\/202210-FREN-3214A-Sebastien-Cote.pdf\" target=\"_blank\" rel=\"noopener noreferrer\">R\u00e9volutions, avant-gardes et ruptures: du 19e si\u00e8cle aux ann\u00e9es 1950<\/a><\/td><td>S\u00e9bastien C\u00f4t\u00e9<\/td><\/tr><tr><td><a href=\"https:\/\/carleton.ca\/french\/wp-content\/uploads\/sites\/160\/Affiche-FREN-3218.pdf\" target=\"_blank\" rel=\"noopener noreferrer\">FREN 3218F<\/a><\/td><td>A<\/td><td><a href=\"https:\/\/carleton.ca\/french\/wp-content\/uploads\/sites\/160\/202130-FREN-3218A-Catherine-Khordoc.pdf\" target=\"_blank\" rel=\"noopener noreferrer\">Genre et mouvement<\/a><\/td><td>Catherine Khordoc<\/td><\/tr><tr><td>FREN 3412W<\/td><td>A<\/td><td><a href=\"https:\/\/carleton.ca\/french\/wp-content\/uploads\/sites\/160\/202210-FREN-3412-Carmen-LeBlanc.pdf\" target=\"_blank\" rel=\"noopener noreferrer\">Morphologie du fran\u00e7ais<\/a><\/td><td>Carmen LeBlanc<\/td><\/tr><tr><td>FREN 3414W<\/td><td>A<\/td><td><a href=\"https:\/\/carleton.ca\/french\/wp-content\/uploads\/sites\/160\/202210-FREN-3414A-Emilie-Urbain.pdf\" target=\"_blank\" rel=\"noopener noreferrer\">Sociolinguistique du fran\u00e7ais<\/a><\/td><td>\u00c9milie Urbain<\/td><\/tr><tr><td>FREN 3415F<\/td><td>A<\/td><td><a href=\"https:\/\/carleton.ca\/french\/wp-content\/uploads\/sites\/160\/202130-FREN-3415A-Emilie-Urbain.pdf\" target=\"_blank\" rel=\"noopener noreferrer\">Histoire du fran\u00e7ais<\/a><\/td><td>\u00c9milie Urbain<\/td><\/tr><tr><td>FREN 3511 W<\/td><td>A<\/td><td><a href=\"https:\/\/carleton.ca\/french\/wp-content\/uploads\/sites\/160\/202210-FREN-3511-Guillaume-Gentil.pdf\" target=\"_blank\" rel=\"noopener noreferrer\">Expression \u00e9crite et traduction<\/a><\/td><td>Guillaume Gentil<\/td><\/tr><tr><td>FREN 3701W<\/td><td>A<\/td><td><a href=\"https:\/\/carleton.ca\/french\/wp-content\/uploads\/sites\/160\/202210-FREN-3701A-Apolline-Glais.pdf\" target=\"_blank\" rel=\"noopener noreferrer\">Fran\u00e7ais oral<\/a><\/td><td>Apolline Glais<\/td><\/tr><tr><td>FREN 3702F<\/td><td>A<\/td><td><a href=\"https:\/\/carleton.ca\/french\/wp-content\/uploads\/sites\/160\/202130-FREN-3702A-Celine-Bonnotte-Hoover.pdf\" target=\"_blank\" rel=\"noopener noreferrer\">Fran\u00e7ais \u00e9crit<\/a><\/td><td>C\u00e9line Bonnotte-Hoover<\/td><\/tr><tr><td>FREN 3702W<\/td><td>B<\/td><td><a href=\"https:\/\/carleton.ca\/french\/wp-content\/uploads\/sites\/160\/202210-FREN-3702B-Chantal-Dion.pdf\" target=\"_blank\" rel=\"noopener noreferrer\">Fran\u00e7ais \u00e9crit<\/a><\/td><td>Chantal Dion<\/td><\/tr><tr><td>FREN 3900 F<\/td><td>A<\/td><td><a href=\"https:\/\/carleton.ca\/french\/wp-content\/uploads\/sites\/160\/202130-FREN-3900A-Frenand-Leger.pdf\" target=\"_blank\" rel=\"noopener noreferrer\">Apprentissage et enseignement du fran\u00e7ais langue seconde<\/a><\/td><td>Frenand L\u00e9ger<\/td><\/tr><tr><td>FREN 4212 W<\/td><td>5212<\/td><td><a href=\"https:\/\/carleton.ca\/french\/wp-content\/uploads\/sites\/160\/202210-FREN-4212A-Christine-Duff.pdf\" target=\"_blank\" rel=\"noopener noreferrer\">Litt\u00e9ratures francophones<\/a><\/td><td>Christine Duff<\/td><\/tr><tr><td><a href=\"https:\/\/carleton.ca\/french\/wp-content\/uploads\/sites\/160\/Affiche-FREN-4412-4414-2021-22.pdf\" target=\"_blank\" rel=\"noopener noreferrer\">FREN 4412 F<\/a><\/td><td>5412<\/td><td><a href=\"https:\/\/carleton.ca\/french\/wp-content\/uploads\/sites\/160\/202130-FREN-4412A-Erik-Anonby.pdf\" target=\"_blank\" rel=\"noopener noreferrer\">Diversit\u00e9 du fran\u00e7ais<\/a><\/td><td>\u00c9rik Anonby<\/td><\/tr><\/tbody><\/table><\/figure>\n\n\n\n<p>&nbsp;<\/p>\n","protected":false},"excerpt":{"rendered":"<p>Course Outlines: Fall\/Winter 2021-2022 Some courses have preliminary outlines available, other course outlines will be posted as they become available. **Please consult\u00a0Brightspace for\u00a0final information.** COURSE SEC Course Title INSTRUCTOR FYSM1408 A French on the World Stage Christine Duff\/\u00c9milie Urbain FINS 2105F W French Reading I Aleksandra Gacesa FINS 3105W W French Reading II Aleksandra Gacesa [&hellip;]<\/p>\n","protected":false},"author":410,"featured_media":0,"parent":0,"menu_order":5,"comment_status":"closed","ping_status":"closed","template":"","meta":{"_acf_changed":false,"_cu_dining_location_slug":"","footnotes":"","_links_to":"","_links_to_target":""},"cu_page_type":[],"class_list":["post-3866","page","type-page","status-publish","hentry"],"acf":{"cu_post_thumbnail":""},"_links":{"self":[{"href":"https:\/\/carleton.ca\/french\/wp-json\/wp\/v2\/pages\/3866","targetHints":{"allow":["GET"]}}],"collection":[{"href":"https:\/\/carleton.ca\/french\/wp-json\/wp\/v2\/pages"}],"about":[{"href":"https:\/\/carleton.ca\/french\/wp-json\/wp\/v2\/types\/page"}],"author":[{"embeddable":true,"href":"https:\/\/carleton.ca\/french\/wp-json\/wp\/v2\/users\/410"}],"replies":[{"embeddable":true,"href":"https:\/\/carleton.ca\/french\/wp-json\/wp\/v2\/comments?post=3866"}],"version-history":[{"count":5,"href":"https:\/\/carleton.ca\/french\/wp-json\/wp\/v2\/pages\/3866\/revisions"}],"predecessor-version":[{"id":9579,"href":"https:\/\/carleton.ca\/french\/wp-json\/wp\/v2\/pages\/3866\/revisions\/9579"}],"wp:attachment":[{"href":"https:\/\/carleton.ca\/french\/wp-json\/wp\/v2\/media?parent=3866"}],"wp:term":[{"taxonomy":"cu_page_type","embeddable":true,"href":"https:\/\/carleton.ca\/french\/wp-json\/wp\/v2\/cu_page_type?post=3866"}],"curies":[{"name":"wp","href":"https:\/\/api.w.org\/{rel}","templated":true}]}}