{"id":7669,"date":"2021-09-28T15:49:12","date_gmt":"2021-09-28T19:49:12","guid":{"rendered":"https:\/\/carleton.ca\/french\/?page_id=7669"},"modified":"2025-09-16T15:07:18","modified_gmt":"2025-09-16T19:07:18","slug":"course-outlines-2019-2020","status":"publish","type":"page","link":"https:\/\/carleton.ca\/french\/course-outlines-2019-2020\/","title":{"rendered":"Course Outlines 2019-2020"},"content":{"rendered":"\n<section class=\"w-screen px-6 cu-section cu-section--white ml-offset-center md:px-8 lg:px-14\">\n    <div class=\"space-y-6 cu-max-w-child-5xl  md:space-y-10 cu-prose-first-last\">\n\n            <div class=\"cu-textmedia flex flex-col lg:flex-row mx-auto gap-6 md:gap-10 my-6 md:my-12 first:mt-0 max-w-5xl\">\n        <div class=\"justify-start cu-textmedia-content cu-prose-first-last\" style=\"flex: 0 0 100%;\">\n            <header class=\"font-light prose-xl cu-pageheader md:prose-2xl cu-component-updated cu-prose-first-last\">\n                                    <h1 class=\"cu-prose-first-last font-semibold !mt-2 mb-4 md:mb-6 relative after:absolute after:h-px after:bottom-0 after:bg-cu-red after:left-px text-3xl md:text-4xl lg:text-5xl lg:leading-[3.5rem] pb-5 after:w-10 text-cu-black-700 not-prose\">\n                        Course Outlines 2019-2020\n                    <\/h1>\n                \n                                \n                            <\/header>\n\n                    <\/div>\n\n            <\/div>\n\n    <\/div>\n<\/section>\n\n\n\n<h2 id=\"course-outlines-fall-winter-2019-2020\" class=\"wp-block-heading\">Course Outlines: Fall\/Winter 2019-2020<\/h2>\n\n\n\n<figure class=\"wp-block-table\"><table class=\"has-fixed-layout\"><thead><tr><th><\/th><th><\/th><th><\/th><th><\/th><\/tr><\/thead><tbody><tr><td><strong>COURSE<\/strong><\/td><td><strong>SEC<\/strong><\/td><td><strong>Course Title<\/strong><\/td><td><strong>INSTRUCTOR<\/strong><\/td><\/tr><tr><td>FYSM 1408<\/td><td>A<\/td><td><a href=\"https:\/\/carleton.ca\/french\/wp-content\/uploads\/201930-FYSM-1408A-Christine-Duff-1.pdf\">World Literature in French<\/a><\/td><td>Christine Duff<\/td><\/tr><tr><td>FINS 2105F<\/td><td>W<\/td><td><a href=\"https:\/\/carleton.ca\/french\/wp-content\/uploads\/201930-FINS-2105R-Nandini-Sarma-1.pdf\">French Reading I<\/a><\/td><td>N.Sarma\/A.Gacesa<\/td><\/tr><tr><td>FINS 3105W<\/td><td>W<\/td><td><a href=\"https:\/\/carleton.ca\/french\/wp-content\/uploads\/202010-FINS3105R-Nandini-Sarma-1.pdf\">French Reading II<\/a><\/td><td>N. Sarma<\/td><\/tr><tr><td>FREN 1001F<\/td><td>A<\/td><td><a href=\"https:\/\/carleton.ca\/french\/wp-content\/uploads\/201930-FREN-1001A-Soumaya-Neggaz-1.pdf\">French 1 Intensive<\/a><\/td><td>Soumaya Neggaz<\/td><\/tr><tr><td>FREN 1001<\/td><td>B<\/td><td><a href=\"https:\/\/carleton.ca\/french\/wp-content\/uploads\/201930-FREN-1001B-Ann-Kabo-1.pdf\">French 1<\/a><\/td><td>Ann Kabo<\/td><\/tr><tr><td>FREN 1001<\/td><td>C<\/td><td><a href=\"https:\/\/carleton.ca\/french\/wp-content\/uploads\/201930-FREN-1001C-Ann-Kabo-1.pdf\">French 1<\/a><\/td><td>Ann Kabo<\/td><\/tr><tr><td>FREN 1001<\/td><td>D<\/td><td><a href=\"https:\/\/carleton.ca\/french\/wp-content\/uploads\/201930-FREN-1001D-Stephane-Goyette-1.pdf\">French 1<\/a><\/td><td>St\u00e9phane Goyette<\/td><\/tr><tr><td>FREN 1002F<\/td><td>A<\/td><td><a href=\"https:\/\/carleton.ca\/french\/wp-content\/uploads\/201930-FREN-1002A-Francine-Benny-1.pdf\">French 2 Intensive<\/a><\/td><td>Francine Benny<\/td><\/tr><tr><td>FREN 1002W<\/td><td>B<\/td><td><a href=\"https:\/\/carleton.ca\/french\/wp-content\/uploads\/202010-FREN-1002B-Nabila-Djaafer-1.pdf\">French 2 Intensive<\/a><\/td><td>Nabila Djaafer<\/td><\/tr><tr><td>FREN 1002<\/td><td>C<\/td><td><a href=\"https:\/\/carleton.ca\/french\/wp-content\/uploads\/201930-FREN-1002C-Natalie-Mezey-1.pdf\">French 2<\/a><\/td><td>Natalie Mezey<\/td><\/tr><tr><td>FREN 1002<\/td><td>D<\/td><td><a href=\"https:\/\/carleton.ca\/french\/wp-content\/uploads\/201930-FREN-1002D-Nabila-Djaafer-1.pdf\">French 2<\/a><\/td><td>Nabila Djaafer<\/td><\/tr><tr><td>FREN 1002<\/td><td>E<\/td><td><a href=\"https:\/\/carleton.ca\/french\/wp-content\/uploads\/201930-FREN-1002E-Stephane-Goyette-1.pdf\">French 2<\/a><\/td><td>S. Goyette\/B.Berrichi<\/td><\/tr><tr><td>FREN 1002<\/td><td>F<\/td><td><a href=\"https:\/\/carleton.ca\/french\/wp-content\/uploads\/201930-FREN-1002F-Natalie-Mezey-1.pdf\">French 2<\/a><\/td><td>Natalie Mezey<\/td><\/tr><tr><td>FREN 1002<\/td><td>G<\/td><td><a href=\"https:\/\/carleton.ca\/french\/wp-content\/uploads\/201930-FREN-1002G-Frank-Adou-1.pdf\">French 2<\/a><\/td><td>Frank Adou<\/td><\/tr><tr><td>FREN 1002<\/td><td>H<\/td><td><a href=\"https:\/\/carleton.ca\/french\/wp-content\/uploads\/201930-FREN-1002H-Th%C3%A9r%C3%A8se-Gagnon-1.pdf\">French 2<\/a><\/td><td>Marla Arbach<\/td><\/tr><tr><td>FREN 1002<\/td><td>I<\/td><td><a href=\"https:\/\/carleton.ca\/french\/wp-content\/uploads\/201930-FREN1002I-Abderahim-Medjhoum-1.pdf\">French 2<\/a><\/td><td>AbdeRahim Medjhoum<\/td><\/tr><tr><td>FREN 1002<\/td><td>J<\/td><td><a href=\"https:\/\/carleton.ca\/french\/wp-content\/uploads\/201930-FREN-1002J-Th%C3%A9r%C3%A8se-Gagnon-1.pdf\">French 2<\/a><\/td><td>Aleksandra Gacesa<\/td><\/tr><tr><td>FREN 1100<\/td><td>A<\/td><td><a href=\"https:\/\/carleton.ca\/french\/wp-content\/uploads\/201930-FREN1100A-Ali-Ghaharbeighi.pdf\">French 3<\/a><\/td><td>Ali Ghaharbeighi<\/td><\/tr><tr><td>FREN 1100<\/td><td>B<\/td><td><a href=\"https:\/\/carleton.ca\/french\/wp-content\/uploads\/201930-FREN1100B-Galina-Toumilovitch-1.pdf\">French 3<\/a><\/td><td>Galina Toumilovitch<\/td><\/tr><tr><td>FREN 1100W<\/td><td>C<\/td><td><a href=\"https:\/\/carleton.ca\/french\/wp-content\/uploads\/202010-FREN1100C-Mahmoud-Erfani-1.pdf\">French 3 Intensive<\/a><\/td><td>Mahmoud Erfani<\/td><\/tr><tr><td>FREN 1100<\/td><td>D<\/td><td><a href=\"https:\/\/carleton.ca\/french\/wp-content\/uploads\/201930-FREN1100D-Celine-Bonnotte-Hoover-1.pdf\">French 3<\/a><\/td><td>C\u00e9line Bonnotte-Hoover<\/td><\/tr><tr><td>FREN 1100F<\/td><td>E<\/td><td><a href=\"https:\/\/carleton.ca\/french\/wp-content\/uploads\/201930-FREN1100E-Nandini-Sarma-1.pdf\">French 3 Intensive<\/a><\/td><td>Nandini Sarma<\/td><\/tr><tr><td>FREN 1100<\/td><td>F<\/td><td><a href=\"https:\/\/carleton.ca\/french\/wp-content\/uploads\/201930-FREN1100F-Ali-Ghaharbeighi.pdf\">French 3<\/a><\/td><td>Ali Ghaharbeighi<\/td><\/tr><tr><td>FREN 1100<\/td><td>G<\/td><td><a href=\"https:\/\/carleton.ca\/french\/wp-content\/uploads\/201930-FREN1100-G-Boussad-Berrichi-1.pdf\">French 3<\/a><\/td><td>B. Berrichi\/M. Erfani<\/td><\/tr><tr><td>FREN 1100<\/td><td>H<\/td><td><a href=\"https:\/\/carleton.ca\/french\/wp-content\/uploads\/201930-FREN1100H-Celine-Bonnotte-Hoover-1.pdf\">French 3<\/a><\/td><td>C\u00e9line Bonnotte-Hoover<\/td><\/tr><tr><td>FREN 1100<\/td><td>I<\/td><td><a href=\"https:\/\/carleton.ca\/french\/wp-content\/uploads\/201930-FREN1100I-Frank-Adou-1.pdf\">French 3<\/a><\/td><td>Frank Adou<\/td><\/tr><tr><td>FREN 1100<\/td><td>J<\/td><td><a href=\"https:\/\/carleton.ca\/french\/wp-content\/uploads\/201930-FREN-1100J-Soumaya-Neggaz-1.pdf\">French 3<\/a><\/td><td>Soumaya Neggaz<\/td><\/tr><tr><td>FREN 2100<\/td><td>A<\/td><td><a href=\"https:\/\/carleton.ca\/french\/wp-content\/uploads\/201930-FREN-2100A-Monia-Brahim-1.pdf\">French 4<\/a><\/td><td>Monia Brahim<\/td><\/tr><tr><td>FREN 2100<\/td><td>B<\/td><td><a href=\"https:\/\/carleton.ca\/french\/wp-content\/uploads\/201930-FREN-2100B-Brahim-Amrendi-1.pdf\">French 4<\/a><\/td><td>Brahim Amrendi<\/td><\/tr><tr><td>FREN 2100<\/td><td>C<\/td><td><a href=\"https:\/\/carleton.ca\/french\/wp-content\/uploads\/201930-FREN-2100C-Brahim-Amrendi-1.pdf\">French 4<\/a><\/td><td>Brahim Amrendi<\/td><\/tr><tr><td>FREN 2100<\/td><td>D<\/td><td><a href=\"https:\/\/carleton.ca\/french\/wp-content\/uploads\/201930-FREN-2100D-Galina-Toumilovitch-2.pdf\">French 4<\/a><\/td><td>Galina Toumilovitch<\/td><\/tr><tr><td>FREN 2100W<\/td><td>E<\/td><td><a href=\"https:\/\/carleton.ca\/french\/wp-content\/uploads\/202010-FREN-2100E-Francine-Benny-1.pdf\">French 4 Intensive<\/a><\/td><td>Francine Benny<\/td><\/tr><tr><td>FREN 2100<\/td><td>F<\/td><td><a href=\"https:\/\/carleton.ca\/french\/wp-content\/uploads\/201930-FREN-2100F-Monia-Brahim-1.pdf\">French 4<\/a><\/td><td>Monia Brahim<\/td><\/tr><tr><td>FREN 2100<\/td><td>G<\/td><td><a href=\"https:\/\/carleton.ca\/french\/wp-content\/uploads\/201930-FREN-2100G-Abderahim-Medjhoum-1.pdf\">French 4<\/a><\/td><td>AbdeRahim Medjhoum<\/td><\/tr><tr><td>FREN 2100<\/td><td>H<\/td><td><a href=\"https:\/\/carleton.ca\/french\/wp-content\/uploads\/201930-FREN-2100H-Frenand-Le%CC%81ger-1.pdf\">French 4<\/a><\/td><td>Frenand L\u00e9ger<\/td><\/tr><tr><td>FREN 2110<\/td><td>A<\/td><td><a href=\"https:\/\/carleton.ca\/french\/wp-content\/uploads\/201930-FREN-2110A-Frenand-Le%CC%81ger-1.pdf\">French 4: Writing<\/a><\/td><td>Frenand L\u00e9ger<\/td><\/tr><tr><td>FREN 2202F<\/td><td>A<\/td><td><a href=\"https:\/\/carleton.ca\/french\/wp-content\/uploads\/201930-FREN-2202A-Charles-Doutrelepont-1.pdf\">Introduction aux \u00e9tudes litt\u00e9raires 1<\/a><\/td><td>Charles Doutrelepont<\/td><\/tr><tr><td>FREN 2202W<\/td><td>B<\/td><td><a href=\"https:\/\/carleton.ca\/french\/wp-content\/uploads\/202010-FREN-2202A-Frenand-Leger-1.pdf\">Introduction aux \u00e9tudes litt\u00e9raires 1<\/a><\/td><td>Frenand L\u00e9ger<\/td><\/tr><tr><td>FREN 2203F<\/td><td>A<\/td><td><a href=\"https:\/\/carleton.ca\/french\/wp-content\/uploads\/201930-FREN-2203B-Francine-Benny-1.pdf\">Introduction aux \u00e9tudes litt\u00e9raires 2<\/a><\/td><td>Francine Benny<\/td><\/tr><tr><td>FREN 2203W<\/td><td>A<\/td><td><a href=\"https:\/\/carleton.ca\/french\/wp-content\/uploads\/202010-FREN-2203-Catherine-Khordoc-1.pdf\">Introduction aux \u00e9tudes litt\u00e9raires 2<\/a><\/td><td>Catherine Khordoc<\/td><\/tr><tr><td>FREN 2203W<\/td><td>B<\/td><td><a href=\"https:\/\/carleton.ca\/french\/wp-content\/uploads\/202010-FREN-2203B-Charles-Doutrelepont-1.pdf\">Introduction aux \u00e9tudes litt\u00e9raires 2<\/a><\/td><td>Charles Doutrelepont<\/td><\/tr><tr><td>FREN 2401<\/td><td>A<\/td><td><a href=\"https:\/\/carleton.ca\/french\/wp-content\/uploads\/201930-FREN-2401A-Emilie-Urbain-1.pdf\">Introduction \u00e0 la linguistique fran\u00e7aise<\/a><\/td><td>\u00c9milie Urbain<\/td><\/tr><tr><td>FREN 2401<\/td><td>B<\/td><td><a href=\"https:\/\/carleton.ca\/french\/wp-content\/uploads\/201930-FREN-2401-Carmen-LeBlanc-1.pdf\">Introduction \u00e0 la linguistique fran\u00e7aise<\/a><\/td><td>Carmen LeBlanc<\/td><\/tr><tr><td>FREN 3050F<\/td><td>A<\/td><td><a href=\"https:\/\/carleton.ca\/french\/wp-content\/uploads\/201930-FREN3050A-Guillaume-Gentil-1.pdf\">Comp\u00e9tences critiques<\/a><\/td><td>Guillaume Gentil<\/td><\/tr><tr><td>FREN 3212F<\/td><td>A<\/td><td><a href=\"https:\/\/carleton.ca\/french\/wp-content\/uploads\/201930-FREN-3212A-Charles-Doutrelepont-1.pdf\">Des manuscrits aux belles-lettres: de la litt\u00e9rature m\u00e9di\u00e9vale \u00e0 l\u2019humanisme<\/a><\/td><td>Charles Doutrelepont<\/td><\/tr><tr><td>FREN 3215W<\/td><td>A<\/td><td><a href=\"https:\/\/carleton.ca\/french\/wp-content\/uploads\/202010-FREN-3215A-Pascal-Gin-2.pdf\">Les \u00e8res du soup\u00e7on: contemporan\u00e9it\u00e9s de la litt\u00e9rature<\/a><\/td><td>Pascal Gin<\/td><\/tr><tr><td>FREN 3217W<\/td><td>A<\/td><td><a href=\"https:\/\/carleton.ca\/french\/wp-content\/uploads\/202010-FREN-3217A-Catherine-Khordoc-1.pdf\">Oeuvre et auteur-e(s)<\/a><\/td><td>Catherine Khordoc<\/td><\/tr><tr><td>FREN 3412F<\/td><td>A<\/td><td><a href=\"https:\/\/carleton.ca\/french\/wp-content\/uploads\/201930-FREN-3412A-Erik-Anonby-1.pdf\">Morphologie et s\u00e9mantique<\/a><\/td><td>Erik anonby<\/td><\/tr><tr><td>FREN 3413W<\/td><td>A<\/td><td><a href=\"https:\/\/carleton.ca\/french\/wp-content\/uploads\/202010-FREN-3413A-Carmen-LeBlanc-1.pdf\">Lexique et syntaxe<\/a><\/td><td>Carmen LeBlanc<\/td><\/tr><tr><td>FREN 3414F<\/td><td>A<\/td><td><a href=\"https:\/\/carleton.ca\/french\/wp-content\/uploads\/201930-FREN-3414A-Emilie-Urbain-1.pdf\">Sociolinguistique du fran\u00e7ais<\/a><\/td><td>Emilie Urbain<\/td><\/tr><tr><td>FREN 3701F<\/td><td>B<\/td><td><a href=\"https:\/\/carleton.ca\/french\/wp-content\/uploads\/201930-FREN-3701-Marie-Veilleux-1.pdf\">Fran\u00e7ais oral<\/a><\/td><td>Marie Veilleux Sukunda<\/td><\/tr><tr><td>FREN 3701W<\/td><td>A<\/td><td><a href=\"https:\/\/carleton.ca\/french\/wp-content\/uploads\/202010-FREN-3701B-Marie-Veilleux-Sukunda-1.pdf\">Fran\u00e7ais oral<\/a><\/td><td>Marie Veilleux Sukunda<\/td><\/tr><tr><td>FREN 3702F<\/td><td>A<\/td><td><a href=\"https:\/\/carleton.ca\/french\/wp-content\/uploads\/201930-FREN-3702-Boussad-Berrichi-1.pdf\">Fran\u00e7ais \u00e9crit<\/a><\/td><td>Boussad Berrichi<\/td><\/tr><tr><td>FREN 3702W<\/td><td>B<\/td><td><a href=\"https:\/\/carleton.ca\/french\/wp-content\/uploads\/202010-FREN-3702B-Celine-Bonnotte-Hoover-1.pdf\">Fran\u00e7ais \u00e9crit<\/a><\/td><td>C\u00e9line Bonnotte-Hoover<\/td><\/tr><tr><td>FREN 4214W<\/td><td>5214<\/td><td><a href=\"https:\/\/carleton.ca\/french\/wp-content\/uploads\/202010-FREN4214A-Charles-Doutrelepont-1.pdf\">Genre et mouvement<\/a><\/td><td>Charles Doutrelepont<\/td><\/tr><tr><td>FREN 4215F<\/td><td>5215<\/td><td><a href=\"https:\/\/carleton.ca\/french\/wp-content\/uploads\/201930-FREN-4215A-Catherine-Khordoc-1.pdf\">Probl\u00e9matiques contemporaines<\/a><\/td><td>Catherine Khordoc<\/td><\/tr><tr><td>FREN 4414W<\/td><td>5414<\/td><td><a href=\"https:\/\/carleton.ca\/french\/wp-content\/uploads\/202010-FREN-4414A-Emilie-Urbain-1.pdf\">Analyse du fran\u00e7ais<\/a><\/td><td>\u00c9milie Urbain<\/td><\/tr><tr><td>FREN 4415F<\/td><td>5415<\/td><td><a href=\"https:\/\/carleton.ca\/french\/wp-content\/uploads\/201930-FREN-4415-Carmen-LeBlanc-1.pdf\">Variation du fran\u00e7ais<\/a><\/td><td>Carmen LeBlanc<\/td><\/tr><\/tbody><\/table><\/figure>\n","protected":false},"excerpt":{"rendered":"<p>Course Outlines: Fall\/Winter 2019-2020 COURSE SEC Course Title INSTRUCTOR FYSM 1408 A World Literature in French Christine Duff FINS 2105F W French Reading I N.Sarma\/A.Gacesa FINS 3105W W French Reading II N. Sarma FREN 1001F A French 1 Intensive Soumaya Neggaz FREN 1001 B French 1 Ann Kabo FREN 1001 C French 1 Ann Kabo [&hellip;]<\/p>\n","protected":false},"author":410,"featured_media":0,"parent":0,"menu_order":0,"comment_status":"closed","ping_status":"closed","template":"","meta":{"_acf_changed":false,"_cu_dining_location_slug":"","footnotes":"","_links_to":"","_links_to_target":""},"cu_page_type":[],"class_list":["post-7669","page","type-page","status-publish","hentry"],"acf":{"cu_post_thumbnail":""},"_links":{"self":[{"href":"https:\/\/carleton.ca\/french\/wp-json\/wp\/v2\/pages\/7669","targetHints":{"allow":["GET"]}}],"collection":[{"href":"https:\/\/carleton.ca\/french\/wp-json\/wp\/v2\/pages"}],"about":[{"href":"https:\/\/carleton.ca\/french\/wp-json\/wp\/v2\/types\/page"}],"author":[{"embeddable":true,"href":"https:\/\/carleton.ca\/french\/wp-json\/wp\/v2\/users\/410"}],"replies":[{"embeddable":true,"href":"https:\/\/carleton.ca\/french\/wp-json\/wp\/v2\/comments?post=7669"}],"version-history":[{"count":4,"href":"https:\/\/carleton.ca\/french\/wp-json\/wp\/v2\/pages\/7669\/revisions"}],"predecessor-version":[{"id":9602,"href":"https:\/\/carleton.ca\/french\/wp-json\/wp\/v2\/pages\/7669\/revisions\/9602"}],"wp:attachment":[{"href":"https:\/\/carleton.ca\/french\/wp-json\/wp\/v2\/media?parent=7669"}],"wp:term":[{"taxonomy":"cu_page_type","embeddable":true,"href":"https:\/\/carleton.ca\/french\/wp-json\/wp\/v2\/cu_page_type?post=7669"}],"curies":[{"name":"wp","href":"https:\/\/api.w.org\/{rel}","templated":true}]}}