{"id":451,"date":"2025-01-10T08:40:28","date_gmt":"2025-01-10T13:40:28","guid":{"rendered":"https:\/\/carleton.ca\/ghostmanagement\/?page_id=451"},"modified":"2025-01-10T08:43:11","modified_gmt":"2025-01-10T13:43:11","slug":"december-2024-bilingual-workshops-for-journalists-on-ghost-management-at-work-a-practical-guide-ghost-management-a-loeuvre-guide-pratique","status":"publish","type":"page","link":"https:\/\/carleton.ca\/ghostmanagement\/december-2024-bilingual-workshops-for-journalists-on-ghost-management-at-work-a-practical-guide-ghost-management-a-loeuvre-guide-pratique\/","title":{"rendered":"December 2024: Bilingual Workshops for Journalists on Ghost Management at Work: a Practical Guide \/ Ghost management \u00e0 l&#8217;\u0153uvre : Guide pratique"},"content":{"rendered":"<h2 style=\"text-align: center;\">A Presentation and Discussion of <em>Ghost Management at Work: A Practical Guide for the Investigation and Mapping of Health Affairs<\/em><\/h2>\n<p style=\"text-align: center;\"><a href=\"#version-francaise\"><em>La version fran\u00e7aise suit la version anglai se, ci-dessous<\/em><\/a><\/p>\n<div class=\"content__video\"><iframe loading=\"lazy\" title=\"Ghost Management at Work: A Practical Guide for the Investigation and Mapping of Health Affairs\" width=\"500\" height=\"281\" src=\"https:\/\/www.youtube.com\/embed\/WSQCVg909_U?feature=oembed\" frameborder=\"0\" allow=\"accelerometer; autoplay; clipboard-write; encrypted-media; gyroscope; picture-in-picture; web-share\" referrerpolicy=\"strict-origin-when-cross-origin\" allowfullscreen><\/iframe><\/div>\n<p>This workshop, held on Dec 4, 2024, presented and discussed <a href=\"https:\/\/carleton.ca\/ghostmanagement\/ghost-management-at-work-a-practical-guide-for-the-investigation-and-mapping-of-health-affairs\/\"><em>Ghost Management at Work: A Practical Guide for the Investigation and Mapping of Health Affairs<\/em><\/a>. Funded by the Social Sciences and Humanities Research Council, this workshop was organized by the Ghost Management Project to help journalists in the analysis and mapping of the political economy and influences in the pharmaceutical sector. It provides tools for reporters who are eager to conduct rigorous investigations and avoid significant pitfalls that often turn writers into mouthpieces for corporate interests.<\/p>\n<h4>Topics Covered:<\/h4>\n<ul>\n<li>The challenges faced by journalists investigating health products and interventions, which involve navigating a labyrinth of agents, organizations, and diverse systems that operate in the shadows.<\/li>\n<li>How to assess claims about a product when the physicians\/experts\/patients interviewed are often funded by the same drug company.<\/li>\n<li>How \u201cghost management\u201d, which encompasses all operations conducted behind the scenes by major companies, shapes knowledge, scientific discourses, and cultural, political, and media narratives regarding specific health products and interventions, while influencing the entire field of medicine and public health.<\/li>\n<li>How to apply the ghost management interpretive framework, which will help you systematically analyze and map the mechanisms influencing discourse about the products and interventions under investigation.<\/li>\n<li>How this framework can be applied to other journalistic investigations.<\/li>\n<\/ul>\n<h4>About the Speakers:<\/h4>\n<p>Catherine Riva, Investigative journalist, Re-Check.ch<\/p>\n<p>Serena Tinari, Investigative Journalist, Re-Check.ch<\/p>\n<p>Dr. Marc-Andr\u00e9 Gagnon, pharmaceutical industry expert and professor of Public Policy and Administration at Carleton University.<\/p>\n<p><\/p>\n<h2 style=\"text-align: center;\"><a id=\"version-francaise\"><\/a>Pr\u00e9sentation et discussion du document <em>Ghost management \u00e0 l&#8217;\u0153uvre : Guide pratique pour investiguer et cartographier les affaires de sant\u00e9<\/em><\/h2>\n<p><\/p>\n<div class=\"content__video\"><iframe loading=\"lazy\" title=\"Ghost management \u00e0 l\u2019oeuvre: Guide pratique pour investiguer et cartographier les affaires de sant\u00e9\" width=\"500\" height=\"281\" src=\"https:\/\/www.youtube.com\/embed\/goAtl-VvvLc?feature=oembed\" frameborder=\"0\" allow=\"accelerometer; autoplay; clipboard-write; encrypted-media; gyroscope; picture-in-picture; web-share\" referrerpolicy=\"strict-origin-when-cross-origin\" allowfullscreen><\/iframe><\/div>\n<p><span class=\"yt-core-attributed-string--link-inherit-color\" dir=\"auto\">Cet atelier, qui s&#8217;est tenu le 2 d\u00e9cembre 2024, a permis de pr\u00e9senter et de discuter le document <em><a href=\"https:\/\/carleton.ca\/ghostmanagement\/ghost-management-at-work-a-practical-guide-for-the-investigation-and-mapping-of-health-affairs\/\">Ghost management \u00e0 l\u2019\u0153uvre: Guide pratique pour investiguer et cartographier les affaires de sant\u00e9<\/a>.<\/em> Financ\u00e9 par le Conseil de recherches en sciences humaines, cet atelier a \u00e9t\u00e9 organis\u00e9 par le projet recherche sur le Ghost Management pour aider les journalistes \u00e0 analyser et cartographier l&#8217;\u00e9conomie politique de l&#8217;influence existant dans le secteur pharmaceutique. Il offre des outils pour ceux et celles qui d\u00e9sirent mener des enqu\u00eates rigoureuses en cherchant \u00e0 \u00e9viter les pi\u00e8ges qui transforment trop souvent les journalistes en porte-voix d&#8217;int\u00e9r\u00eats commerciaux. <\/span><\/p>\n<h4><span class=\"yt-core-attributed-string--link-inherit-color\" dir=\"auto\">Les \u00e9l\u00e9ments discut\u00e9s seront : <\/span><\/h4>\n<ul class=\"yt-core-attributed-string__list-group\" dir=\"ltr\">\n<li><span class=\"yt-core-attributed-string--link-inherit-color\" dir=\"auto\">Les d\u00e9fis auxquels les journalistes font face lorsqu\u2019ils enqu\u00eatent sur les produits et les traitements de sant\u00e9, ainsi que le labyrinthe d\u2019agents, d\u2019organisations et de syst\u00e8mes divers qui \u0153uvrent dans l\u2019ombre. <\/span><\/li>\n<li><span class=\"yt-core-attributed-string--link-inherit-color\" dir=\"auto\">Comment \u00e9valuer les affirmations concernant un produit, notamment lorsqu\u2019on sait que les m\u00e9decins\/experts\/patients sont souvent \u00e0 la solde du fabricant du produit en question. <\/span><\/li>\n<li><span class=\"yt-core-attributed-string--link-inherit-color\" dir=\"auto\">Comment la \u201cgestion fant\u00f4me\u201d (ou \u201cghost management\u201d), qui comprend toutes les op\u00e9rations men\u00e9es en coulisses par les firmes, en vient \u00e0 influencer les pratiques m\u00e9dicales et la sant\u00e9 publique en fa\u00e7onnant le savoir, la culture et les discours scientifiques, politiques et m\u00e9diatiques. <\/span><\/li>\n<li><span class=\"yt-core-attributed-string--link-inherit-color\" dir=\"auto\">Comment appliquer le cadre interpr\u00e9tatif de la gestion fant\u00f4me (ou \u201cghost management\u201d) pour mieux analyser et cartographier les m\u00e9canismes de l&#8217;influence des firmes. <\/span><\/li>\n<li><span class=\"yt-core-attributed-string--link-inherit-color\" dir=\"auto\">Comment ce cadre interpr\u00e9tatif peut aussi \u00eatre appliqu\u00e9 pour d\u2019autres types d\u2019enqu\u00eates journalistiques. <\/span><\/li>\n<\/ul>\n<h4><span class=\"yt-core-attributed-string--link-inherit-color\" dir=\"auto\"> Conf\u00e9renciers invit\u00e9s : <\/span><\/h4>\n<p><span class=\"yt-core-attributed-string--link-inherit-color\" dir=\"auto\">Catherine Riva, journaliste d\u2019enqu\u00eate, Recheck.ch <\/span><\/p>\n<p><span class=\"yt-core-attributed-string--link-inherit-color\" dir=\"auto\">Serena Tinari, journaliste d\u2019enqu\u00eate, Recheck.ch <\/span><\/p>\n<p><span class=\"yt-core-attributed-string--link-inherit-color\" dir=\"auto\">Dr. Marc-Andr\u00e9 Gagnon, Expert de l\u2019industrie pharmaceutique et professeur de politique publique \u00e0 l\u2019Universit\u00e9 Carleton<\/span><\/p>\n","protected":false},"excerpt":{"rendered":"<p>A Presentation and Discussion of Ghost Management at Work: A Practical Guide for the Investigation and Mapping of Health Affairs La version fran\u00e7aise suit la version anglai se, ci-dessous This workshop, held on Dec 4, 2024, presented and discussed Ghost Management at Work: A Practical Guide for the Investigation and Mapping of Health Affairs. Funded [&hellip;]<\/p>\n","protected":false},"author":10,"featured_media":0,"parent":0,"menu_order":0,"comment_status":"closed","ping_status":"closed","template":"","meta":{"_relevanssi_hide_post":"","_relevanssi_hide_content":"","_relevanssi_pin_for_all":"","_relevanssi_pin_keywords":"","_relevanssi_unpin_keywords":"","_relevanssi_related_keywords":"","_relevanssi_related_include_ids":"","_relevanssi_related_exclude_ids":"","_relevanssi_related_no_append":"","_relevanssi_related_not_related":"","_relevanssi_related_posts":"","_relevanssi_noindex_reason":"","_mi_skip_tracking":false,"_exactmetrics_sitenote_active":false,"_exactmetrics_sitenote_note":"","_exactmetrics_sitenote_category":0,"_monsterinsights_sitenote_active":false,"_monsterinsights_sitenote_note":"","_monsterinsights_sitenote_category":0,"footnotes":"","_links_to":"","_links_to_target":""},"yoast_head":"<!-- This site is optimized with the Yoast SEO plugin v21.2 - https:\/\/yoast.com\/wordpress\/plugins\/seo\/ -->\n<title>December 2024: Bilingual Workshops for Journalists on Ghost Management at Work: a Practical Guide \/ Ghost management \u00e0 l&#039;\u0153uvre : Guide pratique - Ghost Management<\/title>\n<meta name=\"description\" content=\"A Presentation and Discussion of Ghost Management at Work: A Practical Guide for the Investigation and Mapping of Health Affairs La version fran\u00e7aise suit\" \/>\n<meta name=\"robots\" content=\"index, follow, max-snippet:-1, max-image-preview:large, max-video-preview:-1\" \/>\n<link rel=\"canonical\" href=\"https:\/\/carleton.ca\/ghostmanagement\/december-2024-bilingual-workshops-for-journalists-on-ghost-management-at-work-a-practical-guide-ghost-management-a-loeuvre-guide-pratique\/\" \/>\n<meta name=\"twitter:label1\" content=\"Est. reading time\" \/>\n\t<meta name=\"twitter:data1\" content=\"3 minutes\" \/>\n<script type=\"application\/ld+json\" class=\"yoast-schema-graph\">{\"@context\":\"https:\/\/schema.org\",\"@graph\":[{\"@type\":\"WebPage\",\"@id\":\"https:\/\/carleton.ca\/ghostmanagement\/december-2024-bilingual-workshops-for-journalists-on-ghost-management-at-work-a-practical-guide-ghost-management-a-loeuvre-guide-pratique\/\",\"url\":\"https:\/\/carleton.ca\/ghostmanagement\/december-2024-bilingual-workshops-for-journalists-on-ghost-management-at-work-a-practical-guide-ghost-management-a-loeuvre-guide-pratique\/\",\"name\":\"December 2024: Bilingual Workshops for Journalists on Ghost Management at Work: a Practical Guide \/ Ghost management \u00e0 l'\u0153uvre : Guide pratique - Ghost Management\",\"isPartOf\":{\"@id\":\"https:\/\/carleton.ca\/ghostmanagement\/#website\"},\"datePublished\":\"2025-01-10T13:40:28+00:00\",\"dateModified\":\"2025-01-10T13:43:11+00:00\",\"description\":\"A Presentation and Discussion of Ghost Management at Work: A Practical Guide for the Investigation and Mapping of Health Affairs La version fran\u00e7aise suit\",\"breadcrumb\":{\"@id\":\"https:\/\/carleton.ca\/ghostmanagement\/december-2024-bilingual-workshops-for-journalists-on-ghost-management-at-work-a-practical-guide-ghost-management-a-loeuvre-guide-pratique\/#breadcrumb\"},\"inLanguage\":\"en-US\",\"potentialAction\":[{\"@type\":\"ReadAction\",\"target\":[\"https:\/\/carleton.ca\/ghostmanagement\/december-2024-bilingual-workshops-for-journalists-on-ghost-management-at-work-a-practical-guide-ghost-management-a-loeuvre-guide-pratique\/\"]}]},{\"@type\":\"BreadcrumbList\",\"@id\":\"https:\/\/carleton.ca\/ghostmanagement\/december-2024-bilingual-workshops-for-journalists-on-ghost-management-at-work-a-practical-guide-ghost-management-a-loeuvre-guide-pratique\/#breadcrumb\",\"itemListElement\":[{\"@type\":\"ListItem\",\"position\":1,\"name\":\"Home\",\"item\":\"https:\/\/carleton.ca\/ghostmanagement\/\"},{\"@type\":\"ListItem\",\"position\":2,\"name\":\"December 2024: Bilingual Workshops for Journalists on Ghost Management at Work: a Practical Guide \/ Ghost management \u00e0 l&#8217;\u0153uvre : Guide pratique\"}]},{\"@type\":\"WebSite\",\"@id\":\"https:\/\/carleton.ca\/ghostmanagement\/#website\",\"url\":\"https:\/\/carleton.ca\/ghostmanagement\/\",\"name\":\"Ghost Management\",\"description\":\"Carleton University\",\"potentialAction\":[{\"@type\":\"SearchAction\",\"target\":{\"@type\":\"EntryPoint\",\"urlTemplate\":\"https:\/\/carleton.ca\/ghostmanagement\/?s={search_term_string}\"},\"query-input\":\"required name=search_term_string\"}],\"inLanguage\":\"en-US\"}]}<\/script>\n<!-- \/ Yoast SEO plugin. -->","yoast_head_json":{"title":"December 2024: Bilingual Workshops for Journalists on Ghost Management at Work: a Practical Guide \/ Ghost management \u00e0 l'\u0153uvre : Guide pratique - Ghost Management","description":"A Presentation and Discussion of Ghost Management at Work: A Practical Guide for the Investigation and Mapping of Health Affairs La version fran\u00e7aise suit","robots":{"index":"index","follow":"follow","max-snippet":"max-snippet:-1","max-image-preview":"max-image-preview:large","max-video-preview":"max-video-preview:-1"},"canonical":"https:\/\/carleton.ca\/ghostmanagement\/december-2024-bilingual-workshops-for-journalists-on-ghost-management-at-work-a-practical-guide-ghost-management-a-loeuvre-guide-pratique\/","twitter_misc":{"Est. reading time":"3 minutes"},"schema":{"@context":"https:\/\/schema.org","@graph":[{"@type":"WebPage","@id":"https:\/\/carleton.ca\/ghostmanagement\/december-2024-bilingual-workshops-for-journalists-on-ghost-management-at-work-a-practical-guide-ghost-management-a-loeuvre-guide-pratique\/","url":"https:\/\/carleton.ca\/ghostmanagement\/december-2024-bilingual-workshops-for-journalists-on-ghost-management-at-work-a-practical-guide-ghost-management-a-loeuvre-guide-pratique\/","name":"December 2024: Bilingual Workshops for Journalists on Ghost Management at Work: a Practical Guide \/ Ghost management \u00e0 l'\u0153uvre : Guide pratique - Ghost Management","isPartOf":{"@id":"https:\/\/carleton.ca\/ghostmanagement\/#website"},"datePublished":"2025-01-10T13:40:28+00:00","dateModified":"2025-01-10T13:43:11+00:00","description":"A Presentation and Discussion of Ghost Management at Work: A Practical Guide for the Investigation and Mapping of Health Affairs La version fran\u00e7aise suit","breadcrumb":{"@id":"https:\/\/carleton.ca\/ghostmanagement\/december-2024-bilingual-workshops-for-journalists-on-ghost-management-at-work-a-practical-guide-ghost-management-a-loeuvre-guide-pratique\/#breadcrumb"},"inLanguage":"en-US","potentialAction":[{"@type":"ReadAction","target":["https:\/\/carleton.ca\/ghostmanagement\/december-2024-bilingual-workshops-for-journalists-on-ghost-management-at-work-a-practical-guide-ghost-management-a-loeuvre-guide-pratique\/"]}]},{"@type":"BreadcrumbList","@id":"https:\/\/carleton.ca\/ghostmanagement\/december-2024-bilingual-workshops-for-journalists-on-ghost-management-at-work-a-practical-guide-ghost-management-a-loeuvre-guide-pratique\/#breadcrumb","itemListElement":[{"@type":"ListItem","position":1,"name":"Home","item":"https:\/\/carleton.ca\/ghostmanagement\/"},{"@type":"ListItem","position":2,"name":"December 2024: Bilingual Workshops for Journalists on Ghost Management at Work: a Practical Guide \/ Ghost management \u00e0 l&#8217;\u0153uvre : Guide pratique"}]},{"@type":"WebSite","@id":"https:\/\/carleton.ca\/ghostmanagement\/#website","url":"https:\/\/carleton.ca\/ghostmanagement\/","name":"Ghost Management","description":"Carleton University","potentialAction":[{"@type":"SearchAction","target":{"@type":"EntryPoint","urlTemplate":"https:\/\/carleton.ca\/ghostmanagement\/?s={search_term_string}"},"query-input":"required name=search_term_string"}],"inLanguage":"en-US"}]}},"acf":{"banner_image_type":"none","banner_button":"no"},"_links":{"self":[{"href":"https:\/\/carleton.ca\/ghostmanagement\/wp-json\/wp\/v2\/pages\/451"}],"collection":[{"href":"https:\/\/carleton.ca\/ghostmanagement\/wp-json\/wp\/v2\/pages"}],"about":[{"href":"https:\/\/carleton.ca\/ghostmanagement\/wp-json\/wp\/v2\/types\/page"}],"author":[{"embeddable":true,"href":"https:\/\/carleton.ca\/ghostmanagement\/wp-json\/wp\/v2\/users\/10"}],"replies":[{"embeddable":true,"href":"https:\/\/carleton.ca\/ghostmanagement\/wp-json\/wp\/v2\/comments?post=451"}],"version-history":[{"count":3,"href":"https:\/\/carleton.ca\/ghostmanagement\/wp-json\/wp\/v2\/pages\/451\/revisions"}],"predecessor-version":[{"id":464,"href":"https:\/\/carleton.ca\/ghostmanagement\/wp-json\/wp\/v2\/pages\/451\/revisions\/464"}],"wp:attachment":[{"href":"https:\/\/carleton.ca\/ghostmanagement\/wp-json\/wp\/v2\/media?parent=451"}],"curies":[{"name":"wp","href":"https:\/\/api.w.org\/{rel}","templated":true}]}}