{"id":47,"date":"2015-10-06T18:46:10","date_gmt":"2015-10-06T18:46:10","guid":{"rendered":"http:\/\/carleton.ca\/heritageengineering\/?page_id=47"},"modified":"2019-08-06T08:55:48","modified_gmt":"2019-08-06T12:55:48","slug":"building-digitalization","status":"publish","type":"page","link":"https:\/\/carleton.ca\/heritageengineering\/research-tracks\/building-digitalization\/","title":{"rendered":"Building Digitalization"},"content":{"rendered":"<p>Researchers in the Building Digitalization research track focus on developing techniques for capturing or mapping detailed physical characteristics of historic structures. Students will carry out research using:<\/p>\n<ul>\n<li>terrestrial and low-cost aerial surveying, including 3D scanning, thermal photography and photogrammetry;<img decoding=\"async\" loading=\"lazy\" class=\"wp-image-620 size-full alignright\" style=\"color: #1a1a1a; float: right; font-family: Helvetica,Arial,sans-serif; font-size: 16px; font-style: normal; font-variant: normal; font-weight: 400; height: auto; letter-spacing: normal; max-width: 100%; orphans: 2; outline-color: #72777c; outline-style: solid; outline-width: 1px; text-align: left; text-decoration: none; text-indent: 0px; text-transform: none; -webkit-text-stroke-width: 0px; white-space: normal; word-spacing: 0px; margin: 0.5em 0px 0.5em 1em;\" src=\"https:\/\/carleton.ca\/heritageengineering\/wp-content\/uploads\/QLNSERCCraeteHE003.jpg\" alt=\"QLNSERCCraeteHE003\" width=\"330\" height=\"230\" srcset=\"https:\/\/carleton.ca\/heritageengineering\/wp-content\/uploads\/QLNSERCCraeteHE003.jpg 330w, https:\/\/carleton.ca\/heritageengineering\/wp-content\/uploads\/QLNSERCCraeteHE003-160x112.jpg 160w, https:\/\/carleton.ca\/heritageengineering\/wp-content\/uploads\/QLNSERCCraeteHE003-240x167.jpg 240w\" sizes=\"(max-width: 330px) 100vw, 330px\" \/><\/li>\n<li>building information modelling (BIM);<\/li>\n<li>coupling life-cycle assessment with BIM;<\/li>\n<li>real-time simulation;<\/li>\n<li>geographic information systems;<\/li>\n<li>scene and motion capture; and<\/li>\n<li>possible augmented reality applications.<\/li>\n<\/ul>\n<p>This research can be used to develop a methodology for building rehabilitation, either for maintenance or to ensure a record for posterity in the event of destruction.<\/p>\n<p>Researchers in Building Digitalization include:<\/p>\n<p style=\"padding-left: 30px;\"><a href=\"https:\/\/carleton.ca\/cee\/people\/santana-quintero-mario\/\" target=\"_blank\" rel=\"noopener noreferrer\">Mario Santana<\/a>, Department of Civil &amp; Environmental Engineering, Carleton University<\/p>\n<p style=\"padding-left: 30px;\"><a href=\"https:\/\/carleton.ca\/mae\/people\/jeremy-laliberte\/\" target=\"_blank\" rel=\"noopener noreferrer\">Jeremy Lalibert\u00e9<\/a>, Department of Mechanical &amp; Aerospace Engineering, Carleton University<\/p>\n<p style=\"padding-left: 30px;\"><a href=\"https:\/\/carleton.ca\/architecture\/people-archives\/stephen-fai\/\" target=\"_blank\" rel=\"noopener noreferrer\">Stephen Fai<\/a>, Director, Carleton Immersive Media Studio; Azrieli School of Architecture, cross-appointed to Department of Civil &amp; Environmental Engineering, Carleton University<\/p>\n<p style=\"padding-left: 30px;\"><a href=\"https:\/\/professeurs.uqam.ca\/professeur\/bulle.cecile\/\" target=\"_blank\" rel=\"noopener noreferrer\">C\u00e9cile Bulle<\/a>, D\u00e9partement de strat\u00e9gie, responsabilit\u00e9 sociale et environnementale,\u00a0Universit\u00e9 de Qu\u00e9bec \u00e0 Montr\u00e9al<\/p>\n<p style=\"padding-left: 30px;\"><a href=\"http:\/\/www.patrimoinebati.umontreal.ca\/en\/researchers-and-students\/details\/membre\/christina.cameron\/\" target=\"_blank\" rel=\"noopener noreferrer\">Christina Cameron<\/a>, Canada Research Chair in Built Heritage,\u00a0Universit\u00e9 de Montr\u00e9al<\/p>\n","protected":false},"excerpt":{"rendered":"<p>Researchers in the Building Digitalization research track focus on developing techniques for capturing or mapping detailed physical characteristics of historic structures. Students will carry out research using: terrestrial and low-cost aerial surveying, including 3D scanning, thermal photography and photogrammetry; building information modelling (BIM); coupling life-cycle assessment with BIM; real-time simulation; geographic information systems; scene and [&hellip;]<\/p>\n","protected":false},"author":5,"featured_media":0,"parent":45,"menu_order":0,"comment_status":"closed","ping_status":"closed","template":"","meta":{"_relevanssi_hide_post":"","_relevanssi_hide_content":"","_relevanssi_pin_for_all":"","_relevanssi_pin_keywords":"","_relevanssi_unpin_keywords":"","_relevanssi_related_keywords":"","_relevanssi_related_include_ids":"","_relevanssi_related_exclude_ids":"","_relevanssi_related_no_append":"","_relevanssi_related_not_related":"","_relevanssi_related_posts":"","_relevanssi_noindex_reason":"","_mi_skip_tracking":false,"_exactmetrics_sitenote_active":false,"_exactmetrics_sitenote_note":"","_exactmetrics_sitenote_category":0,"footnotes":"","_links_to":"","_links_to_target":""},"yoast_head":"<!-- This site is optimized with the Yoast SEO plugin v21.2 - https:\/\/yoast.com\/wordpress\/plugins\/seo\/ -->\n<title>Building Digitalization - NSERC CREATE Heritage Engineering<\/title>\n<meta name=\"description\" content=\"Researchers in the Building Digitalization research track focus on developing techniques for capturing or mapping detailed physical characteristics of\" \/>\n<meta name=\"robots\" content=\"index, follow, max-snippet:-1, max-image-preview:large, max-video-preview:-1\" \/>\n<link rel=\"canonical\" href=\"https:\/\/carleton.ca\/heritageengineering\/research-tracks\/building-digitalization\/\" \/>\n<meta name=\"twitter:label1\" content=\"Est. reading time\" \/>\n\t<meta name=\"twitter:data1\" content=\"1 minute\" \/>\n<script type=\"application\/ld+json\" class=\"yoast-schema-graph\">{\"@context\":\"https:\/\/schema.org\",\"@graph\":[{\"@type\":\"WebPage\",\"@id\":\"https:\/\/carleton.ca\/heritageengineering\/research-tracks\/building-digitalization\/\",\"url\":\"https:\/\/carleton.ca\/heritageengineering\/research-tracks\/building-digitalization\/\",\"name\":\"Building Digitalization - NSERC CREATE Heritage Engineering\",\"isPartOf\":{\"@id\":\"https:\/\/carleton.ca\/heritageengineering\/#website\"},\"datePublished\":\"2015-10-06T18:46:10+00:00\",\"dateModified\":\"2019-08-06T12:55:48+00:00\",\"description\":\"Researchers in the Building Digitalization research track focus on developing techniques for capturing or mapping detailed physical characteristics of\",\"breadcrumb\":{\"@id\":\"https:\/\/carleton.ca\/heritageengineering\/research-tracks\/building-digitalization\/#breadcrumb\"},\"inLanguage\":\"en-US\",\"potentialAction\":[{\"@type\":\"ReadAction\",\"target\":[\"https:\/\/carleton.ca\/heritageengineering\/research-tracks\/building-digitalization\/\"]}]},{\"@type\":\"BreadcrumbList\",\"@id\":\"https:\/\/carleton.ca\/heritageengineering\/research-tracks\/building-digitalization\/#breadcrumb\",\"itemListElement\":[{\"@type\":\"ListItem\",\"position\":1,\"name\":\"Home\",\"item\":\"https:\/\/carleton.ca\/heritageengineering\/\"},{\"@type\":\"ListItem\",\"position\":2,\"name\":\"Research Tracks\",\"item\":\"https:\/\/carleton.ca\/heritageengineering\/research-tracks\/\"},{\"@type\":\"ListItem\",\"position\":3,\"name\":\"Building Digitalization\"}]},{\"@type\":\"WebSite\",\"@id\":\"https:\/\/carleton.ca\/heritageengineering\/#website\",\"url\":\"https:\/\/carleton.ca\/heritageengineering\/\",\"name\":\"NSERC CREATE Heritage Engineering\",\"description\":\"Carleton University\",\"potentialAction\":[{\"@type\":\"SearchAction\",\"target\":{\"@type\":\"EntryPoint\",\"urlTemplate\":\"https:\/\/carleton.ca\/heritageengineering\/?s={search_term_string}\"},\"query-input\":\"required name=search_term_string\"}],\"inLanguage\":\"en-US\"}]}<\/script>\n<!-- \/ Yoast SEO plugin. -->","yoast_head_json":{"title":"Building Digitalization - NSERC CREATE Heritage Engineering","description":"Researchers in the Building Digitalization research track focus on developing techniques for capturing or mapping detailed physical characteristics of","robots":{"index":"index","follow":"follow","max-snippet":"max-snippet:-1","max-image-preview":"max-image-preview:large","max-video-preview":"max-video-preview:-1"},"canonical":"https:\/\/carleton.ca\/heritageengineering\/research-tracks\/building-digitalization\/","twitter_misc":{"Est. reading time":"1 minute"},"schema":{"@context":"https:\/\/schema.org","@graph":[{"@type":"WebPage","@id":"https:\/\/carleton.ca\/heritageengineering\/research-tracks\/building-digitalization\/","url":"https:\/\/carleton.ca\/heritageengineering\/research-tracks\/building-digitalization\/","name":"Building Digitalization - NSERC CREATE Heritage Engineering","isPartOf":{"@id":"https:\/\/carleton.ca\/heritageengineering\/#website"},"datePublished":"2015-10-06T18:46:10+00:00","dateModified":"2019-08-06T12:55:48+00:00","description":"Researchers in the Building Digitalization research track focus on developing techniques for capturing or mapping detailed physical characteristics of","breadcrumb":{"@id":"https:\/\/carleton.ca\/heritageengineering\/research-tracks\/building-digitalization\/#breadcrumb"},"inLanguage":"en-US","potentialAction":[{"@type":"ReadAction","target":["https:\/\/carleton.ca\/heritageengineering\/research-tracks\/building-digitalization\/"]}]},{"@type":"BreadcrumbList","@id":"https:\/\/carleton.ca\/heritageengineering\/research-tracks\/building-digitalization\/#breadcrumb","itemListElement":[{"@type":"ListItem","position":1,"name":"Home","item":"https:\/\/carleton.ca\/heritageengineering\/"},{"@type":"ListItem","position":2,"name":"Research Tracks","item":"https:\/\/carleton.ca\/heritageengineering\/research-tracks\/"},{"@type":"ListItem","position":3,"name":"Building Digitalization"}]},{"@type":"WebSite","@id":"https:\/\/carleton.ca\/heritageengineering\/#website","url":"https:\/\/carleton.ca\/heritageengineering\/","name":"NSERC CREATE Heritage Engineering","description":"Carleton University","potentialAction":[{"@type":"SearchAction","target":{"@type":"EntryPoint","urlTemplate":"https:\/\/carleton.ca\/heritageengineering\/?s={search_term_string}"},"query-input":"required name=search_term_string"}],"inLanguage":"en-US"}]}},"acf":{"banner_image_type":"none","banner_button":"no"},"_links":{"self":[{"href":"https:\/\/carleton.ca\/heritageengineering\/wp-json\/wp\/v2\/pages\/47"}],"collection":[{"href":"https:\/\/carleton.ca\/heritageengineering\/wp-json\/wp\/v2\/pages"}],"about":[{"href":"https:\/\/carleton.ca\/heritageengineering\/wp-json\/wp\/v2\/types\/page"}],"author":[{"embeddable":true,"href":"https:\/\/carleton.ca\/heritageengineering\/wp-json\/wp\/v2\/users\/5"}],"replies":[{"embeddable":true,"href":"https:\/\/carleton.ca\/heritageengineering\/wp-json\/wp\/v2\/comments?post=47"}],"version-history":[{"count":4,"href":"https:\/\/carleton.ca\/heritageengineering\/wp-json\/wp\/v2\/pages\/47\/revisions"}],"predecessor-version":[{"id":1279,"href":"https:\/\/carleton.ca\/heritageengineering\/wp-json\/wp\/v2\/pages\/47\/revisions\/1279"}],"up":[{"embeddable":true,"href":"https:\/\/carleton.ca\/heritageengineering\/wp-json\/wp\/v2\/pages\/45"}],"wp:attachment":[{"href":"https:\/\/carleton.ca\/heritageengineering\/wp-json\/wp\/v2\/media?parent=47"}],"curies":[{"name":"wp","href":"https:\/\/api.w.org\/{rel}","templated":true}]}}