{"id":25616,"date":"2025-01-07T10:47:14","date_gmt":"2025-01-07T15:47:14","guid":{"rendered":"https:\/\/carleton.ca\/history\/history\/?page_id=25616"},"modified":"2025-05-12T16:12:06","modified_gmt":"2025-05-12T20:12:06","slug":"shannon-lectures-fall-2024-winter-2025","status":"publish","type":"page","link":"https:\/\/carleton.ca\/history\/shannon-lectures-fall-2024-winter-2025\/","title":{"rendered":"Shannon Lectures &#8211; Fall 2024 &amp; Winter 2025"},"content":{"rendered":"\n<section class=\"w-screen px-6 cu-section cu-section--white ml-offset-center md:px-8 lg:px-14\">\n    <div class=\"space-y-6 cu-max-w-child-5xl  md:space-y-10 cu-prose-first-last\">\n\n            <div class=\"cu-textmedia flex flex-col lg:flex-row mx-auto gap-6 md:gap-10 my-6 md:my-12 first:mt-0 max-w-5xl\">\n        <div class=\"justify-start cu-textmedia-content cu-prose-first-last\" style=\"flex: 0 0 100%;\">\n            <header class=\"font-light prose-xl cu-pageheader md:prose-2xl cu-component-updated cu-prose-first-last\">\n                                    <h1 class=\"cu-prose-first-last font-semibold !mt-2 mb-4 md:mb-6 relative after:absolute after:h-px after:bottom-0 after:bg-cu-red after:left-px text-3xl md:text-4xl lg:text-5xl lg:leading-[3.5rem] pb-5 after:w-10 text-cu-black-700 not-prose\">\n                        Shannon Lectures &#8211; Fall 2024 &amp; Winter 2025\n                    <\/h1>\n                \n                                \n                            <\/header>\n\n                    <\/div>\n\n            <\/div>\n\n    <\/div>\n<\/section>\n\n\n\n<h3 id=\"shannon-lecture-series-overview-fall-2024-winter-2025\" class=\"wp-block-heading has-text-align-center\">Shannon Lecture Series Overview, Fall 2024\/Winter 2025<\/h3>\n\n\n\n<p><br><strong><a href=\"https:\/\/carleton.ca\/history\/news\/shannon-lectures-2024-2025\/shannon-lectures-2024-2025-landscape-poster_1080x1920_02\/\"><\/a>Convenor<\/strong>: Alexa Lepera, Assistant Curator, Domestic Environments and Social Diversity, Ingenium<br><br><strong>Description:<\/strong>&nbsp;In partnership with <a href=\"https:\/\/ingeniumcanada.org\/\" target=\"_blank\" rel=\"noreferrer noopener\">Ingenium \u2013 Canada\u2019s Museums of Science and Innovation<\/a>, this year\u2019s edition of the Shannon Lecture Series is titled \u201c<a href=\"https:\/\/carleton.ca\/history\/wp-content\/uploads\/sites\/71\/2025\/01\/Shannon-Lectures-2024-2025-landscape-poster_1080x1920_02.jpg\">Black Histories and Futures of Science and Technology<\/a>.\u201d The series offers critical insight into anti-Black racisms\u2019 relationship with technology and how technology enables\/d Black resistance, community building and liberation. Across a range of disciplines speakers will think expansively about definitions of science and technology and the Black histories, presents, and futures of transportation, agriculture, technology, sports and science, and press and periodicals.<\/p>\n\n\n\n<figure class=\"wp-block-image size-full\"><img loading=\"lazy\" decoding=\"async\" width=\"1920\" height=\"1080\" src=\"https:\/\/carleton.ca\/history\/wp-content\/uploads\/sites\/71\/2025\/01\/Shannon-Lectures-2024-2025-landscape-poster_1080x1920_02.jpg\" alt=\"event poster\" class=\"wp-image-25619\" srcset=\"https:\/\/carleton.ca\/history\/wp-content\/uploads\/sites\/71\/2025\/01\/Shannon-Lectures-2024-2025-landscape-poster_1080x1920_02.jpg 1920w, https:\/\/carleton.ca\/history\/wp-content\/uploads\/sites\/71\/2025\/01\/Shannon-Lectures-2024-2025-landscape-poster_1080x1920_02-512x288.jpg 512w, https:\/\/carleton.ca\/history\/wp-content\/uploads\/sites\/71\/2025\/01\/Shannon-Lectures-2024-2025-landscape-poster_1080x1920_02-1024x576.jpg 1024w, https:\/\/carleton.ca\/history\/wp-content\/uploads\/sites\/71\/2025\/01\/Shannon-Lectures-2024-2025-landscape-poster_1080x1920_02-320x180.jpg 320w, https:\/\/carleton.ca\/history\/wp-content\/uploads\/sites\/71\/2025\/01\/Shannon-Lectures-2024-2025-landscape-poster_1080x1920_02-768x432.jpg 768w, https:\/\/carleton.ca\/history\/wp-content\/uploads\/sites\/71\/2025\/01\/Shannon-Lectures-2024-2025-landscape-poster_1080x1920_02-1536x864.jpg 1536w\" sizes=\"auto, (max-width: 1920px) 100vw, 1920px\" \/><\/figure>\n\n\n\n<p><\/p>\n\n\n\n<h3 id=\"past-lectures-in-this-series\" class=\"wp-block-heading has-text-align-center\">Past Lectures in This Series<\/h3>\n\n\n\n<p><strong class=\"myprefix-text-bold\">Session 1: October 21, 7pm \u2013 Virtual<br>Title: <a href=\"https:\/\/youtu.be\/W3L0WKXpwI8?si=yuuBWgguBIf1TJ94\">Ingenium\u2019s Black and African Canadian Scientific and Technological Innovations Fellowship<\/a><\/strong><br><br>Ingenium oversees three national museums which include the <a href=\"https:\/\/ingeniumcanada.org\/agriculture\" target=\"_blank\" rel=\"noreferrer noopener\">Canada Agriculture and Food Museum<\/a>, the <a href=\"https:\/\/ingeniumcanada.org\/aviation\" target=\"_blank\" rel=\"noreferrer noopener\">Canada Aviation and Space Museum<\/a>, and the <a href=\"https:\/\/ingeniumcanada.org\/scitech\" target=\"_blank\" rel=\"noreferrer noopener\">Canada Science and Technology Museum<\/a>. Ingenium is responsible for Canada\u2019s national scientific and technological collection which includes over two million archival items and more than 150,000 artifacts. The Black and African Canadian Scientific and Technological Innovations Fellowship is an opportunity for current graduate students from Canadian universities to research the historical and\/or contemporary connections between Black and African Canadians and science and innovation. The inaugural fellows are Mila Mendez (they\/them), a doctoral student at York University and Samia Dumais (she\/her) a doctoral student at Concordia University.<br><br>Mila Mendez will speak on their experience and research as a fellow in the Black and African Canadian Scientific and Technological Innovations fellowship at Ingenium Centre, exploring Black agriculture in 19th century Southwestern Ontario. Through the application of such Black Studies and Black feminist offerings as \u201ccritical fabulation,\u201d \u201cwake work\u201d and \u201cfreedom dreams,\u201d this research suggests four curatorial reflections for engaging with artifacts and archives in the Ingenium Centre collections in order to tell stories of early independent Black farming. These include: on land clearance and printing, on innovative labour vs. innovative tools, on care in presentation, and on uplifting freedom dreams over failed initiatives.<br><br>Samia Dumais\u2019s talk engages with the CN Images of Canada Collection, archived at Ingenium, which is one of the most comprehensive collections of photos of Black railway workers. Black porters can be seen completing various tasks related to their work, like assisting customers, taking care of passenger\u2019s children, polishing shoes, and preparing the beds. However, these staged pictures are not representative of the work conditions or societal experiences of Black porters in the early 20th century. Through an assessment of the Canadian National Railways Magazine and Spanner, the two periodicals respectively published by the Canadian National Railway and the Canadian Pacific Railway, this presentation seeks to note the dichotomies between the pictorial representations of Black railway workers and more largely, Black communities within the periodicals. This presentation will demonstrate that it is possible to create a counter-narrative highlighting the multiple realizations of Black workers and communities on the railway with the use of oral histories, documentaries, and autobiographies.<br><br><strong>Biography:<\/strong><\/p>\n\n\n\n<figure class=\"wp-block-image alignleft size-thumbnail\"><img loading=\"lazy\" decoding=\"async\" width=\"320\" height=\"427\" src=\"https:\/\/carleton.ca\/history\/wp-content\/uploads\/sites\/71\/2025\/01\/Mila-Natasha-Mendez-360x480-1-320x427.jpg\" alt=\"Mila Mendez\" class=\"wp-image-25629\" style=\"aspect-ratio:1;object-fit:cover\" srcset=\"https:\/\/carleton.ca\/history\/wp-content\/uploads\/sites\/71\/2025\/01\/Mila-Natasha-Mendez-360x480-1-320x427.jpg 320w, https:\/\/carleton.ca\/history\/wp-content\/uploads\/sites\/71\/2025\/01\/Mila-Natasha-Mendez-360x480-1.jpg 360w\" sizes=\"auto, (max-width: 320px) 100vw, 320px\" \/><\/figure>\n\n\n\n<p><strong>Mila Mendez<\/strong>&nbsp;(they\/them) is a parent, cultural worker and educator committed to transformative relationships, spaces and ideas. They find joy and grounding in the capaciousness of Black feminisms to show us what care can do. As a doctoral candidate in Gender, Feminist and Women\u2019s Studies at York University, Mila\u2019s current research is curious about Black queer and trans feminist cultural production in relation to and beyond the forces of colonialism, racial capitalism and cisheteropatriarchy. Mila has been working to cultivate a careful and caring practice of the labour that is envisioning and administrating at the intersection of art, politics, and education. They currently do this work in Tkaronto.<\/p>\n\n\n\n<figure class=\"wp-block-image alignleft size-thumbnail\"><img loading=\"lazy\" decoding=\"async\" width=\"320\" height=\"320\" src=\"https:\/\/carleton.ca\/history\/wp-content\/uploads\/sites\/71\/2025\/01\/Samia-Dumais-360x360-1-320x320.jpeg\" alt=\"Samia Dumais\" class=\"wp-image-25628\" style=\"aspect-ratio:1;object-fit:cover\" srcset=\"https:\/\/carleton.ca\/history\/wp-content\/uploads\/sites\/71\/2025\/01\/Samia-Dumais-360x360-1-320x320.jpeg 320w, https:\/\/carleton.ca\/history\/wp-content\/uploads\/sites\/71\/2025\/01\/Samia-Dumais-360x360-1-200x200.jpeg 200w, https:\/\/carleton.ca\/history\/wp-content\/uploads\/sites\/71\/2025\/01\/Samia-Dumais-360x360-1-300x300.jpeg 300w, https:\/\/carleton.ca\/history\/wp-content\/uploads\/sites\/71\/2025\/01\/Samia-Dumais-360x360-1.jpeg 360w\" sizes=\"auto, (max-width: 320px) 100vw, 320px\" \/><\/figure>\n\n\n\n<p><br><strong><a href=\"https:\/\/carleton.ca\/history\/news\/shannon-lectures-2024-2025\/samia-dumais\/\"><\/a>Samia Dumais<\/strong>&nbsp;is a doctoral student in history at Concordia University. Her research focuses on African-Canadian history in the second half of the twentieth century, and on the contemporary experiences of Afro-descendant and immigrant communities within Quebec and Canadian educational structures. A member of the editorial board of HistoireEngag\u00e9e.ca magazine, Samia Dumais has worked on a variety of research projects in Ontario and Quebec. She is currently the archivist for the community organization Harambec.<br><\/p>\n\n\n\n<p class=\"has-text-align-left\"><br><br><strong class=\"myprefix-text-bold\"><strong>Session 2: November 13, 7pm, Dominion-Chalmers Centre<\/strong><br><strong>Title:\u00a0<\/strong><a href=\"https:\/\/youtu.be\/yYQFojzvd3Y?si=MGzfwr07kewvRkpM\">Race, Afrofuturism, and the Digital Divide: Exploring the Tense of Black Technoculture through Art, Dance, and Literature<\/a><\/strong><strong><br><\/strong><br><strong>Description:\u00a0<\/strong>In his book, <em class=\"myprefix-text-italic\">In the Black Fantastic<\/em> (2022) Ekow Eshun describes the Black fantastic as \u201clenre or a movement than a way of seeing.\u201d In 1993, Mark Dery defined \u201cAfrofuturism\u201d as addressing Blackness in twentieth-century technoculture. In 2017, Tina Campt asked, \u201cWhat is the tense of a Black future?\u201d This talk examines how these perspectives \u2013 identifiable in art, dance, and literature \u2013 point to a Black technoculture and to challenging the digital divide.<\/p>\n\n\n\n<figure class=\"wp-block-image alignleft size-thumbnail\"><img loading=\"lazy\" decoding=\"async\" width=\"320\" height=\"213\" src=\"https:\/\/carleton.ca\/history\/wp-content\/uploads\/sites\/71\/2025\/01\/Cheryl-Thompson-360x240-1-320x213.jpg\" alt=\"Dr. Cheryl Thompson\" class=\"wp-image-25627\" srcset=\"https:\/\/carleton.ca\/history\/wp-content\/uploads\/sites\/71\/2025\/01\/Cheryl-Thompson-360x240-1-320x213.jpg 320w, https:\/\/carleton.ca\/history\/wp-content\/uploads\/sites\/71\/2025\/01\/Cheryl-Thompson-360x240-1-300x200.jpg 300w, https:\/\/carleton.ca\/history\/wp-content\/uploads\/sites\/71\/2025\/01\/Cheryl-Thompson-360x240-1.jpg 360w\" sizes=\"auto, (max-width: 320px) 100vw, 320px\" \/><\/figure>\n\n\n\n<p class=\"has-text-align-left\"><strong>Biography:\u00a0<\/strong>Cheryl Thompson is an Associate Professor in Performance at The Creative School, Toronto Metropolitan University where she teaches performance history courses. She is the author of <em class=\"myprefix-text-italic\">Uncle: Race, Nostalgia, and the Politics of Loyalty<\/em> (2021) and <em class=\"myprefix-text-italic\">Beauty in a Box: Detangling the Roots of Canada\u2019s Black Beauty Culture<\/em> (2019). Dr. Thompson has published in the Canadian Theatre Review, Canadian Journal of Communication, and Canadian Journal of History, and many more. Her third book, <em class=\"myprefix-text-italic\">Canada and the Blackface Atlantic: Performing Slavery, Conflict, and Freedom, 1812-1897<\/em>, will be published with Wilfrid Laurier Press in 2025.<br><br><\/p>\n\n\n\n<p class=\"has-text-align-left\"><strong class=\"myprefix-text-bold\"><strong>Session 3: December 9, 7pm, Dominion-Chalmers Centre<\/strong><br><strong>Title:<\/strong>\u00a0<a href=\"https:\/\/youtu.be\/FVoPyiVN7wM?si=nXcHICNkzxNZVJgN\">Em(Body)ing Paradoxes: The Enduring Power of Pseudo-Science and the Myth of the \u201cNatural\u201d Black Athlete<\/a><\/strong><\/p>\n\n\n\n<figure class=\"wp-block-image alignleft size-full is-resized\"><img loading=\"lazy\" decoding=\"async\" width=\"274\" height=\"274\" src=\"https:\/\/carleton.ca\/history\/wp-content\/uploads\/sites\/71\/2025\/01\/Ornella.png\" alt=\"Dr. Ornella Nzindukiyimana\" class=\"wp-image-25626\" style=\"object-fit:contain;width:300px;height:300px\" srcset=\"https:\/\/carleton.ca\/history\/wp-content\/uploads\/sites\/71\/2025\/01\/Ornella.png 274w, https:\/\/carleton.ca\/history\/wp-content\/uploads\/sites\/71\/2025\/01\/Ornella-200x200.png 200w\" sizes=\"auto, (max-width: 274px) 100vw, 274px\" \/><\/figure>\n\n\n\n<p><strong>Description:&nbsp;<\/strong>The study of sporting bodies\u2014like sport itself\u2014are products of Western modernity. The larger-than-life figure of the Black athlete emerged at the turn of the 20th century alongside White European \u2018sciences\u2019 of human performance. Ensuing racist tales and fables of Black \u2018natural\u2019 physicality still permeate popular consciousness. In this talk, I map how such fantastical readings, legitimized by science and the White gaze, entrench a denial of Black self-determination, while inspiring a counternarrative Black imagination and mythologies.<\/p>\n\n\n\n<p><br><strong><a href=\"https:\/\/carleton.ca\/history\/news\/shannon-lectures-2024-2025\/ornella\/\"><\/a>Biography:&nbsp;<\/strong>Born in Kigali, Rwanda, Dr. Ornella Nzindukiyimana (pronounced nzee-ndoo-key-yee-mah-nah) arrived in Ottawa, Canada at twelve years old. An avid soccer fan, she went on to pursue a Human Kinetics degree at the University of Ottawa (2011). In the last senior BSc year, she developed an interest in research after completing an honours project on Ottawa\u2019s public baths in the early 20th century. The rest was history\u2014sport history. She went on to complete an MA at Ottawa in 2013 (on Black Canadian history of swimming) and then a PhD at Western University in London, ON in 2018 (on Black women\u2019s sport history in Ontario). Her work has appeared in forums such as Sport History Review, Loisir et Soci\u00e9t\u00e9 \/Society &amp; Leisure, the Journal of Canadian Studies, and The International Journal of the History of Sport, and she has presented at multiple national and international conferences. She currently teaches sport history and sociology courses.<\/p>\n\n\n\n<p><\/p>\n\n\n\n<p class=\"has-text-align-center\"><\/p>\n\n\n\n<figure class=\"wp-block-image alignleft size-full\"><img loading=\"lazy\" decoding=\"async\" width=\"300\" height=\"294\" src=\"https:\/\/carleton.ca\/history\/wp-content\/uploads\/sites\/71\/2025\/01\/Dorothy-Williams.jpg\" alt=\"Dr. Dorothy Williams\" class=\"wp-image-25625\" \/><\/figure>\n\n\n\n<p><strong class=\"myprefix-text-bold\">Session 4: January 13, 7pm, Dominion-Chalmers Centre<\/strong><br><strong>Title:\u00a0<\/strong><a href=\"https:\/\/youtu.be\/9aCQQjAuXy0?si=gkM7iQ46jkX51owm\">Free Lance: The First Black newspaper in Montreal<\/a><br><\/p>\n\n\n\n<p><strong>Biography:\u00a0<\/strong>Dorothy Williams, Ph.D., is a historian who specializes in Black Canadian history. She has authored three books, and has contributed to other scholarly and academic publications. Her first book was Blacks in Montreal: 1628-1986 An Urban Demography, was written at the behest of the Quebec Human Rights Commission, in 1989, during their study of racism in Montreal\u2019s housing market. Her second work published in 1997, The Road to Now: A History of Blacks in Montreal, remains the only chronological study of Blacks on the island of Montreal. Her most recent book in 1998, Les Noirs \u00e0 Montr\u00e9al, Essai de d\u00e9mographie urbaine, was a translation of Blacks in Montreal. While studying for her Ph.D., she contributed chapters on Black Canadian print culture, for two volumes of The History of the Book in Canada, (University of Toronto, 2005, 2007). Her thesis, \u201cSankofa: Recovering Montreal\u2019s Heterogeneous Black Print Serials\u201d, (McGill University, 2006) focused specifically on the range of Black print culture in Montreal. In addition, she has penned popular articles in magazines and newspapers.<\/p>\n","protected":false},"excerpt":{"rendered":"<p>Shannon Lecture Series Overview, Fall 2024\/Winter 2025 Convenor: Alexa Lepera, Assistant Curator, Domestic Environments and Social Diversity, Ingenium Description:&nbsp;In partnership with Ingenium \u2013 Canada\u2019s Museums of Science and Innovation, this year\u2019s edition of the Shannon Lecture Series is titled \u201cBlack Histories and Futures of Science and Technology.\u201d The series offers critical insight into anti-Black racisms\u2019 [&hellip;]<\/p>\n","protected":false},"author":34,"featured_media":0,"parent":0,"menu_order":0,"comment_status":"closed","ping_status":"closed","template":"","meta":{"_acf_changed":false,"_cu_dining_location_slug":"","footnotes":"","_links_to":"","_links_to_target":""},"cu_page_type":[303],"class_list":["post-25616","page","type-page","status-publish","hentry","cu_page_type-general"],"acf":{"cu_post_thumbnail":""},"_links":{"self":[{"href":"https:\/\/carleton.ca\/history\/wp-json\/wp\/v2\/pages\/25616","targetHints":{"allow":["GET"]}}],"collection":[{"href":"https:\/\/carleton.ca\/history\/wp-json\/wp\/v2\/pages"}],"about":[{"href":"https:\/\/carleton.ca\/history\/wp-json\/wp\/v2\/types\/page"}],"author":[{"embeddable":true,"href":"https:\/\/carleton.ca\/history\/wp-json\/wp\/v2\/users\/34"}],"replies":[{"embeddable":true,"href":"https:\/\/carleton.ca\/history\/wp-json\/wp\/v2\/comments?post=25616"}],"version-history":[{"count":4,"href":"https:\/\/carleton.ca\/history\/wp-json\/wp\/v2\/pages\/25616\/revisions"}],"predecessor-version":[{"id":26777,"href":"https:\/\/carleton.ca\/history\/wp-json\/wp\/v2\/pages\/25616\/revisions\/26777"}],"wp:attachment":[{"href":"https:\/\/carleton.ca\/history\/wp-json\/wp\/v2\/media?parent=25616"}],"wp:term":[{"taxonomy":"cu_page_type","embeddable":true,"href":"https:\/\/carleton.ca\/history\/wp-json\/wp\/v2\/cu_page_type?post=25616"}],"curies":[{"name":"wp","href":"https:\/\/api.w.org\/{rel}","templated":true}]}}