{"id":1009,"date":"2022-06-06T11:42:38","date_gmt":"2022-06-06T15:42:38","guid":{"rendered":"https:\/\/carleton.ca\/indigenous\/?page_id=1009"},"modified":"2022-07-28T13:50:11","modified_gmt":"2022-07-28T17:50:11","slug":"news","status":"publish","type":"page","link":"https:\/\/carleton.ca\/indigenous\/news\/","title":{"rendered":"News"},"content":{"rendered":"<section class=\"content-wrapper content-wrapper--shortcode\"><div class=\"u-post-reload\"><div class=\"news news--home u-width-limited\"><a class=\"news__link  news__link--home news__link--with-image\" href=\"https:\/\/carleton.ca\/indigenous\/2026\/round-dance-brings-carleton-community-together-in-winter-celebration\/\"><img class=\"news__image\" src=\"https:\/\/carleton.ca\/indigenous\/wp-content\/uploads\/0H3A2835-copy_websize-1-300x230.jpg\" srcset=\"\" sizes=\"(max-width: 50em) 87vw, 680px\" alt=\"A thumbnail image to accompany the post\"><p class=\"news__date news__date--archive\">Wednesday, April 8, 2026<\/p><h3 class=\"news__heading u-hide-in-toc news__heading--archive\" rel=\"bookmark\">Round Dance Brings Carleton Community Together in Winter Celebration<\/h3><p class=\"news__excerpt news__excerpt--archive\">A winter gathering took shape at Carleton University on Feb. 21 as students, faculty, staff and community members came together for a Round Dance, a First Nations ceremony... <span class=\"news__more-link\">More<\/span><\/p><\/a><\/div><div class=\"news news--home u-width-limited\"><a class=\"news__link  news__link--home news__link--with-image\" href=\"https:\/\/carleton.ca\/sjc\/2026\/students-in-carletons-new-indigenous-journalism-certificate-demonstrate-their-storytelling-superpowers\/\"><img class=\"news__image\" src=\"https:\/\/carleton.ca\/indigenous\/wp-content\/uploads\/Indigenous-1.jpeg\" srcset=\"https:\/\/carleton.ca\/indigenous\/wp-content\/uploads\/Indigenous-1.jpeg 300w, https:\/\/carleton.ca\/indigenous\/wp-content\/uploads\/Indigenous-1-240x184.jpeg 240w, https:\/\/carleton.ca\/indigenous\/wp-content\/uploads\/Indigenous-1-160x123.jpeg 160w\" sizes=\"(max-width: 50em) 87vw, 680px\" alt=\"A thumbnail image to accompany the post\"><p class=\"news__date news__date--archive\">Wednesday, February 25, 2026<\/p><h3 class=\"news__heading u-hide-in-toc news__heading--archive\" rel=\"bookmark\">Students in Carleton\u2019s new Indigenous journalism certificate demonstrate their storytelling superpowers<\/h3><p class=\"news__excerpt news__excerpt--archive\">A truly remarkable moment in the history of Carleton\u2019s journalism program unfolded last week during an in-person intensive course on... <span class=\"news__more-link\">More<\/span><\/p><\/a><\/div><div class=\"news news--home u-width-limited\"><a class=\"news__link  news__link--home news__link--with-image\" href=\"https:\/\/carleton.ca\/indigenous\/2026\/introducing-the-kitcikisik-great-sky-indigenous-star-knowledge-bundle\/\"><img class=\"news__image\" src=\"https:\/\/carleton.ca\/indigenous\/wp-content\/uploads\/bundle-300x230.jpg\" srcset=\"\" sizes=\"(max-width: 50em) 87vw, 680px\" alt=\"A thumbnail image to accompany the post\"><p class=\"news__date news__date--archive\">Monday, January 26, 2026<\/p><h3 class=\"news__heading u-hide-in-toc news__heading--archive\" rel=\"bookmark\">Introducing the Kitcikisik (Great Sky): Indigenous Star Knowledge Bundle<\/h3><p class=\"news__excerpt news__excerpt--archive\">The Kitcikisik (Great Sky): Indigenous Star Knowledge Bundle explores Indigenous perspectives on astronomy, star energy and the cosmos. Featuring two Knowledge Keepers, it... <span class=\"news__more-link\">More<\/span><\/p><\/a><\/div><div class=\"news news--home u-width-limited\"><a class=\"news__link  news__link--home news__link--with-image\" href=\"https:\/\/carleton.ca\/indigenous\/2026\/remembering-madeleine-keteskwew-dion-stout\/\"><img class=\"news__image\" src=\"https:\/\/carleton.ca\/indigenous\/wp-content\/uploads\/Madelaine-1-300x230.png\" srcset=\"\" sizes=\"(max-width: 50em) 87vw, 680px\" alt=\"A thumbnail image to accompany the post\"><p class=\"news__date news__date--archive\">Wednesday, January 14, 2026<\/p><h3 class=\"news__heading u-hide-in-toc news__heading--archive\" rel=\"bookmark\">Remembering Madeleine K\u00e9t\u00e9skw\u0113w Dion Stout<\/h3><p class=\"news__excerpt news__excerpt--archive\">Madeleine K\u00e9t\u00e9skw\u0113w Dion Stout\u2019s passing invites us to honour her extraordinary life and legacy. A Nehiyaw\/Cree nurse, scholar and Indspire Laureate, she transformed Indigenous health across Turtle Island. At Carleton,... <span class=\"news__more-link\">More<\/span><\/p><\/a><\/div><div class=\"news news--home u-width-limited\"><a class=\"news__link  news__link--home news__link--with-image\" href=\"https:\/\/carleton.ca\/provost\/2025\/carletons-ojigijowewin-symposium-explores-indigenous-laws-of-the-land-as-tools-against-indigenous-identity-fraud\/\"><img class=\"news__image\" src=\"https:\/\/carleton.ca\/indigenous\/wp-content\/uploads\/image-300x230.png\" srcset=\"\" sizes=\"(max-width: 50em) 87vw, 680px\" alt=\"A thumbnail image to accompany the post\"><p class=\"news__date news__date--archive\">Wednesday, December 10, 2025<\/p><h3 class=\"news__heading u-hide-in-toc news__heading--archive\" rel=\"bookmark\">Carleton\u2019s Ojig\u00ecjowewin Symposium Explores How Indigenous Laws of the Land Can Address Indigenous Identity Fraud Concerns<\/h3><p class=\"news__excerpt news__excerpt--archive\">The Ojig\u00ecjowewin Legal Symposium held October 21\u201323 at Carleton University, brought together both... <span class=\"news__more-link\">More<\/span><\/p><\/a><\/div><div class=\"news news--home u-width-limited\"><a class=\"news__link  news__link--home news__link--with-image\" href=\"https:\/\/carleton.ca\/news\/story\/transforming-justice-system-indigenous-communities\/\"><img class=\"news__image\" src=\"https:\/\/carleton.ca\/indigenous\/wp-content\/uploads\/transforming-the-justice-1200x800-4-300x230.jpg\" srcset=\"\" sizes=\"(max-width: 50em) 87vw, 680px\" alt=\"A thumbnail image to accompany the post\"><p class=\"news__date news__date--archive\">Tuesday, December 9, 2025<\/p><h3 class=\"news__heading u-hide-in-toc news__heading--archive\" rel=\"bookmark\">Transforming the Justice System in Indigenous Communities<\/h3><p class=\"news__excerpt news__excerpt--archive\">Three times a year, a temporary courtroom is set up in the community centre in Kawawachikamach, a Naskapi Nation community more than 500 kilometres north of Sept-Iles,... <span class=\"news__more-link\">More<\/span><\/p><\/a><\/div><div class=\"news news--home u-width-limited\"><a class=\"news__link  news__link--home news__link--with-image\" href=\"https:\/\/carleton.ca\/fpga\/2025\/approaching-journalism-from-an-indigenous-perspective\/\"><img class=\"news__image\" src=\"https:\/\/carleton.ca\/indigenous\/wp-content\/uploads\/Indigenous-300x230.jpeg\" srcset=\"\" sizes=\"(max-width: 50em) 87vw, 680px\" alt=\"A thumbnail image to accompany the post\"><p class=\"news__date news__date--archive\">Friday, October 31, 2025<\/p><h3 class=\"news__heading u-hide-in-toc news__heading--archive\" rel=\"bookmark\">Approaching Journalism from an Indigenous Perspective<\/h3><p class=\"news__excerpt news__excerpt--archive\">The first day of Carleton\u2019s journalism program for Indigenous students began at 6:30 a.m. around a campfire on Manitoulin Island on Lake... <span class=\"news__more-link\">More<\/span><\/p><\/a><\/div><div class=\"news news--home u-width-limited\"><a class=\"news__link  news__link--home news__link--with-image\" href=\"https:\/\/carleton.ca\/socanth\/2025\/sociology-and-anthropology-instructor-designs-indigenous-public-art-on-carleton-campus\/\"><img class=\"news__image\" src=\"https:\/\/carleton.ca\/indigenous\/wp-content\/uploads\/Simon-wayfinding-wheel-1-300x230.jpg\" srcset=\"\" sizes=\"(max-width: 50em) 87vw, 680px\" alt=\"A thumbnail image to accompany the post\"><p class=\"news__date news__date--archive\">Thursday, October 16, 2025<\/p><h3 class=\"news__heading u-hide-in-toc news__heading--archive\" rel=\"bookmark\">Sociology and Anthropology Instructor Designs Indigenous Public Art on Carleton Campus<\/h3><p class=\"news__excerpt news__excerpt--archive\">Have you seen the newly installed Algonquin Wayfinding Wheel at Campus Ave side of Carleton\u2019s OCTranspo train station? It was designed by... <span class=\"news__more-link\">More<\/span><\/p><\/a><\/div><div class=\"news news--home u-width-limited\"><a class=\"news__link  news__link--home news__link--with-image\" href=\"https:\/\/charlatan.ca\/seeing-ourselves-film-exhibit-carleton\/\"><img class=\"news__image\" src=\"https:\/\/carleton.ca\/indigenous\/wp-content\/uploads\/Seeing-ourselves-300x230.jpg\" srcset=\"\" sizes=\"(max-width: 50em) 87vw, 680px\" alt=\"A thumbnail image to accompany the post\"><p class=\"news__date news__date--archive\">Thursday, October 9, 2025<\/p><h3 class=\"news__heading u-hide-in-toc news__heading--archive\" rel=\"bookmark\">\u2018A lot of soul\u2019: \u2018Seeing Ourselves\u2019 film exhibit brings \u2018narrative sovereignty\u2019 to Carleton<\/h3><p class=\"news__excerpt news__excerpt--archive\">The short-film program showcased live-action, animation, fictional and documentary filmmaking with differing... <span class=\"news__more-link\">More<\/span><\/p><\/a><\/div><div class=\"news news--home u-width-limited\"><a class=\"news__link  news__link--home news__link--with-image\" href=\"https:\/\/carleton.ca\/indigenous\/avpii\/land-as-relation\/\"><img class=\"news__image\" src=\"https:\/\/carleton.ca\/indigenous\/wp-content\/uploads\/processed-1BC285F0-BD58-4031-87CF-6725BE0D83B1-768x576-1-300x230.jpeg\" srcset=\"\" sizes=\"(max-width: 50em) 87vw, 680px\" alt=\"A thumbnail image to accompany the post\"><p class=\"news__date news__date--archive\">Thursday, October 9, 2025<\/p><h3 class=\"news__heading u-hide-in-toc news__heading--archive\" rel=\"bookmark\">Study in Peru! INDG 4905: Land As Relation \u2013 Call for Applications<\/h3><p class=\"news__excerpt news__excerpt--archive\">Calling all undergrads \u2013 apply for\u00a0INDG 4905: Land As Relation, an immersive course that explores Indigenous perspectives through discussions, readings, community engagement,... <span class=\"news__more-link\">More<\/span><\/p><\/a><\/div><div class=\"news news--home u-width-limited\"><a class=\"news__link  news__link--home news__link--with-image\" href=\"https:\/\/carleton.ca\/fass\/story\/seeing-ourselves-indigenous-stories-in-focus\/\"><img class=\"news__image\" src=\"https:\/\/carleton.ca\/indigenous\/wp-content\/uploads\/header-film-inst-2048x1152-1-300x230.jpg\" srcset=\"\" sizes=\"(max-width: 50em) 87vw, 680px\" alt=\"A thumbnail image to accompany the post\"><p class=\"news__date news__date--archive\">Monday, October 6, 2025<\/p><h3 class=\"news__heading u-hide-in-toc news__heading--archive\" rel=\"bookmark\">Seeing Ourselves: Indigenous Stories in Focus<\/h3><p class=\"news__excerpt news__excerpt--archive\">This unique media-curation experience, supported through SSHRC funding secured by Dr. Kester Dyer (Associate Professor, Film Studies), as well as financial and in-kind contributions from the School for Studies in Arts and... <span class=\"news__more-link\">More<\/span><\/p><\/a><\/div><div class=\"news news--home u-width-limited\"><a class=\"news__link  news__link--home news__link--with-image\" href=\"https:\/\/sprott.carleton.ca\/2025\/to-keep-the-fire-burning\/\"><img class=\"news__image\" src=\"https:\/\/carleton.ca\/indigenous\/wp-content\/uploads\/Kwan-300x230.jpg\" srcset=\"\" sizes=\"(max-width: 50em) 87vw, 680px\" alt=\"A thumbnail image to accompany the post\"><p class=\"news__date news__date--archive\">Tuesday, September 30, 2025<\/p><h3 class=\"news__heading u-hide-in-toc news__heading--archive\" rel=\"bookmark\">To Keep the Fire Burning<\/h3><p class=\"news__excerpt news__excerpt--archive\">Collaborative Initiative Aims to Preserve the Cultural and Linguistic Heritage of the First Nation of Na-Cho Ny\u00e4k Dun through AI and Immersive... <span class=\"news__more-link\">More<\/span><\/p><\/a><\/div><\/div><div class=\"button button--news button--more\"><a class=\"load-more button__red button__red--outline\"\n\t\t\t\tdata-numposts=\"12\"\n\t\t\t\tdata-offset=\"12\"\n\t\t\t\tdata-selector=\"blog\" data-catid=\"1\"\n\t\t\t\tdata-nonce=\"7029384399\"\n\t\t\t\tdata-thumbnail=\"true\">Load More &rarr;<\/a><\/div><\/section>\n","protected":false},"excerpt":{"rendered":"","protected":false},"author":11,"featured_media":0,"parent":0,"menu_order":0,"comment_status":"closed","ping_status":"closed","template":"","meta":{"_relevanssi_hide_post":"","_relevanssi_hide_content":"","_relevanssi_pin_for_all":"","_relevanssi_pin_keywords":"","_relevanssi_unpin_keywords":"","_relevanssi_related_keywords":"","_relevanssi_related_include_ids":"","_relevanssi_related_exclude_ids":"","_relevanssi_related_no_append":"","_relevanssi_related_not_related":"","_relevanssi_related_posts":"","_relevanssi_noindex_reason":"","_mi_skip_tracking":false,"_exactmetrics_sitenote_active":false,"_exactmetrics_sitenote_note":"","_exactmetrics_sitenote_category":0,"footnotes":"","_links_to":"","_links_to_target":""},"yoast_head":"<!-- This site is optimized with the Yoast SEO plugin v21.2 - https:\/\/yoast.com\/wordpress\/plugins\/seo\/ -->\n<title>News - Indigenous Gathering Site<\/title>\n<meta name=\"robots\" content=\"index, follow, max-snippet:-1, max-image-preview:large, max-video-preview:-1\" \/>\n<link rel=\"canonical\" href=\"https:\/\/carleton.ca\/indigenous\/news\/\" \/>\n<script type=\"application\/ld+json\" class=\"yoast-schema-graph\">{\"@context\":\"https:\/\/schema.org\",\"@graph\":[{\"@type\":\"WebPage\",\"@id\":\"https:\/\/carleton.ca\/indigenous\/news\/\",\"url\":\"https:\/\/carleton.ca\/indigenous\/news\/\",\"name\":\"News - Indigenous Gathering Site\",\"isPartOf\":{\"@id\":\"https:\/\/carleton.ca\/indigenous\/#website\"},\"datePublished\":\"2022-06-06T15:42:38+00:00\",\"dateModified\":\"2022-07-28T17:50:11+00:00\",\"breadcrumb\":{\"@id\":\"https:\/\/carleton.ca\/indigenous\/news\/#breadcrumb\"},\"inLanguage\":\"en-US\",\"potentialAction\":[{\"@type\":\"ReadAction\",\"target\":[\"https:\/\/carleton.ca\/indigenous\/news\/\"]}]},{\"@type\":\"BreadcrumbList\",\"@id\":\"https:\/\/carleton.ca\/indigenous\/news\/#breadcrumb\",\"itemListElement\":[{\"@type\":\"ListItem\",\"position\":1,\"name\":\"Home\",\"item\":\"https:\/\/carleton.ca\/indigenous\/\"},{\"@type\":\"ListItem\",\"position\":2,\"name\":\"News\"}]},{\"@type\":\"WebSite\",\"@id\":\"https:\/\/carleton.ca\/indigenous\/#website\",\"url\":\"https:\/\/carleton.ca\/indigenous\/\",\"name\":\"Indigenous Gathering Site\",\"description\":\"Carleton University\",\"potentialAction\":[{\"@type\":\"SearchAction\",\"target\":{\"@type\":\"EntryPoint\",\"urlTemplate\":\"https:\/\/carleton.ca\/indigenous\/?s={search_term_string}\"},\"query-input\":\"required name=search_term_string\"}],\"inLanguage\":\"en-US\"}]}<\/script>\n<!-- \/ Yoast SEO plugin. -->","yoast_head_json":{"title":"News - Indigenous Gathering Site","robots":{"index":"index","follow":"follow","max-snippet":"max-snippet:-1","max-image-preview":"max-image-preview:large","max-video-preview":"max-video-preview:-1"},"canonical":"https:\/\/carleton.ca\/indigenous\/news\/","schema":{"@context":"https:\/\/schema.org","@graph":[{"@type":"WebPage","@id":"https:\/\/carleton.ca\/indigenous\/news\/","url":"https:\/\/carleton.ca\/indigenous\/news\/","name":"News - Indigenous Gathering Site","isPartOf":{"@id":"https:\/\/carleton.ca\/indigenous\/#website"},"datePublished":"2022-06-06T15:42:38+00:00","dateModified":"2022-07-28T17:50:11+00:00","breadcrumb":{"@id":"https:\/\/carleton.ca\/indigenous\/news\/#breadcrumb"},"inLanguage":"en-US","potentialAction":[{"@type":"ReadAction","target":["https:\/\/carleton.ca\/indigenous\/news\/"]}]},{"@type":"BreadcrumbList","@id":"https:\/\/carleton.ca\/indigenous\/news\/#breadcrumb","itemListElement":[{"@type":"ListItem","position":1,"name":"Home","item":"https:\/\/carleton.ca\/indigenous\/"},{"@type":"ListItem","position":2,"name":"News"}]},{"@type":"WebSite","@id":"https:\/\/carleton.ca\/indigenous\/#website","url":"https:\/\/carleton.ca\/indigenous\/","name":"Indigenous Gathering Site","description":"Carleton University","potentialAction":[{"@type":"SearchAction","target":{"@type":"EntryPoint","urlTemplate":"https:\/\/carleton.ca\/indigenous\/?s={search_term_string}"},"query-input":"required name=search_term_string"}],"inLanguage":"en-US"}]}},"acf":{"banner_image_type":"upload","banner_button":"no","banner_uploaded_image":{"ID":493,"id":493,"title":"peer-header-3-1600w-1","filename":"peer-header-3-1600w-1.jpg","filesize":318709,"url":"https:\/\/carleton.ca\/indigenous\/wp-content\/uploads\/peer-header-3-1600w-1.jpg","link":"https:\/\/carleton.ca\/indigenous\/indigenous-peer-mentorship-program\/mentors\/peer-header-3-1600w-1\/","alt":"","author":"6","description":"","caption":"","name":"peer-header-3-1600w-1","status":"inherit","uploaded_to":457,"date":"2021-07-28 18:49:49","modified":"2021-07-28 18:49:49","menu_order":0,"mime_type":"image\/jpeg","type":"image","subtype":"jpeg","icon":"https:\/\/carleton.ca\/indigenous\/wp\/wp-includes\/images\/media\/default.png","width":1600,"height":700,"sizes":{"thumbnail":"https:\/\/carleton.ca\/indigenous\/wp-content\/uploads\/peer-header-3-1600w-1-160x70.jpg","thumbnail-width":160,"thumbnail-height":70,"medium":"https:\/\/carleton.ca\/indigenous\/wp-content\/uploads\/peer-header-3-1600w-1-240x105.jpg","medium-width":240,"medium-height":105,"medium_large":"https:\/\/carleton.ca\/indigenous\/wp-content\/uploads\/peer-header-3-1600w-1-768x336.jpg","medium_large-width":768,"medium_large-height":336,"large":"https:\/\/carleton.ca\/indigenous\/wp-content\/uploads\/peer-header-3-1600w-1-400x175.jpg","large-width":400,"large-height":175,"gallery-thumb":"https:\/\/carleton.ca\/indigenous\/wp-content\/uploads\/peer-header-3-1600w-1-300x230.jpg","gallery-thumb-width":300,"gallery-thumb-height":230,"1536x1536":"https:\/\/carleton.ca\/indigenous\/wp-content\/uploads\/peer-header-3-1600w-1-1536x672.jpg","1536x1536-width":1536,"1536x1536-height":672,"2048x2048":"https:\/\/carleton.ca\/indigenous\/wp-content\/uploads\/peer-header-3-1600w-1.jpg","2048x2048-width":1600,"2048x2048-height":700,"banner":"https:\/\/carleton.ca\/indigenous\/wp-content\/uploads\/peer-header-3-1600w-1.jpg","banner-width":1600,"banner-height":700,"people":"https:\/\/carleton.ca\/indigenous\/wp-content\/uploads\/peer-header-3-1600w-1-200x200.jpg","people-width":200,"people-height":200,"post-thumb":"https:\/\/carleton.ca\/indigenous\/wp-content\/uploads\/peer-header-3-1600w-1-300x230.jpg","post-thumb-width":300,"post-thumb-height":230,"rotator-image":"https:\/\/carleton.ca\/indigenous\/wp-content\/uploads\/peer-header-3-1600w-1-800x600.jpg","rotator-image-width":800,"rotator-image-height":600,"video-thumb":"https:\/\/carleton.ca\/indigenous\/wp-content\/uploads\/peer-header-3-1600w-1-360x158.jpg","video-thumb-width":360,"video-thumb-height":158}},"banner_opacity":"default"},"_links":{"self":[{"href":"https:\/\/carleton.ca\/indigenous\/wp-json\/wp\/v2\/pages\/1009"}],"collection":[{"href":"https:\/\/carleton.ca\/indigenous\/wp-json\/wp\/v2\/pages"}],"about":[{"href":"https:\/\/carleton.ca\/indigenous\/wp-json\/wp\/v2\/types\/page"}],"author":[{"embeddable":true,"href":"https:\/\/carleton.ca\/indigenous\/wp-json\/wp\/v2\/users\/11"}],"replies":[{"embeddable":true,"href":"https:\/\/carleton.ca\/indigenous\/wp-json\/wp\/v2\/comments?post=1009"}],"version-history":[{"count":3,"href":"https:\/\/carleton.ca\/indigenous\/wp-json\/wp\/v2\/pages\/1009\/revisions"}],"predecessor-version":[{"id":1083,"href":"https:\/\/carleton.ca\/indigenous\/wp-json\/wp\/v2\/pages\/1009\/revisions\/1083"}],"wp:attachment":[{"href":"https:\/\/carleton.ca\/indigenous\/wp-json\/wp\/v2\/media?parent=1009"}],"curies":[{"name":"wp","href":"https:\/\/api.w.org\/{rel}","templated":true}]}}