{"id":696,"date":"2020-02-07T12:16:15","date_gmt":"2020-02-07T17:16:15","guid":{"rendered":"https:\/\/carleton.ca\/lacs\/?post_type=cu_event&#038;p=696"},"modified":"2026-01-23T10:39:59","modified_gmt":"2026-01-23T15:39:59","slug":"human-rights-and-extractivism-in-chile-social-uprising-socio-ecological-crisis-and-perspectives","status":"publish","type":"cu_event","link":"https:\/\/carleton.ca\/lacs\/event\/human-rights-and-extractivism-in-chile-social-uprising-socio-ecological-crisis-and-perspectives\/","title":{"rendered":"HUMAN RIGHTS AND EXTRACTIVISM IN CHILE : SOCIAL UPRISING, SOCIO-ECOLOGICAL CRISIS, AND PERSPECTIVES"},"content":{"rendered":"<header class=\"mb-6 cu-pageheader cu-component-updated md:mb-12\">\n    <h1 class=\"cu-prose-first-last font-semibold !mt-2 mb-4 md:mb-6 text-3xl md:text-4xl lg:text-5xl lg:leading-[3.5rem] relative after:absolute after:h-px after:bottom-0 pb-5 after:w-10 after:bg-cu-red after:left-px\">\n        \n    <\/h1>\n    \n        <\/header>\n\n    \n    \n    \n    \n    <div class=\"cu-buttongroup cu-component-updated flex flex-wrap md:flex-1 gap-3 md:gap-5 justify-start\">\n                                                                        <\/div>\n    \n<figure class=\"wp-block-image\"><img loading=\"lazy\" decoding=\"async\" width=\"2048\" height=\"1140\" src=\"https:\/\/carleton.ca\/lacs\/wp-content\/uploads\/sites\/193\/HUMAN-RIGHTS-AND-EXTRACTIVISM-IN-CHILE.jpg\" alt=\"\" class=\"wp-image-697\" srcset=\"https:\/\/carleton.ca\/lacs\/wp-content\/uploads\/sites\/193\/HUMAN-RIGHTS-AND-EXTRACTIVISM-IN-CHILE.jpg 2048w, https:\/\/carleton.ca\/lacs\/wp-content\/uploads\/sites\/193\/HUMAN-RIGHTS-AND-EXTRACTIVISM-IN-CHILE-160x89.jpg 160w, https:\/\/carleton.ca\/lacs\/wp-content\/uploads\/sites\/193\/HUMAN-RIGHTS-AND-EXTRACTIVISM-IN-CHILE-240x134.jpg 240w, https:\/\/carleton.ca\/lacs\/wp-content\/uploads\/sites\/193\/HUMAN-RIGHTS-AND-EXTRACTIVISM-IN-CHILE-768x428.jpg 768w, https:\/\/carleton.ca\/lacs\/wp-content\/uploads\/sites\/193\/HUMAN-RIGHTS-AND-EXTRACTIVISM-IN-CHILE-400x223.jpg 400w, https:\/\/carleton.ca\/lacs\/wp-content\/uploads\/sites\/193\/HUMAN-RIGHTS-AND-EXTRACTIVISM-IN-CHILE-360x200.jpg 360w\" sizes=\"auto, (max-width: 2048px) 100vw, 2048px\" \/><\/figure>\n\n\n\n<p><\/p>\n\n\n\n<p><strong><span style=\"text-decoration: underline;\">Speakers\/pr\u00e9sentateurs:<\/span><\/strong><br>\nIsabel Orellana, Centre de recherche en \u00e9ducation et formation relatives \u00e0 l\u2019environnement et l\u2019\u00e9cocitoyennet\u00e9, UQAM;<br>\nMarie-Christine Doran, Observatoire violence, criminalisation et d\u00e9mocratie, Universit\u00e9 d\u2019Ottawa;<br>\nRicardo Penafiel, Groupe de recherche sur les imaginaires politiques en Am\u00e9rique latine, UQAM;<br>\nGonzalo Bustamante Rivera, Centre des droits humains, Universidad de la Frontera, Temuco, Chili;<br>\nKirsten Francescone, MiningWatch Canada<br>\nChairs\/animatrices: Joyce Portilla et Karine Vanthuyne, GRITE, uOttawa<\/p>\n\n\n\n<p><span style=\"text-decoration: underline;\"><strong>Description:<\/strong><\/span><br>\nFR \/\/ Du 18 au 27 janvier dernier, les professeur-e-s Marie-Christine Doran (uOttawa), Isabel Orellana (UQAM) et Ricardo Penafiel (UQAM) ont particip\u00e9 \u00e0 la \u00ab Mission canadienne d&#8217;observation des droits humains au Chili \u00bb, organis\u00e9e par un Collectif qu\u00e9b\u00e9cois de solidarit\u00e9 avec ce pays. Cette mission avait pour but de faire la lumi\u00e8re sur les violations de droits humains au Chili depuis les soul\u00e8vements populaires d\u2019octobre 2019, et d\u2019interpeller le gouvernement canadien \u00e0 briser le silence \u00e0 ce sujet.<\/p>\n\n\n\n<p>Apr\u00e8s les pr\u00e9sentations des professeur-e-s Orellana, Doran et Penafiel sur leurs observations sur le terrain, et celle du professeur Gonzalo Bustamante (Universidad Frontera, Chili) sur la situation du peuple Mapuche dans ce contexte, la coordonnatrice pour l\u2019Am\u00e9rique latine de MiningWatch Canada, Kirsten Francescone, commentera sur les liens possibles entre le silence du gouvernement canadien sur la situation au Chili et les investissements miniers et aquatique d\u2019origine canadienne -l\u2019eau ayant \u00e9t\u00e9 privatis\u00e9 au Chili.<\/p>\n\n\n\n<p>EN \/\/ On January 18- 27, professors Marie-Christine Doran (uOttawa) Isabel Orellana (UQAM) and Ricardo Penafiel (UQAM) participated in the \u201cCanadian Human Rights Observation Mission in Chile\u201d, organized by the Collectif qu\u00e9b\u00e9cois de solidarit\u00e9 with this country. The purpose of the mission was to shed light on human rights violations in Chile since the social uprisings of October 2019, and to call on the Canadian government to break the silence on this matter.<\/p>\n\n\n\n<p>After the presentations of Professors Orellana, Doran and Penafiel about their observations in the field, and that of Professor Gonzalo Bustamante (Universidad Frontera, Chile) on the situation of the Mapuche people in this context, the coordinator for Latin America of MiningWatch Canada, Kirsten Francescone, will comment on the possible links between the silence of the Canadian government on the situation in Chile and mining and water investments of Canadian origin &#8211; water having been privatized in Chile.<\/p>\n","protected":false},"author":2,"featured_media":0,"template":"","meta":{"_acf_changed":false,"footnotes":"","_links_to":"","_links_to_target":""},"cu_event_type":[28],"cu_event_audience":[],"class_list":["post-696","cu_event","type-cu_event","status-publish","hentry","cu_event_type-connected"],"acf":{"cu_event_start_date":"2020-02-11T17:00:00","cu_event_end_date":"2020-02-11T19:00:00","cu_event_location_type":"in-person","cu_event_meeting_address_type":"on-campus","cu_building":false,"cu_event_meeting_room":"","cu_event_meeting_address_full":null,"cu_event_virtual_type":"tbd","cu_event_virtual_meeting_link":"","cu_post_thumbnail":false,"cu_event_cost":"","cu_event_registration":"","cu_event_secondary_button":"","cu_event_contact_name":"","cu_event_email":"","cu_event_phone":""},"_links":{"self":[{"href":"https:\/\/carleton.ca\/lacs\/wp-json\/wp\/v2\/cu_event\/696","targetHints":{"allow":["GET"]}}],"collection":[{"href":"https:\/\/carleton.ca\/lacs\/wp-json\/wp\/v2\/cu_event"}],"about":[{"href":"https:\/\/carleton.ca\/lacs\/wp-json\/wp\/v2\/types\/cu_event"}],"author":[{"embeddable":true,"href":"https:\/\/carleton.ca\/lacs\/wp-json\/wp\/v2\/users\/2"}],"version-history":[{"count":1,"href":"https:\/\/carleton.ca\/lacs\/wp-json\/wp\/v2\/cu_event\/696\/revisions"}],"predecessor-version":[{"id":698,"href":"https:\/\/carleton.ca\/lacs\/wp-json\/wp\/v2\/cu_event\/696\/revisions\/698"}],"wp:attachment":[{"href":"https:\/\/carleton.ca\/lacs\/wp-json\/wp\/v2\/media?parent=696"}],"wp:term":[{"taxonomy":"cu_event_type","embeddable":true,"href":"https:\/\/carleton.ca\/lacs\/wp-json\/wp\/v2\/cu_event_type?post=696"},{"taxonomy":"cu_event_audience","embeddable":true,"href":"https:\/\/carleton.ca\/lacs\/wp-json\/wp\/v2\/cu_event_audience?post=696"}],"curies":[{"name":"wp","href":"https:\/\/api.w.org\/{rel}","templated":true}]}}

<header class="mb-6 cu-pageheader cu-component-updated md:mb-12">
    <h1 class="cu-prose-first-last font-semibold !mt-2 mb-4 md:mb-6 text-3xl md:text-4xl lg:text-5xl lg:leading-[3.5rem] relative after:absolute after:h-px after:bottom-0 pb-5 after:w-10 after:bg-cu-red after:left-px">
        
    </h1>
    
        </header>

    
    
    
    
    <div class="cu-buttongroup cu-component-updated flex flex-wrap md:flex-1 gap-3 md:gap-5 justify-start">
                                                                        </div>
    
<figure class="wp-block-image"><img loading="lazy" decoding="async" width="2048" height="1140" src="https://carleton.ca/lacs/wp-content/uploads/sites/193/HUMAN-RIGHTS-AND-EXTRACTIVISM-IN-CHILE.jpg" alt="" class="wp-image-697" srcset="https://carleton.ca/lacs/wp-content/uploads/sites/193/HUMAN-RIGHTS-AND-EXTRACTIVISM-IN-CHILE.jpg 2048w, https://carleton.ca/lacs/wp-content/uploads/sites/193/HUMAN-RIGHTS-AND-EXTRACTIVISM-IN-CHILE-160x89.jpg 160w, https://carleton.ca/lacs/wp-content/uploads/sites/193/HUMAN-RIGHTS-AND-EXTRACTIVISM-IN-CHILE-240x134.jpg 240w, https://carleton.ca/lacs/wp-content/uploads/sites/193/HUMAN-RIGHTS-AND-EXTRACTIVISM-IN-CHILE-768x428.jpg 768w, https://carleton.ca/lacs/wp-content/uploads/sites/193/HUMAN-RIGHTS-AND-EXTRACTIVISM-IN-CHILE-400x223.jpg 400w, https://carleton.ca/lacs/wp-content/uploads/sites/193/HUMAN-RIGHTS-AND-EXTRACTIVISM-IN-CHILE-360x200.jpg 360w" sizes="auto, (max-width: 2048px) 100vw, 2048px" /></figure>



<p></p>



<p><strong><span style="text-decoration: underline;">Speakers/présentateurs:</span></strong><br>
Isabel Orellana, Centre de recherche en éducation et formation relatives à l’environnement et l’écocitoyenneté, UQAM;<br>
Marie-Christine Doran, Observatoire violence, criminalisation et démocratie, Université d’Ottawa;<br>
Ricardo Penafiel, Groupe de recherche sur les imaginaires politiques en Amérique latine, UQAM;<br>
Gonzalo Bustamante Rivera, Centre des droits humains, Universidad de la Frontera, Temuco, Chili;<br>
Kirsten Francescone, MiningWatch Canada<br>
Chairs/animatrices: Joyce Portilla et Karine Vanthuyne, GRITE, uOttawa</p>



<p><span style="text-decoration: underline;"><strong>Description:</strong></span><br>
FR // Du 18 au 27 janvier dernier, les professeur-e-s Marie-Christine Doran (uOttawa), Isabel Orellana (UQAM) et Ricardo Penafiel (UQAM) ont participé à la « Mission canadienne d&#8217;observation des droits humains au Chili », organisée par un Collectif québécois de solidarité avec ce pays. Cette mission avait pour but de faire la lumière sur les violations de droits humains au Chili depuis les soulèvements populaires d’octobre 2019, et d’interpeller le gouvernement canadien à briser le silence à ce sujet.</p>



<p>Après les présentations des professeur-e-s Orellana, Doran et Penafiel sur leurs observations sur le terrain, et celle du professeur Gonzalo Bustamante (Universidad Frontera, Chili) sur la situation du peuple Mapuche dans ce contexte, la coordonnatrice pour l’Amérique latine de MiningWatch Canada, Kirsten Francescone, commentera sur les liens possibles entre le silence du gouvernement canadien sur la situation au Chili et les investissements miniers et aquatique d’origine canadienne -l’eau ayant été privatisé au Chili.</p>



<p>EN // On January 18- 27, professors Marie-Christine Doran (uOttawa) Isabel Orellana (UQAM) and Ricardo Penafiel (UQAM) participated in the “Canadian Human Rights Observation Mission in Chile”, organized by the Collectif québécois de solidarité with this country. The purpose of the mission was to shed light on human rights violations in Chile since the social uprisings of October 2019, and to call on the Canadian government to break the silence on this matter.</p>



<p>After the presentations of Professors Orellana, Doran and Penafiel about their observations in the field, and that of Professor Gonzalo Bustamante (Universidad Frontera, Chile) on the situation of the Mapuche people in this context, the coordinator for Latin America of MiningWatch Canada, Kirsten Francescone, will comment on the possible links between the silence of the Canadian government on the situation in Chile and mining and water investments of Canadian origin &#8211; water having been privatized in Chile.</p>
