{"id":36,"date":"2023-02-15T12:27:05","date_gmt":"2023-02-15T17:27:05","guid":{"rendered":"https:\/\/carleton.ca\/lpp\/?page_id=36"},"modified":"2026-01-28T10:43:30","modified_gmt":"2026-01-28T15:43:30","slug":"conference-location","status":"publish","type":"page","link":"https:\/\/carleton.ca\/lpp\/conference-location\/","title":{"rendered":"Travel information and tourism \/ D\u00e9placements et informations touristiques"},"content":{"rendered":"<h2><img decoding=\"async\" loading=\"lazy\" class=\"alignnone size-medium wp-image-68\" src=\"https:\/\/carleton.ca\/lpp\/wp-content\/uploads\/1500x500-1-240x80.jpeg\" alt=\"\" width=\"240\" height=\"80\" srcset=\"https:\/\/carleton.ca\/lpp\/wp-content\/uploads\/1500x500-1-240x80.jpeg 240w, https:\/\/carleton.ca\/lpp\/wp-content\/uploads\/1500x500-1-400x133.jpeg 400w, https:\/\/carleton.ca\/lpp\/wp-content\/uploads\/1500x500-1-160x53.jpeg 160w, https:\/\/carleton.ca\/lpp\/wp-content\/uploads\/1500x500-1-768x256.jpeg 768w, https:\/\/carleton.ca\/lpp\/wp-content\/uploads\/1500x500-1-360x120.jpeg 360w, https:\/\/carleton.ca\/lpp\/wp-content\/uploads\/1500x500-1.jpeg 1500w\" sizes=\"(max-width: 240px) 100vw, 240px\" \/><\/h2>\n<h2 style=\"text-align: center;\">Carleton University &#8211; Universit\u00e9 Carleton<\/h2>\n<p style=\"text-align: center;\">The easiest way to plan your route to campus with public transit is by using the transit app. More info <a href=\"https:\/\/www.google.com\/url?sa=t&amp;source=web&amp;rct=j&amp;opi=89978449&amp;url=https:\/\/transitapp.com\/region\/ottawa&amp;ved=2ahUKEwiLutPlg_yGAxWFMTQIHbYwC8QQFnoECBoQAQ&amp;usg=AOvVaw3DvWnpRz61mATS3rB0Luhw\">here<\/a>.<\/p>\n<h2>VISA application process \/ Proc\u00e9dure de demande de visa<\/h2>\n<p style=\"font-weight: 400;\">In preparation for your upcoming travel to Ottawa for the Conference, we ask kindly that you please check as soon as possible if you will need to apply for a visa. You can find the list of visa-required countries and exemption here : <a href=\"https:\/\/www.canada.ca\/en\/immigration-refugees-citizenship\/services\/visit-canada\/entry-requirements-country.html\">https:\/\/www.canada.ca\/en\/immigration-refugees-citizenship\/services\/visit-canada\/entry-requirements-country.html<\/a><\/p>\n<p style=\"font-weight: 400;\">Please note that you might need an eTA (Electronic travel authorization) if you are from a country exempted from visa requirements but arriving by air. The list of countries requiring an eTA is also included in the link above.<\/p>\n<p style=\"font-weight: 400;\">An <strong>official invitation letter<\/strong> (required during the visa application process and including the Conference special event code) is available for download for presenters on the Conftool platform.<\/p>\n<p style=\"font-weight: 400;\">Please apply for your visa (if required) as soon as possible as it can take some time for IRCC to process applications.<\/p>\n<p><strong>Detailed information about the application process can be found <a href=\"https:\/\/carleton.ca\/lpp\/wp-content\/uploads\/Info-Letter-IRCC-Secure-Network-English-French-Regular-Event-Registered-002.pdf\" target=\"_blank\" rel=\"noopener\">here<\/a>.<\/strong><\/p>\n<p style=\"font-weight: 400;\">Our conference has been registered with Immigration Canada as a Special Event to facilitate the visa issuance process. Once you have applied for your visa, we kindly ask that you send us this information by email: full name (as per their passport), passport country of issuance and visa application number. This information is not necessary if you are Canadian, have a US passport or if you only need an eTA.<\/p>\n<p><\/p>\n<p style=\"font-weight: 400;\"><em>En vue de votre voyage \u00e0 Ottawa pour notre conf\u00e9rence, nous vous prions de bien vouloir v\u00e9rifier d\u00e8s que possible si vous devez faire une demande de visa. Vous trouverez la liste des pays soumis \u00e0 l&#8217;obligation de visa et la liste des exemptions ici : <a href=\"https:\/\/www.canada.ca\/en\/immigration-refugees-citizenship\/services\/visit-canada\/entry-requirements-country.html\">https:\/\/www.canada.ca\/en\/immigration-refugees-citizenship\/services\/visit-canada\/entry-requirements-country.html<\/a><\/em><\/p>\n<p style=\"font-weight: 400;\"><em>Veuillez noter que vous pourriez avoir besoin d&#8217;une AVE (autorisation de voyage \u00e9lectronique) si vous venez d&#8217;un pays exempt\u00e9 de l&#8217;obligation de visa mais que vous arrivez par avion. La liste des pays n\u00e9cessitant une AVE figure \u00e9galement dans le lien ci-dessus.<\/em><\/p>\n<p style=\"font-weight: 400;\"><em>Une <strong>lettre d&#8217;invitation officielle<\/strong> (requise lors du processus de demande de visa et incluant le num\u00e9ro d&#8217;enregistrement de la conf\u00e9rence aupr\u00e8s d&#8217;Immigration Canada) est d\u00e9sormais disponible pour les conf\u00e9renciers et conf\u00e9renci\u00e8res en t\u00e9l\u00e9chargement sur la plateforme Conftool.\u00a0<\/em><\/p>\n<p><span style=\"font-weight: 400;\"><em>Veuillez faire votre demande de visa (si n\u00e9cessaire) d\u00e8s que possible, car le traitement des demandes par l&#8217;IRCC peut prendre un certain temps.<\/em><br \/>\n<\/span><\/p>\n<p><strong><em>Les informations d\u00e9taill\u00e9es sur le processus de demande de visa peuvent \u00eatre trouv\u00e9es <a href=\"https:\/\/carleton.ca\/lpp\/wp-content\/uploads\/Info-Letter-IRCC-Secure-Network-English-French-Regular-Event-Registered-002.pdf\" target=\"_blank\" rel=\"noopener\">ici<\/a>.<\/em><\/strong><\/p>\n<p style=\"font-weight: 400;\"><em>Notre conf\u00e9rence a \u00e9t\u00e9 enregistr\u00e9e aupr\u00e8s d&#8217;Immigration Canada en tant qu&#8217;\u00c9v\u00e9nement Sp\u00e9cial afin de faciliter le processus de d\u00e9livrance des visas. Une fois que vous aurez fait votre demande de visa, nous vous prions de bien vouloir nous envoyer les informations suivantes par courriel : nom complet (tel qu&#8217;il figure sur votre passeport), pays de d\u00e9livrance du passeport et num\u00e9ro de demande de visa. Ces informations ne sont pas n\u00e9cessaires si vous \u00eates canadien, si vous poss\u00e9dez un passeport am\u00e9ricain ou si vous avez uniquement besoin d&#8217;une AVE.<\/em><\/p>\n<p><\/p>\n<p><\/p>\n<h2>Travel \/ D\u00e9placements<\/h2>\n<ul>\n<li><a href=\"https:\/\/yow.ca\">Ottawa international airport &#8211; A\u00e9roport international d&#8217;Ottawa<\/a><\/li>\n<li><a href=\"https:\/\/www.viarail.ca\/en\/explore-our-destinations\/stations\/ontario\/ottawa\">Ottawa train station &#8211; Gare ferroviaire d&#8217;Ottawa<\/a><\/li>\n<li><a href=\"https:\/\/www.octranspo.com\/\">Ottawa public transportation (OC Transpo)<\/a> &#8211; <a href=\"https:\/\/www.octranspo.com\/fr\/\">Ottawa transport en commun (OC Transpo)<\/a><\/li>\n<li><a href=\"https:\/\/ottawatourism.ca\/\">Ottawa tourism &#8211; Tourisme Ottawa<\/a><\/li>\n<li><a href=\"https:\/\/www.google.com\/url?sa=t&amp;source=web&amp;rct=j&amp;opi=89978449&amp;url=https:\/\/transitapp.com\/region\/ottawa&amp;ved=2ahUKEwiLutPlg_yGAxWFMTQIHbYwC8QQFnoECBoQAQ&amp;usg=AOvVaw3DvWnpRz61mATS3rB0Luhw\">Transit app<\/a><\/li>\n<\/ul>\n<h2>About our campus<\/h2>\n<ul>\n<li><a href=\"https:\/\/carleton.ca\/about\/\">University information &#8211; Informations sur l&#8217;Universit\u00e9 (site en anglais)<\/a><\/li>\n<li><a href=\"https:\/\/carleton.ca\/campus\/map\/\">Campus map &#8211; Plan du campus (site en anglais)<\/a><\/li>\n<li><a href=\"https:\/\/carleton.ca\/parking\/parking-map\/\">Campus parking<\/a> (<a href=\"https:\/\/carleton.ca\/campus\/wp-content\/uploads\/map.pdf\">map<\/a>) (<a href=\"https:\/\/carleton.ca\/parking\/visitors\/parking-rates\/\">rates<\/a>) <a href=\"https:\/\/carleton.ca\/parking\/parking-map\/\">(site en anglais)<\/a><\/li>\n<\/ul>\n<h2>Accommodations \/ H\u00e9bergement<\/h2>\n<p><a href=\"https:\/\/carleton.ca\/lpp\/lodging\/\">Lodging and accommodations in Ottawa \/ H\u00e9bergement \u00e0 Ottawa<\/a><\/p>\n<p><\/p>\n","protected":false},"excerpt":{"rendered":"<p>Carleton University &#8211; Universit\u00e9 Carleton The easiest way to plan your route to campus with public transit is by using the transit app. More info here. VISA application process \/ Proc\u00e9dure de demande de visa In preparation for your upcoming travel to Ottawa for the Conference, we ask kindly that you please check as soon [&hellip;]<\/p>\n","protected":false},"author":5,"featured_media":0,"parent":0,"menu_order":0,"comment_status":"closed","ping_status":"closed","template":"","meta":{"_relevanssi_hide_post":"","_relevanssi_hide_content":"","_relevanssi_pin_for_all":"","_relevanssi_pin_keywords":"","_relevanssi_unpin_keywords":"","_relevanssi_related_keywords":"","_relevanssi_related_include_ids":"","_relevanssi_related_exclude_ids":"","_relevanssi_related_no_append":"","_relevanssi_related_not_related":"","_relevanssi_related_posts":"","_relevanssi_noindex_reason":"","_mi_skip_tracking":false,"_exactmetrics_sitenote_active":false,"_exactmetrics_sitenote_note":"","_exactmetrics_sitenote_category":0,"_monsterinsights_sitenote_active":false,"_monsterinsights_sitenote_note":"","_monsterinsights_sitenote_category":0,"footnotes":"","_links_to":"","_links_to_target":""},"yoast_head":"<!-- This site is optimized with the Yoast SEO plugin v21.2 - https:\/\/yoast.com\/wordpress\/plugins\/seo\/ -->\n<title>Travel information and tourism \/ D\u00e9placements et informations touristiques - Multidisciplinary Approaches in Language Policy and Planning<\/title>\n<meta name=\"description\" content=\"Carleton University - Universit\u00e9 Carleton The easiest way to plan your route to campus with public transit is by using the transit app. More info here.\" \/>\n<meta name=\"robots\" content=\"index, follow, max-snippet:-1, max-image-preview:large, max-video-preview:-1\" \/>\n<link rel=\"canonical\" href=\"https:\/\/carleton.ca\/lpp\/conference-location\/\" \/>\n<meta name=\"twitter:label1\" content=\"Est. reading time\" \/>\n\t<meta name=\"twitter:data1\" content=\"3 minutes\" \/>\n<script type=\"application\/ld+json\" class=\"yoast-schema-graph\">{\"@context\":\"https:\/\/schema.org\",\"@graph\":[{\"@type\":\"WebPage\",\"@id\":\"https:\/\/carleton.ca\/lpp\/conference-location\/\",\"url\":\"https:\/\/carleton.ca\/lpp\/conference-location\/\",\"name\":\"Travel information and tourism \/ D\u00e9placements et informations touristiques - Multidisciplinary Approaches in Language Policy and Planning\",\"isPartOf\":{\"@id\":\"https:\/\/carleton.ca\/lpp\/#website\"},\"datePublished\":\"2023-02-15T17:27:05+00:00\",\"dateModified\":\"2026-01-28T15:43:30+00:00\",\"description\":\"Carleton University - Universit\u00e9 Carleton The easiest way to plan your route to campus with public transit is by using the transit app. More info here.\",\"breadcrumb\":{\"@id\":\"https:\/\/carleton.ca\/lpp\/conference-location\/#breadcrumb\"},\"inLanguage\":\"en-US\",\"potentialAction\":[{\"@type\":\"ReadAction\",\"target\":[\"https:\/\/carleton.ca\/lpp\/conference-location\/\"]}]},{\"@type\":\"BreadcrumbList\",\"@id\":\"https:\/\/carleton.ca\/lpp\/conference-location\/#breadcrumb\",\"itemListElement\":[{\"@type\":\"ListItem\",\"position\":1,\"name\":\"Home\",\"item\":\"https:\/\/carleton.ca\/lpp\/\"},{\"@type\":\"ListItem\",\"position\":2,\"name\":\"Travel information and tourism \/ D\u00e9placements et informations touristiques\"}]},{\"@type\":\"WebSite\",\"@id\":\"https:\/\/carleton.ca\/lpp\/#website\",\"url\":\"https:\/\/carleton.ca\/lpp\/\",\"name\":\"Multidisciplinary Approaches in Language Policy and Planning\",\"description\":\"Carleton University\",\"potentialAction\":[{\"@type\":\"SearchAction\",\"target\":{\"@type\":\"EntryPoint\",\"urlTemplate\":\"https:\/\/carleton.ca\/lpp\/?s={search_term_string}\"},\"query-input\":\"required name=search_term_string\"}],\"inLanguage\":\"en-US\"}]}<\/script>\n<!-- \/ Yoast SEO plugin. -->","yoast_head_json":{"title":"Travel information and tourism \/ D\u00e9placements et informations touristiques - Multidisciplinary Approaches in Language Policy and Planning","description":"Carleton University - Universit\u00e9 Carleton The easiest way to plan your route to campus with public transit is by using the transit app. More info here.","robots":{"index":"index","follow":"follow","max-snippet":"max-snippet:-1","max-image-preview":"max-image-preview:large","max-video-preview":"max-video-preview:-1"},"canonical":"https:\/\/carleton.ca\/lpp\/conference-location\/","twitter_misc":{"Est. reading time":"3 minutes"},"schema":{"@context":"https:\/\/schema.org","@graph":[{"@type":"WebPage","@id":"https:\/\/carleton.ca\/lpp\/conference-location\/","url":"https:\/\/carleton.ca\/lpp\/conference-location\/","name":"Travel information and tourism \/ D\u00e9placements et informations touristiques - Multidisciplinary Approaches in Language Policy and Planning","isPartOf":{"@id":"https:\/\/carleton.ca\/lpp\/#website"},"datePublished":"2023-02-15T17:27:05+00:00","dateModified":"2026-01-28T15:43:30+00:00","description":"Carleton University - Universit\u00e9 Carleton The easiest way to plan your route to campus with public transit is by using the transit app. More info here.","breadcrumb":{"@id":"https:\/\/carleton.ca\/lpp\/conference-location\/#breadcrumb"},"inLanguage":"en-US","potentialAction":[{"@type":"ReadAction","target":["https:\/\/carleton.ca\/lpp\/conference-location\/"]}]},{"@type":"BreadcrumbList","@id":"https:\/\/carleton.ca\/lpp\/conference-location\/#breadcrumb","itemListElement":[{"@type":"ListItem","position":1,"name":"Home","item":"https:\/\/carleton.ca\/lpp\/"},{"@type":"ListItem","position":2,"name":"Travel information and tourism \/ D\u00e9placements et informations touristiques"}]},{"@type":"WebSite","@id":"https:\/\/carleton.ca\/lpp\/#website","url":"https:\/\/carleton.ca\/lpp\/","name":"Multidisciplinary Approaches in Language Policy and Planning","description":"Carleton University","potentialAction":[{"@type":"SearchAction","target":{"@type":"EntryPoint","urlTemplate":"https:\/\/carleton.ca\/lpp\/?s={search_term_string}"},"query-input":"required name=search_term_string"}],"inLanguage":"en-US"}]}},"acf":{"banner_image_type":"hosted","banner_button":"no","banner_hosted_image":"aerial","banner_opacity":"default"},"_links":{"self":[{"href":"https:\/\/carleton.ca\/lpp\/wp-json\/wp\/v2\/pages\/36"}],"collection":[{"href":"https:\/\/carleton.ca\/lpp\/wp-json\/wp\/v2\/pages"}],"about":[{"href":"https:\/\/carleton.ca\/lpp\/wp-json\/wp\/v2\/types\/page"}],"author":[{"embeddable":true,"href":"https:\/\/carleton.ca\/lpp\/wp-json\/wp\/v2\/users\/5"}],"replies":[{"embeddable":true,"href":"https:\/\/carleton.ca\/lpp\/wp-json\/wp\/v2\/comments?post=36"}],"version-history":[{"count":4,"href":"https:\/\/carleton.ca\/lpp\/wp-json\/wp\/v2\/pages\/36\/revisions"}],"predecessor-version":[{"id":647,"href":"https:\/\/carleton.ca\/lpp\/wp-json\/wp\/v2\/pages\/36\/revisions\/647"}],"wp:attachment":[{"href":"https:\/\/carleton.ca\/lpp\/wp-json\/wp\/v2\/media?parent=36"}],"curies":[{"name":"wp","href":"https:\/\/api.w.org\/{rel}","templated":true}]}}