{"id":597,"date":"2025-09-12T09:43:29","date_gmt":"2025-09-12T13:43:29","guid":{"rendered":"https:\/\/carleton.ca\/lpp\/?page_id=597"},"modified":"2025-10-16T10:08:48","modified_gmt":"2025-10-16T14:08:48","slug":"plenary-speakers-conferences-plenieres","status":"publish","type":"page","link":"https:\/\/carleton.ca\/lpp\/plenary-speakers-conferences-plenieres\/","title":{"rendered":"Plenary Speakers \/ Conf\u00e9rences pl\u00e9ni\u00e8res"},"content":{"rendered":"<div class=\"columns\"><div class=\"columns__three\"><p><img decoding=\"async\" loading=\"lazy\" class=\"alignnone wp-image-621 size-medium\" src=\"https:\/\/carleton.ca\/lpp\/wp-content\/uploads\/1698957761-AnnetteBoudreau-web-AnnieFranceNoel-6-5b83-5d_W576-240x360.jpg\" alt=\"\" width=\"240\" height=\"360\" srcset=\"https:\/\/carleton.ca\/lpp\/wp-content\/uploads\/1698957761-AnnetteBoudreau-web-AnnieFranceNoel-6-5b83-5d_W576-240x360.jpg 240w, https:\/\/carleton.ca\/lpp\/wp-content\/uploads\/1698957761-AnnetteBoudreau-web-AnnieFranceNoel-6-5b83-5d_W576-400x599.jpg 400w, https:\/\/carleton.ca\/lpp\/wp-content\/uploads\/1698957761-AnnetteBoudreau-web-AnnieFranceNoel-6-5b83-5d_W576-160x240.jpg 160w, https:\/\/carleton.ca\/lpp\/wp-content\/uploads\/1698957761-AnnetteBoudreau-web-AnnieFranceNoel-6-5b83-5d_W576-360x539.jpg 360w, https:\/\/carleton.ca\/lpp\/wp-content\/uploads\/1698957761-AnnetteBoudreau-web-AnnieFranceNoel-6-5b83-5d_W576.jpg 576w\" sizes=\"(max-width: 240px) 100vw, 240px\" \/><\/p>\n<p style=\"font-weight: 400;\"><strong>Annette Boudreau<\/strong>, professeure \u00e9m\u00e9rite de l\u2019Universit\u00e9 de Moncton en sociolinguistique, s\u2019est distingu\u00e9e par ses travaux sur l\u2019ins\u00e9curit\u00e9 linguistique dans la francophonie canadienne, ses manifestations, ses cons\u00e9quences et les moyens de la contrer. Elle a publi\u00e9 de nombreux articles sur le sujet et sur la francophonie acadienne en g\u00e9n\u00e9ral.<\/p>\n<p style=\"font-weight: 400;\">Elle est l\u2019autrice de l\u2019essai<em> \u00c0 l\u2019ombre de la langue l\u00e9gitime. L\u2019Acadie dans la francophonie<\/em> publi\u00e9 chez Classiques Garnier en 2016. Elle a publi\u00e9\u00a0<em>Dire le silence<\/em>. <em>Ins\u00e9curit\u00e9 linguistique en Acadie. 1867-1970 <\/em>aux \u00c9ditions Prise de parole en 2021, <em>Ins\u00e9curit\u00e9 linguistique dans la francophonie<\/em> aux Presses de l\u2019Universit\u00e9 d\u2019Ottawa en 2023 et <em>Parler comme du monde <\/em>en 2024 aux \u00c9ditions Prise de parole.<\/p><\/div>\n<div class=\"columns__three\"><p><img decoding=\"async\" loading=\"lazy\" class=\"alignnone wp-image-620 size-medium\" src=\"https:\/\/carleton.ca\/lpp\/wp-content\/uploads\/Robert_Falcon_E_Card_690X460px-240x160.jpg\" alt=\"\" width=\"240\" height=\"160\" srcset=\"https:\/\/carleton.ca\/lpp\/wp-content\/uploads\/Robert_Falcon_E_Card_690X460px-240x160.jpg 240w, https:\/\/carleton.ca\/lpp\/wp-content\/uploads\/Robert_Falcon_E_Card_690X460px-400x267.jpg 400w, https:\/\/carleton.ca\/lpp\/wp-content\/uploads\/Robert_Falcon_E_Card_690X460px-160x107.jpg 160w, https:\/\/carleton.ca\/lpp\/wp-content\/uploads\/Robert_Falcon_E_Card_690X460px-360x240.jpg 360w, https:\/\/carleton.ca\/lpp\/wp-content\/uploads\/Robert_Falcon_E_Card_690X460px.jpg 690w\" sizes=\"(max-width: 240px) 100vw, 240px\" \/><\/p>\n<p><strong>Robert Falcon-Ouellette<\/strong> is from Red Pheasant Cree Nation in Saskatchewan. He is an associate professor of the Faculty of Education at the University of Ottawa. He is a dedicated community organizer, educator and anthropologist doing research in the areas of Indigenous education, military ethics and political science. He recently helped create the new Yellowquill University College, the only Indigenous post-secondary institution in Manitoba. He has a PhD and two Master&#8217;s degrees from Laval University in Quebec City, and was only the second Indigenous person to graduate from Laval with a PhD in 350 years. He is a former Member of Parliament. During his mandate, he obtained unanimous consent to change the Standing Orders of the House of Commons for the full inclusion and interpretation of Indigenous languages. Professor Ouellette was the Chair of the Indigenous Caucus and helped lead change in Child and Family Services and languages legislation, as well as other initiatives focused on advancing reconciliation. His keynote address will focus on issues surrounding indigenous languages rights in the Canadian context.<\/p><\/div>\n<div class=\"columns__three\"><div><img class=\"alignnone\" \/><\/div>\n<div><img decoding=\"async\" loading=\"lazy\" class=\"alignnone wp-image-623 size-medium\" src=\"https:\/\/carleton.ca\/lpp\/wp-content\/uploads\/Picture1-240x265.jpg\" alt=\"\" width=\"240\" height=\"265\" srcset=\"https:\/\/carleton.ca\/lpp\/wp-content\/uploads\/Picture1-240x265.jpg 240w, https:\/\/carleton.ca\/lpp\/wp-content\/uploads\/Picture1-400x442.jpg 400w, https:\/\/carleton.ca\/lpp\/wp-content\/uploads\/Picture1-160x177.jpg 160w, https:\/\/carleton.ca\/lpp\/wp-content\/uploads\/Picture1-360x398.jpg 360w, https:\/\/carleton.ca\/lpp\/wp-content\/uploads\/Picture1.jpg 519w\" sizes=\"(max-width: 240px) 100vw, 240px\" \/><\/div>\n<p><b><span lang=\"ES-DO\">Mario L\u00f3pez-Gopar<\/span><\/b><span lang=\"ES-DO\"> (Ph.D., OISE\/University of Toronto) is a Professor at the Facultad de Idiomas at <i>Universidad Aut\u00f3noma Benito Ju\u00e1rez de Oaxaca<\/i>, M\u00e9xico. <\/span><\/p>\n<p><span lang=\"EN-US\">Mario\u2019s main research interests are intercultural and multilingual education of Indigenous peoples in Mexico, as well as decolonizing pedagogies for young learners of the \u201cEnglish\u201d language in Mexico. He has received over 15 academic awards. His Ph. D. thesis was awarded both the 2009 AERA Second Language Research Dissertation Award and the 2009 OISE Outstanding Thesis of the Year award.\u00a0 His articles have appeared in the <i>Journal of Language Education and Identity<\/i>, <i>Applied Linguistics<\/i>, <i>ELT Journal<\/i>, and the <i>International Journal of Multilingualism,<\/i> among others. He has also published numerous book chapters. His latest books are <i>Decolonizing Primary English Language Teaching<\/i> (Multilingual Matters, 2016) and <i>International Perspectives on Critical Pedagogies in ELT<\/i> (Palgrave MacMillan, 2019).\u00a0<\/span><\/p><\/div><\/div>\n","protected":false},"excerpt":{"rendered":"","protected":false},"author":7,"featured_media":0,"parent":0,"menu_order":0,"comment_status":"closed","ping_status":"closed","template":"","meta":{"_relevanssi_hide_post":"","_relevanssi_hide_content":"","_relevanssi_pin_for_all":"","_relevanssi_pin_keywords":"","_relevanssi_unpin_keywords":"","_relevanssi_related_keywords":"","_relevanssi_related_include_ids":"","_relevanssi_related_exclude_ids":"","_relevanssi_related_no_append":"","_relevanssi_related_not_related":"","_relevanssi_related_posts":"","_relevanssi_noindex_reason":"","_mi_skip_tracking":false,"_exactmetrics_sitenote_active":false,"_exactmetrics_sitenote_note":"","_exactmetrics_sitenote_category":0,"_monsterinsights_sitenote_active":false,"_monsterinsights_sitenote_note":"","_monsterinsights_sitenote_category":0,"footnotes":"","_links_to":"","_links_to_target":""},"yoast_head":"<!-- This site is optimized with the Yoast SEO plugin v21.2 - https:\/\/yoast.com\/wordpress\/plugins\/seo\/ -->\n<title>Plenary Speakers \/ Conf\u00e9rences pl\u00e9ni\u00e8res - Multidisciplinary Approaches in Language Policy and Planning<\/title>\n<meta name=\"robots\" content=\"index, follow, max-snippet:-1, max-image-preview:large, max-video-preview:-1\" \/>\n<link rel=\"canonical\" href=\"https:\/\/carleton.ca\/lpp\/plenary-speakers-conferences-plenieres\/\" \/>\n<meta name=\"twitter:label1\" content=\"Est. reading time\" \/>\n\t<meta name=\"twitter:data1\" content=\"3 minutes\" \/>\n<script type=\"application\/ld+json\" class=\"yoast-schema-graph\">{\"@context\":\"https:\/\/schema.org\",\"@graph\":[{\"@type\":\"WebPage\",\"@id\":\"https:\/\/carleton.ca\/lpp\/plenary-speakers-conferences-plenieres\/\",\"url\":\"https:\/\/carleton.ca\/lpp\/plenary-speakers-conferences-plenieres\/\",\"name\":\"Plenary Speakers \/ Conf\u00e9rences pl\u00e9ni\u00e8res - Multidisciplinary Approaches in Language Policy and Planning\",\"isPartOf\":{\"@id\":\"https:\/\/carleton.ca\/lpp\/#website\"},\"datePublished\":\"2025-09-12T13:43:29+00:00\",\"dateModified\":\"2025-10-16T14:08:48+00:00\",\"breadcrumb\":{\"@id\":\"https:\/\/carleton.ca\/lpp\/plenary-speakers-conferences-plenieres\/#breadcrumb\"},\"inLanguage\":\"en-US\",\"potentialAction\":[{\"@type\":\"ReadAction\",\"target\":[\"https:\/\/carleton.ca\/lpp\/plenary-speakers-conferences-plenieres\/\"]}]},{\"@type\":\"BreadcrumbList\",\"@id\":\"https:\/\/carleton.ca\/lpp\/plenary-speakers-conferences-plenieres\/#breadcrumb\",\"itemListElement\":[{\"@type\":\"ListItem\",\"position\":1,\"name\":\"Home\",\"item\":\"https:\/\/carleton.ca\/lpp\/\"},{\"@type\":\"ListItem\",\"position\":2,\"name\":\"Plenary Speakers \/ Conf\u00e9rences pl\u00e9ni\u00e8res\"}]},{\"@type\":\"WebSite\",\"@id\":\"https:\/\/carleton.ca\/lpp\/#website\",\"url\":\"https:\/\/carleton.ca\/lpp\/\",\"name\":\"Multidisciplinary Approaches in Language Policy and Planning\",\"description\":\"Carleton University\",\"potentialAction\":[{\"@type\":\"SearchAction\",\"target\":{\"@type\":\"EntryPoint\",\"urlTemplate\":\"https:\/\/carleton.ca\/lpp\/?s={search_term_string}\"},\"query-input\":\"required name=search_term_string\"}],\"inLanguage\":\"en-US\"}]}<\/script>\n<!-- \/ Yoast SEO plugin. -->","yoast_head_json":{"title":"Plenary Speakers \/ Conf\u00e9rences pl\u00e9ni\u00e8res - Multidisciplinary Approaches in Language Policy and Planning","robots":{"index":"index","follow":"follow","max-snippet":"max-snippet:-1","max-image-preview":"max-image-preview:large","max-video-preview":"max-video-preview:-1"},"canonical":"https:\/\/carleton.ca\/lpp\/plenary-speakers-conferences-plenieres\/","twitter_misc":{"Est. reading time":"3 minutes"},"schema":{"@context":"https:\/\/schema.org","@graph":[{"@type":"WebPage","@id":"https:\/\/carleton.ca\/lpp\/plenary-speakers-conferences-plenieres\/","url":"https:\/\/carleton.ca\/lpp\/plenary-speakers-conferences-plenieres\/","name":"Plenary Speakers \/ Conf\u00e9rences pl\u00e9ni\u00e8res - Multidisciplinary Approaches in Language Policy and Planning","isPartOf":{"@id":"https:\/\/carleton.ca\/lpp\/#website"},"datePublished":"2025-09-12T13:43:29+00:00","dateModified":"2025-10-16T14:08:48+00:00","breadcrumb":{"@id":"https:\/\/carleton.ca\/lpp\/plenary-speakers-conferences-plenieres\/#breadcrumb"},"inLanguage":"en-US","potentialAction":[{"@type":"ReadAction","target":["https:\/\/carleton.ca\/lpp\/plenary-speakers-conferences-plenieres\/"]}]},{"@type":"BreadcrumbList","@id":"https:\/\/carleton.ca\/lpp\/plenary-speakers-conferences-plenieres\/#breadcrumb","itemListElement":[{"@type":"ListItem","position":1,"name":"Home","item":"https:\/\/carleton.ca\/lpp\/"},{"@type":"ListItem","position":2,"name":"Plenary Speakers \/ Conf\u00e9rences pl\u00e9ni\u00e8res"}]},{"@type":"WebSite","@id":"https:\/\/carleton.ca\/lpp\/#website","url":"https:\/\/carleton.ca\/lpp\/","name":"Multidisciplinary Approaches in Language Policy and Planning","description":"Carleton University","potentialAction":[{"@type":"SearchAction","target":{"@type":"EntryPoint","urlTemplate":"https:\/\/carleton.ca\/lpp\/?s={search_term_string}"},"query-input":"required name=search_term_string"}],"inLanguage":"en-US"}]}},"acf":{"banner_image_type":"none","banner_button":"no"},"_links":{"self":[{"href":"https:\/\/carleton.ca\/lpp\/wp-json\/wp\/v2\/pages\/597"}],"collection":[{"href":"https:\/\/carleton.ca\/lpp\/wp-json\/wp\/v2\/pages"}],"about":[{"href":"https:\/\/carleton.ca\/lpp\/wp-json\/wp\/v2\/types\/page"}],"author":[{"embeddable":true,"href":"https:\/\/carleton.ca\/lpp\/wp-json\/wp\/v2\/users\/7"}],"replies":[{"embeddable":true,"href":"https:\/\/carleton.ca\/lpp\/wp-json\/wp\/v2\/comments?post=597"}],"version-history":[{"count":4,"href":"https:\/\/carleton.ca\/lpp\/wp-json\/wp\/v2\/pages\/597\/revisions"}],"predecessor-version":[{"id":625,"href":"https:\/\/carleton.ca\/lpp\/wp-json\/wp\/v2\/pages\/597\/revisions\/625"}],"wp:attachment":[{"href":"https:\/\/carleton.ca\/lpp\/wp-json\/wp\/v2\/media?parent=597"}],"curies":[{"name":"wp","href":"https:\/\/api.w.org\/{rel}","templated":true}]}}

Plenary Speakers / Conférences plénières

<div class="columns"><div class="columns__three"><p><img decoding="async" loading="lazy" class="alignnone wp-image-621 size-medium" src="https://carleton.ca/lpp/wp-content/uploads/1698957761-AnnetteBoudreau-web-AnnieFranceNoel-6-5b83-5d_W576-240x360.jpg" alt="" width="240" height="360" srcset="https://carleton.ca/lpp/wp-content/uploads/1698957761-AnnetteBoudreau-web-AnnieFranceNoel-6-5b83-5d_W576-240x360.jpg 240w, https://carleton.ca/lpp/wp-content/uploads/1698957761-AnnetteBoudreau-web-AnnieFranceNoel-6-5b83-5d_W576-400x599.jpg 400w, https://carleton.ca/lpp/wp-content/uploads/1698957761-AnnetteBoudreau-web-AnnieFranceNoel-6-5b83-5d_W576-160x240.jpg 160w, https://carleton.ca/lpp/wp-content/uploads/1698957761-AnnetteBoudreau-web-AnnieFranceNoel-6-5b83-5d_W576-360x539.jpg 360w, https://carleton.ca/lpp/wp-content/uploads/1698957761-AnnetteBoudreau-web-AnnieFranceNoel-6-5b83-5d_W576.jpg 576w" sizes="(max-width: 240px) 100vw, 240px" /></p>
<p style="font-weight: 400;"><strong>Annette Boudreau</strong>, professeure émérite de l’Université de Moncton en sociolinguistique, s’est distinguée par ses travaux sur l’insécurité linguistique dans la francophonie canadienne, ses manifestations, ses conséquences et les moyens de la contrer. Elle a publié de nombreux articles sur le sujet et sur la francophonie acadienne en général.</p>
<p style="font-weight: 400;">Elle est l’autrice de l’essai<em> À l’ombre de la langue légitime. L’Acadie dans la francophonie</em> publié chez Classiques Garnier en 2016. Elle a publié <em>Dire le silence</em>. <em>Insécurité linguistique en Acadie. 1867-1970 </em>aux Éditions Prise de parole en 2021, <em>Insécurité linguistique dans la francophonie</em> aux Presses de l’Université d’Ottawa en 2023 et <em>Parler comme du monde </em>en 2024 aux Éditions Prise de parole.</p></div>
<div class="columns__three"><p><img decoding="async" loading="lazy" class="alignnone wp-image-620 size-medium" src="https://carleton.ca/lpp/wp-content/uploads/Robert_Falcon_E_Card_690X460px-240x160.jpg" alt="" width="240" height="160" srcset="https://carleton.ca/lpp/wp-content/uploads/Robert_Falcon_E_Card_690X460px-240x160.jpg 240w, https://carleton.ca/lpp/wp-content/uploads/Robert_Falcon_E_Card_690X460px-400x267.jpg 400w, https://carleton.ca/lpp/wp-content/uploads/Robert_Falcon_E_Card_690X460px-160x107.jpg 160w, https://carleton.ca/lpp/wp-content/uploads/Robert_Falcon_E_Card_690X460px-360x240.jpg 360w, https://carleton.ca/lpp/wp-content/uploads/Robert_Falcon_E_Card_690X460px.jpg 690w" sizes="(max-width: 240px) 100vw, 240px" /></p>
<p><strong>Robert Falcon-Ouellette</strong> is from Red Pheasant Cree Nation in Saskatchewan. He is an associate professor of the Faculty of Education at the University of Ottawa. He is a dedicated community organizer, educator and anthropologist doing research in the areas of Indigenous education, military ethics and political science. He recently helped create the new Yellowquill University College, the only Indigenous post-secondary institution in Manitoba. He has a PhD and two Master&#8217;s degrees from Laval University in Quebec City, and was only the second Indigenous person to graduate from Laval with a PhD in 350 years. He is a former Member of Parliament. During his mandate, he obtained unanimous consent to change the Standing Orders of the House of Commons for the full inclusion and interpretation of Indigenous languages. Professor Ouellette was the Chair of the Indigenous Caucus and helped lead change in Child and Family Services and languages legislation, as well as other initiatives focused on advancing reconciliation. His keynote address will focus on issues surrounding indigenous languages rights in the Canadian context.</p></div>
<div class="columns__three"><div><img class="alignnone" /></div>
<div><img decoding="async" loading="lazy" class="alignnone wp-image-623 size-medium" src="https://carleton.ca/lpp/wp-content/uploads/Picture1-240x265.jpg" alt="" width="240" height="265" srcset="https://carleton.ca/lpp/wp-content/uploads/Picture1-240x265.jpg 240w, https://carleton.ca/lpp/wp-content/uploads/Picture1-400x442.jpg 400w, https://carleton.ca/lpp/wp-content/uploads/Picture1-160x177.jpg 160w, https://carleton.ca/lpp/wp-content/uploads/Picture1-360x398.jpg 360w, https://carleton.ca/lpp/wp-content/uploads/Picture1.jpg 519w" sizes="(max-width: 240px) 100vw, 240px" /></div>
<p><b><span lang="ES-DO">Mario López-Gopar</span></b><span lang="ES-DO"> (Ph.D., OISE/University of Toronto) is a Professor at the Facultad de Idiomas at <i>Universidad Autónoma Benito Juárez de Oaxaca</i>, México. </span></p>
<p><span lang="EN-US">Mario’s main research interests are intercultural and multilingual education of Indigenous peoples in Mexico, as well as decolonizing pedagogies for young learners of the “English” language in Mexico. He has received over 15 academic awards. His Ph. D. thesis was awarded both the 2009 AERA Second Language Research Dissertation Award and the 2009 OISE Outstanding Thesis of the Year award.  His articles have appeared in the <i>Journal of Language Education and Identity</i>, <i>Applied Linguistics</i>, <i>ELT Journal</i>, and the <i>International Journal of Multilingualism,</i> among others. He has also published numerous book chapters. His latest books are <i>Decolonizing Primary English Language Teaching</i> (Multilingual Matters, 2016) and <i>International Perspectives on Critical Pedagogies in ELT</i> (Palgrave MacMillan, 2019). </span></p></div></div>

<!-- This site is optimized with the Yoast SEO plugin v21.2 - https://yoast.com/wordpress/plugins/seo/ -->
<title>Plenary Speakers / Conférences plénières - Multidisciplinary Approaches in Language Policy and Planning</title>
<meta name="robots" content="index, follow, max-snippet:-1, max-image-preview:large, max-video-preview:-1" />
<link rel="canonical" href="https://carleton.ca/lpp/plenary-speakers-conferences-plenieres/" />
<meta name="twitter:label1" content="Est. reading time" />
	<meta name="twitter:data1" content="3 minutes" />
<script type="application/ld+json" class="yoast-schema-graph">{"@context":"https://schema.org","@graph":[{"@type":"WebPage","@id":"https://carleton.ca/lpp/plenary-speakers-conferences-plenieres/","url":"https://carleton.ca/lpp/plenary-speakers-conferences-plenieres/","name":"Plenary Speakers / Conférences plénières - Multidisciplinary Approaches in Language Policy and Planning","isPartOf":{"@id":"https://carleton.ca/lpp/#website"},"datePublished":"2025-09-12T13:43:29+00:00","dateModified":"2025-10-16T14:08:48+00:00","breadcrumb":{"@id":"https://carleton.ca/lpp/plenary-speakers-conferences-plenieres/#breadcrumb"},"inLanguage":"en-US","potentialAction":[{"@type":"ReadAction","target":["https://carleton.ca/lpp/plenary-speakers-conferences-plenieres/"]}]},{"@type":"BreadcrumbList","@id":"https://carleton.ca/lpp/plenary-speakers-conferences-plenieres/#breadcrumb","itemListElement":[{"@type":"ListItem","position":1,"name":"Home","item":"https://carleton.ca/lpp/"},{"@type":"ListItem","position":2,"name":"Plenary Speakers / Conférences plénières"}]},{"@type":"WebSite","@id":"https://carleton.ca/lpp/#website","url":"https://carleton.ca/lpp/","name":"Multidisciplinary Approaches in Language Policy and Planning","description":"Carleton University","potentialAction":[{"@type":"SearchAction","target":{"@type":"EntryPoint","urlTemplate":"https://carleton.ca/lpp/?s={search_term_string}"},"query-input":"required name=search_term_string"}],"inLanguage":"en-US"}]}</script>
<!-- / Yoast SEO plugin. -->

Plenary Speakers / Conférences plénières - Multidisciplinary Approaches in Language Policy and Planning
