{"id":17,"date":"2024-05-29T11:38:11","date_gmt":"2024-05-29T15:38:11","guid":{"rendered":"https:\/\/carleton.ca\/movebeyondcharity\/?page_id=17"},"modified":"2024-06-06T16:04:14","modified_gmt":"2024-06-06T20:04:14","slug":"information","status":"publish","type":"page","link":"https:\/\/carleton.ca\/movebeyondcharity\/information\/","title":{"rendered":"Informations sur l\u2019\u00e9v\u00e9nement"},"content":{"rendered":"<p><em><strong>Comment s\u2019inscrire:<\/strong> Les places sont limit\u00e9es. Pour assister \u00e0 l\u2019\u00e9v\u00e9nement, veuillez vous inscrire via <a href=\"https:\/\/www.eventbrite.ca\/e\/lets-move-beyond-charity-allons-au-dela-de-la-charite-tickets-912770760917?utm-campaign=social&amp;utm-content=attendeeshare&amp;utm-medium=discovery&amp;utm-term=listing&amp;utm-source=cp&amp;aff=ebdsshcopyurl\" target=\"_blank\" rel=\"noopener noreferrer\">Eventbrite<\/a>.<\/em><\/p>\n<h2>Description de l\u2019\u00e9v\u00e9nement :<\/h2>\n<p>L\u2019ins\u00e9curit\u00e9 alimentaire : allons au-del\u00e0 de la charit\u00e9!<br \/>\nLes probl\u00e8mes syst\u00e9miques n\u00e9cessitent des solutions syst\u00e9miques.<\/p>\n<p>Venez apprendre de groupes communautaires et de chercheur.e.s qui revendiquent des changements syst\u00e9miques et un d\u00e9tournement des approches ax\u00e9es sur la charit\u00e9 pour aborder l\u2019ins\u00e9curit\u00e9 alimentaire.<\/p>\n<p>Cet \u00e9v\u00e9nement bilingue pancanadien* comprendra une <strong>table ronde<\/strong> r\u00e9unissant des groupes alimentaires \u00e0 but non lucratif du Canada qui luttent, de diff\u00e9rentes mani\u00e8res, contre l\u2019ins\u00e9curit\u00e9 alimentaire. Ces groupes ont en commun d\u2019avoir entrepris des actions vari\u00e9es et des pratiques communicationnelles pour, d\u2019une part, faire conna\u00eetre les causes profondes de l\u2019ins\u00e9curit\u00e9 alimentaire et ainsi recadrer comment celle-ci est approch\u00e9e au Canada et, d\u2019autre part, proposer des changements syst\u00e9miques et structurants afin d\u2019aborder l\u2019ins\u00e9curit\u00e9 alimentaire d\u2019une fa\u00e7on plus durable.<\/p>\n<p>Cette table ronde sera suivie par un <strong>panel interdisciplinaire de chercheur.e.s<\/strong> dont les travaux s\u2019alignent avec les actions et propositions des groupes.<\/p>\n<p>La table ronde comprendra :<\/p>\n<ul style=\"list-style-type: disc;\">\n<li>Centres communautaires d\u2019alimentation du Canada<\/li>\n<li>\n<div>Nan\u00e2tohk M\u00eeciwin (Strat\u00e9gie d&#8217;alimentation scolaire universelle) &#8211;\u00a0Commission scolaire de Maskwac\u00ees<\/div>\n<\/li>\n<li>Food First NL<\/li>\n<li>Regroupement des cuisines collectives du Qu\u00e9bec<\/li>\n<\/ul>\n<p>Pour en apprendre davantage sur les groupes participants et leur porte-parole respectif, consultez les sections <a href=\"https:\/\/carleton.ca\/movebeyondcharity\/bios-des-presentateurs-et-des-presentatrices\/\">Bios des pr\u00e9sentateurs et des pr\u00e9sentatrices<\/a> et <a href=\"https:\/\/carleton.ca\/movebeyondcharity\/groupes-alimentaires-en-vedette\/\">Les groupes alimentaires en vedette<\/a>.<\/p>\n<p>* \u00c9v\u00e9nement bilingue avec traduction en direct ANGL-FR disponible.<\/p>\n<p>Pour assister \u00e0 l\u2019\u00e9v\u00e9nement, veuillez vous inscrire via <a href=\"https:\/\/www.eventbrite.ca\/e\/lets-move-beyond-charity-allons-au-dela-de-la-charite-tickets-912770760917?utm-campaign=social&amp;utm-content=attendeeshare&amp;utm-medium=discovery&amp;utm-term=listing&amp;utm-source=cp&amp;aff=ebdsshcopyurl\" target=\"_blank\" rel=\"noopener noreferrer\">Eventbrite<\/a>.<\/p>\n<h2>Horaire :<\/h2>\n<table style=\"height: 427px; width: 100%; border-collapse: collapse; border-style: solid; border-color: #000000;\">\n<tbody>\n<tr style=\"height: 24px;\">\n<td style=\"width: 49.905123%; height: 24px; border-style: solid; border-color: #000000;\"><strong>13 h \u2013 13 h 45<\/strong><\/td>\n<td style=\"width: 49.905123%; height: 24px; border-style: solid; border-color: #000000;\"><strong>Introduction et accueil territorial<\/strong><\/td>\n<\/tr>\n<tr style=\"height: 24px;\">\n<td style=\"width: 49.905123%; height: 24px; border-style: none; border-color: #000000;\"><strong>13 h 45 \u2013 15 h 15\u00a0<\/strong><\/td>\n<td style=\"width: 49.905123%; height: 132px; border-style: solid; border-color: #000000;\" rowspan=\"5\"><strong>Table ronde r\u00e9unissant (en ordre alphab\u00e9tique)<\/strong><\/p>\n<ul style=\"list-style-type: square;\">\n<li>Anthony Musiwa, Centres communautaires d\u2019alimentation du Canada<\/li>\n<li>Brady Weiler, Nan\u00e2tohk M\u00eeciwin (Strat\u00e9gie d&#8217;alimentation scolaire universelle) &#8211; Commission scolaire de Maskwac\u00ees<\/li>\n<li>Jocelyne Gamache, Regroupement des cuisines collectives du Qu\u00e9bec<\/li>\n<li>Joshua Smee, Food First NL<\/li>\n<\/ul>\n<\/td>\n<\/tr>\n<tr style=\"height: 24px;\">\n<td style=\"width: 49.905123%; height: 36px; border-color: #000000; border-style: none;\"><\/td>\n<\/tr>\n<tr style=\"height: 24px;\">\n<td style=\"width: 49.905123%; height: 24px; border-color: #000000; border-style: none;\"><\/td>\n<\/tr>\n<tr style=\"height: 24px;\">\n<td style=\"width: 49.905123%; height: 24px; border-color: #000000; border-style: none;\"><\/td>\n<\/tr>\n<tr style=\"height: 24px;\">\n<td style=\"width: 49.905123%; height: 24px; border-color: #000000; border-style: none;\"><\/td>\n<\/tr>\n<tr style=\"height: 24px;\">\n<td style=\"width: 49.905123%; height: 24px; border-style: solid; border-color: #000000;\"><strong>15 h 15 \u2013 15 h 30\u00a0<\/strong><\/td>\n<td style=\"width: 49.905123%; height: 24px; border-style: solid; border-color: #000000;\"><strong>Pause<\/strong><\/td>\n<\/tr>\n<tr style=\"height: 24px;\">\n<td style=\"width: 49.9051%; height: 24px; border-style: none; border-color: #000000;\"><strong>15 h 30 \u2013 16 h 40\u00a0<\/strong><\/td>\n<td style=\"width: 49.9051%; height: 199px; border-style: solid; border-color: #000000;\" rowspan=\"5\"><strong>Panel r\u00e9unissant (en ordre alphab\u00e9tique)<\/strong><\/p>\n<ul style=\"list-style-type: square;\">\n<li>Elaine Power, Universit\u00e9 Queen\u2019s<\/li>\n<li>Leslie Tour\u00e9 Kapo, Institut national de la recherche scientifique<\/li>\n<li>Rachel Engler-Stringer, Universit\u00e9 de la Saskatchewan<\/li>\n<li>Tabitha Robin, Universit\u00e9 de la Colombie-Britannique<\/li>\n<li>Tiff-Annie Kenny, Universit\u00e9 Laval<\/li>\n<\/ul>\n<\/td>\n<\/tr>\n<tr style=\"height: 24px;\">\n<td style=\"width: 49.905123%; height: 24px; border-color: #000000; border-style: none;\"><\/td>\n<\/tr>\n<tr style=\"height: 48px;\">\n<td style=\"width: 49.905123%; border-color: #000000; height: 48px; border-style: none;\"><\/td>\n<\/tr>\n<tr style=\"height: 24px;\">\n<td style=\"width: 49.905123%; border-color: #000000; height: 24px; border-style: none;\"><\/td>\n<\/tr>\n<tr style=\"height: 24px;\">\n<td style=\"width: 49.905123%; border-color: #000000; height: 79px; border-style: none;\"><\/td>\n<\/tr>\n<tr style=\"height: 24px;\">\n<td style=\"width: 49.905123%; border-style: solid; border-color: #000000; height: 24px;\"><strong>16 h 40 \u2013 17 h<\/strong><\/td>\n<td style=\"width: 49.9051%; border-style: solid; border-color: #000000; height: 24px;\"><strong>Mot de cl\u00f4ture<\/strong><\/td>\n<\/tr>\n<\/tbody>\n<\/table>\n<h2>D\u00e9tails de l\u2019\u00e9v\u00e9nement :<\/h2>\n<p><em>Comment s\u2019inscrire :<\/em> Les places sont limit\u00e9es. Pour assister \u00e0 l\u2019\u00e9v\u00e9nement, veuillez vous inscrire via <a href=\"https:\/\/www.eventbrite.ca\/e\/lets-move-beyond-charity-allons-au-dela-de-la-charite-tickets-912770760917?utm-campaign=social&amp;utm-content=attendeeshare&amp;utm-medium=discovery&amp;utm-term=listing&amp;utm-source=cp&amp;aff=ebdsshcopyurl\" target=\"_blank\" rel=\"noopener noreferrer\">Eventbrite<\/a>.<\/p>\n<p><em>Quand :<\/em> Le 18 juin 2024, de 13 h \u00e0 17 h (HNE)<\/p>\n<p><em>O\u00f9 :<\/em> Cet \u00e9v\u00e9nement aura lieu au <strong>Bar et resto coop\u00e9ratif Reggie\u2019s<\/strong>, situ\u00e9 dans le <strong>b\u00e2timent Henry F. Hall de l\u2019Universit\u00e9 Concordia<\/strong>, \u00e0 Montr\u00e9al.<\/p>\n<p><em>Adresse compl\u00e8te : <\/em>Salle H-231, au 1455 boulevard de Maisonneuve Ouest, Montr\u00e9al (H3G 1M8).<\/p>\n<p><strong>Comment s\u2019y rendre :<\/strong><br \/>\nLa page <a href=\"https:\/\/www.concordia.ca\/fr\/cartes\/itineraires.html\" target=\"_blank\" rel=\"noopener noreferrer\">Se rendre \u00e0 Concordia<\/a> contient des informations d\u00e9taill\u00e9es afin de vous aider \u00e0 planifier votre s\u00e9jour \u00e0 Montr\u00e9al, que vous arriviez par les airs, en voiture ou en transport en commun au campus de Concordia situ\u00e9 au centre-ville (campus Sir George William).<\/p>\n<p><strong><em>Comment se rendre au b\u00e2timent :<\/em><\/strong><\/p>\n<p>En transport public :<br \/>\nLa station de m\u00e9tro la plus proche du b\u00e2timent Hall est la station Guy-Concordia, \u00e0 environ trois minutes de marche.<\/p>\n<p><img decoding=\"async\" loading=\"lazy\" class=\"alignnone size-medium wp-image-66\" src=\"https:\/\/carleton.ca\/movebeyondcharity\/wp-content\/uploads\/Screen-Shot-2024-05-30-at-3.05.03-AM-240x240.png\" alt=\"\" width=\"240\" height=\"240\" srcset=\"https:\/\/carleton.ca\/movebeyondcharity\/wp-content\/uploads\/Screen-Shot-2024-05-30-at-3.05.03-AM-240x240.png 240w, https:\/\/carleton.ca\/movebeyondcharity\/wp-content\/uploads\/Screen-Shot-2024-05-30-at-3.05.03-AM-400x400.png 400w, https:\/\/carleton.ca\/movebeyondcharity\/wp-content\/uploads\/Screen-Shot-2024-05-30-at-3.05.03-AM-160x160.png 160w, https:\/\/carleton.ca\/movebeyondcharity\/wp-content\/uploads\/Screen-Shot-2024-05-30-at-3.05.03-AM-200x200.png 200w, https:\/\/carleton.ca\/movebeyondcharity\/wp-content\/uploads\/Screen-Shot-2024-05-30-at-3.05.03-AM-360x360.png 360w, https:\/\/carleton.ca\/movebeyondcharity\/wp-content\/uploads\/Screen-Shot-2024-05-30-at-3.05.03-AM.png 738w\" sizes=\"(max-width: 240px) 100vw, 240px\" \/><\/p>\n<p>\u00c0 v\u00e9lo :<br \/>\nLe boulevard de Maisonneuve comprend une piste cyclable \u00e0 double sens. Juste en face du b\u00e2timent Hall, sur la rue MacKay, il y a une station publique de location de v\u00e9lo Bixi. Pour utiliser le syst\u00e8me, vous aurez besoin d\u2019une carte de cr\u00e9dit.<\/p>\n<p>Stationnement \u00e0 Concordia\u00a0:<br \/>\nIl est possible de se stationner dans les rues partout au centre-ville, \u00e0 diff\u00e9rents taux horaires. De plus, \u00e0 une centaine de pieds de l\u2019\u00e9tablissement, on trouve deux stationnements int\u00e9rieurs s\u00e9curis\u00e9s \u00e0 un tarif maximal de 29\u00a0$ pour 24 heures. Le paiement doit \u00eatre effectu\u00e9 sur place, avec une carte de cr\u00e9dit.<\/p>\n<p><a href=\"https:\/\/www.concordia.ca\/maps\/parking\/sgw-campus.html#lb\" target=\"_blank\" rel=\"noopener noreferrer\"><span style=\"font-weight: 400;\">Le b\u00e2timent LB<\/span><\/a>\u00a0abrite le stationnement le plus pr\u00e8s du lieu de l\u2019\u00e9v\u00e9nement, mais c\u2019est celui qui se remplit le plus vite. Il poss\u00e8de deux bornes de rechargement (120\u00a0volts) pour les v\u00e9hicules \u00e9lectriques.<\/p>\n<p><a href=\"https:\/\/www.concordia.ca\/maps\/parking\/sgw-campus.html#fb\" target=\"_blank\" rel=\"noopener noreferrer\"><span style=\"font-weight: 400;\">Le b\u00e2timent Faubourg<\/span><\/a>\u00a0est une autre option. Il compte cinq bornes de rechargement payantes (240\u00a0volts).<\/p>\n<p><em><strong>Comment se rendre \u00e0 la salle o\u00f9 aura lieu l\u2019\u00e9v\u00e9nement, \u00e0 l\u2019int\u00e9rieur du b\u00e2timent Hall :<\/strong><\/em><\/p>\n<p>Entrez dans le b\u00e2timent Hall par l\u2019entr\u00e9e principale, situ\u00e9e au 1455, boulevard De Maisonneuve Ouest\u00a0:<\/p>\n<p><img decoding=\"async\" loading=\"lazy\" class=\"alignnone size-medium wp-image-68\" src=\"https:\/\/carleton.ca\/movebeyondcharity\/wp-content\/uploads\/1_hall_building-240x320.jpeg\" alt=\"\" width=\"240\" height=\"320\" srcset=\"https:\/\/carleton.ca\/movebeyondcharity\/wp-content\/uploads\/1_hall_building-240x320.jpeg 240w, https:\/\/carleton.ca\/movebeyondcharity\/wp-content\/uploads\/1_hall_building-400x533.jpeg 400w, https:\/\/carleton.ca\/movebeyondcharity\/wp-content\/uploads\/1_hall_building-160x213.jpeg 160w, https:\/\/carleton.ca\/movebeyondcharity\/wp-content\/uploads\/1_hall_building-360x480.jpeg 360w, https:\/\/carleton.ca\/movebeyondcharity\/wp-content\/uploads\/1_hall_building.jpeg 768w\" sizes=\"(max-width: 240px) 100vw, 240px\" \/><\/p>\n<p><i><span style=\"font-weight: 200;\">Figure\u00a01 Photo de l\u2019entr\u00e9e du b\u00e2timent, situ\u00e9e sur De Maisonneuve Ouest.<\/span><\/i><\/p>\n<p><img decoding=\"async\" loading=\"lazy\" class=\"alignnone size-medium wp-image-69\" src=\"https:\/\/carleton.ca\/movebeyondcharity\/wp-content\/uploads\/2_entrance_hall_building-240x320.jpeg\" alt=\"\" width=\"240\" height=\"320\" srcset=\"https:\/\/carleton.ca\/movebeyondcharity\/wp-content\/uploads\/2_entrance_hall_building-240x320.jpeg 240w, https:\/\/carleton.ca\/movebeyondcharity\/wp-content\/uploads\/2_entrance_hall_building-400x533.jpeg 400w, https:\/\/carleton.ca\/movebeyondcharity\/wp-content\/uploads\/2_entrance_hall_building-160x213.jpeg 160w, https:\/\/carleton.ca\/movebeyondcharity\/wp-content\/uploads\/2_entrance_hall_building-360x480.jpeg 360w, https:\/\/carleton.ca\/movebeyondcharity\/wp-content\/uploads\/2_entrance_hall_building.jpeg 768w\" sizes=\"(max-width: 240px) 100vw, 240px\" \/><\/p>\n<p><i><span style=\"font-weight: 200;\">Figure\u00a02 Vestibule de l\u2019entr\u00e9e principale.<\/span><\/i><\/p>\n<p>Montez au 2e \u00e9tage. Pour acc\u00e9der \u00e0 l\u2019ascenseur, dirigez-vous vers la gauche et empruntez le couloir.<\/p>\n<p><img decoding=\"async\" loading=\"lazy\" class=\"alignnone size-medium wp-image-70\" src=\"https:\/\/carleton.ca\/movebeyondcharity\/wp-content\/uploads\/3_hallway_leading_to_elevators-240x320.jpeg\" alt=\"\" width=\"240\" height=\"320\" srcset=\"https:\/\/carleton.ca\/movebeyondcharity\/wp-content\/uploads\/3_hallway_leading_to_elevators-240x320.jpeg 240w, https:\/\/carleton.ca\/movebeyondcharity\/wp-content\/uploads\/3_hallway_leading_to_elevators-400x533.jpeg 400w, https:\/\/carleton.ca\/movebeyondcharity\/wp-content\/uploads\/3_hallway_leading_to_elevators-160x213.jpeg 160w, https:\/\/carleton.ca\/movebeyondcharity\/wp-content\/uploads\/3_hallway_leading_to_elevators-360x480.jpeg 360w, https:\/\/carleton.ca\/movebeyondcharity\/wp-content\/uploads\/3_hallway_leading_to_elevators.jpeg 768w\" sizes=\"(max-width: 240px) 100vw, 240px\" \/> \u00a0<img decoding=\"async\" loading=\"lazy\" class=\"alignnone size-medium wp-image-72\" src=\"https:\/\/carleton.ca\/movebeyondcharity\/wp-content\/uploads\/4_elevator_hallway-240x320.jpeg\" alt=\"\" width=\"240\" height=\"320\" srcset=\"https:\/\/carleton.ca\/movebeyondcharity\/wp-content\/uploads\/4_elevator_hallway-240x320.jpeg 240w, https:\/\/carleton.ca\/movebeyondcharity\/wp-content\/uploads\/4_elevator_hallway-400x533.jpeg 400w, https:\/\/carleton.ca\/movebeyondcharity\/wp-content\/uploads\/4_elevator_hallway-160x213.jpeg 160w, https:\/\/carleton.ca\/movebeyondcharity\/wp-content\/uploads\/4_elevator_hallway-360x480.jpeg 360w, https:\/\/carleton.ca\/movebeyondcharity\/wp-content\/uploads\/4_elevator_hallway.jpeg 768w\" sizes=\"(max-width: 240px) 100vw, 240px\" \/> \u00a0<img decoding=\"async\" loading=\"lazy\" class=\"alignnone size-medium wp-image-71\" src=\"https:\/\/carleton.ca\/movebeyondcharity\/wp-content\/uploads\/5_elevator-240x320.jpeg\" alt=\"\" width=\"240\" height=\"320\" srcset=\"https:\/\/carleton.ca\/movebeyondcharity\/wp-content\/uploads\/5_elevator-240x320.jpeg 240w, https:\/\/carleton.ca\/movebeyondcharity\/wp-content\/uploads\/5_elevator-400x533.jpeg 400w, https:\/\/carleton.ca\/movebeyondcharity\/wp-content\/uploads\/5_elevator-160x213.jpeg 160w, https:\/\/carleton.ca\/movebeyondcharity\/wp-content\/uploads\/5_elevator-360x480.jpeg 360w, https:\/\/carleton.ca\/movebeyondcharity\/wp-content\/uploads\/5_elevator.jpeg 768w\" sizes=\"(max-width: 240px) 100vw, 240px\" \/><\/p>\n<p>Vous pouvez aussi monter au 2e \u00e9tage par les escaliers, situ\u00e9s juste en face de vous lorsque vous entrez dans le b\u00e2timent:<\/p>\n<p><img decoding=\"async\" loading=\"lazy\" class=\"alignnone size-medium wp-image-73\" src=\"https:\/\/carleton.ca\/movebeyondcharity\/wp-content\/uploads\/6_stairway-240x320.jpeg\" alt=\"\" width=\"240\" height=\"320\" srcset=\"https:\/\/carleton.ca\/movebeyondcharity\/wp-content\/uploads\/6_stairway-240x320.jpeg 240w, https:\/\/carleton.ca\/movebeyondcharity\/wp-content\/uploads\/6_stairway-400x533.jpeg 400w, https:\/\/carleton.ca\/movebeyondcharity\/wp-content\/uploads\/6_stairway-160x213.jpeg 160w, https:\/\/carleton.ca\/movebeyondcharity\/wp-content\/uploads\/6_stairway-360x480.jpeg 360w, https:\/\/carleton.ca\/movebeyondcharity\/wp-content\/uploads\/6_stairway.jpeg 768w\" sizes=\"(max-width: 240px) 100vw, 240px\" \/><\/p>\n<p><i><span style=\"font-weight: 200;\">Figure 3 Escaliers menant au 2<\/span><\/i><i><span style=\"font-weight: 200;\">e<\/span><\/i><i><span style=\"font-weight: 200;\"> \u00e9tage.<\/span><\/i><\/p>\n<p>Au 2e \u00e9tage, sur le mur oppos\u00e9 \u00e0 l\u2019entr\u00e9e du b\u00e2timent, vous apercevrez le Hive Caf\u00e9. Empruntez le couloir situ\u00e9 \u00e0 gauche de celui-ci\u00a0:<\/p>\n<p><img decoding=\"async\" loading=\"lazy\" class=\"alignnone size-medium wp-image-74\" src=\"https:\/\/carleton.ca\/movebeyondcharity\/wp-content\/uploads\/7_hive_cafe-240x320.jpeg\" alt=\"\" width=\"240\" height=\"320\" srcset=\"https:\/\/carleton.ca\/movebeyondcharity\/wp-content\/uploads\/7_hive_cafe-240x320.jpeg 240w, https:\/\/carleton.ca\/movebeyondcharity\/wp-content\/uploads\/7_hive_cafe-400x533.jpeg 400w, https:\/\/carleton.ca\/movebeyondcharity\/wp-content\/uploads\/7_hive_cafe-160x213.jpeg 160w, https:\/\/carleton.ca\/movebeyondcharity\/wp-content\/uploads\/7_hive_cafe-360x480.jpeg 360w, https:\/\/carleton.ca\/movebeyondcharity\/wp-content\/uploads\/7_hive_cafe.jpeg 768w\" sizes=\"(max-width: 240px) 100vw, 240px\" \/><\/p>\n<p>Traversez ce couloir, puis franchissez les portes vitr\u00e9es au bout. Reggie\u2019s se trouvera \u00e0 votre droite.<\/p>\n<p><img decoding=\"async\" loading=\"lazy\" class=\"alignnone size-medium wp-image-76\" src=\"https:\/\/carleton.ca\/movebeyondcharity\/wp-content\/uploads\/8_hallway_leading_to_reggies-240x320.jpeg\" alt=\"\" width=\"240\" height=\"320\" srcset=\"https:\/\/carleton.ca\/movebeyondcharity\/wp-content\/uploads\/8_hallway_leading_to_reggies-240x320.jpeg 240w, https:\/\/carleton.ca\/movebeyondcharity\/wp-content\/uploads\/8_hallway_leading_to_reggies-400x533.jpeg 400w, https:\/\/carleton.ca\/movebeyondcharity\/wp-content\/uploads\/8_hallway_leading_to_reggies-160x213.jpeg 160w, https:\/\/carleton.ca\/movebeyondcharity\/wp-content\/uploads\/8_hallway_leading_to_reggies-360x480.jpeg 360w, https:\/\/carleton.ca\/movebeyondcharity\/wp-content\/uploads\/8_hallway_leading_to_reggies.jpeg 768w\" sizes=\"(max-width: 240px) 100vw, 240px\" \/> \u00a0<img decoding=\"async\" loading=\"lazy\" class=\"alignnone size-medium wp-image-75\" src=\"https:\/\/carleton.ca\/movebeyondcharity\/wp-content\/uploads\/9_reggies-240x320.jpeg\" alt=\"\" width=\"240\" height=\"320\" srcset=\"https:\/\/carleton.ca\/movebeyondcharity\/wp-content\/uploads\/9_reggies-240x320.jpeg 240w, https:\/\/carleton.ca\/movebeyondcharity\/wp-content\/uploads\/9_reggies-400x533.jpeg 400w, https:\/\/carleton.ca\/movebeyondcharity\/wp-content\/uploads\/9_reggies-160x213.jpeg 160w, https:\/\/carleton.ca\/movebeyondcharity\/wp-content\/uploads\/9_reggies-360x480.jpeg 360w, https:\/\/carleton.ca\/movebeyondcharity\/wp-content\/uploads\/9_reggies.jpeg 768w\" sizes=\"(max-width: 240px) 100vw, 240px\" \/><\/p>\n<p><strong>Accessibilit\u00e9\u00a0:<\/strong><\/p>\n<p>L\u2019\u00e9v\u00e9nement aura lieu au 2e \u00e9tage du b\u00e2timent Henry F. Hall, mais il est accessible\u00a0: il y a un ascenseur \u00e0 l\u2019\u00e9tage principal (1455, boulevard De Maisonneuve Ouest).<\/p>\n<p>Il y a des toilettes non genr\u00e9es dans le b\u00e2timent Hall, mais aucune \u00e0 l\u2019\u00e9tage o\u00f9 aura lieu l\u2019\u00e9v\u00e9nement, malheureusement. Vous pouvez trouver une liste des salles de bain inclusives <a href=\"https:\/\/www.concordia.ca\/fr\/cartes\/edifices\/toilettes-inclusifs\/sgw.html\" target=\"_blank\" rel=\"noopener noreferrer\"><span style=\"font-weight: 400;\">ici.<\/span><\/a><\/p>\n","protected":false},"excerpt":{"rendered":"<p>Comment s\u2019inscrire: Les places sont limit\u00e9es. Pour assister \u00e0 l\u2019\u00e9v\u00e9nement, veuillez vous inscrire via Eventbrite. Description de l\u2019\u00e9v\u00e9nement : L\u2019ins\u00e9curit\u00e9 alimentaire : allons au-del\u00e0 de la charit\u00e9! Les probl\u00e8mes syst\u00e9miques n\u00e9cessitent des solutions syst\u00e9miques. Venez apprendre de groupes communautaires et de chercheur.e.s qui revendiquent des changements syst\u00e9miques et un d\u00e9tournement des approches ax\u00e9es sur la [&hellip;]<\/p>\n","protected":false},"author":7,"featured_media":0,"parent":0,"menu_order":0,"comment_status":"closed","ping_status":"closed","template":"","meta":{"_relevanssi_hide_post":"","_relevanssi_hide_content":"","_relevanssi_pin_for_all":"","_relevanssi_pin_keywords":"","_relevanssi_unpin_keywords":"","_relevanssi_related_keywords":"","_relevanssi_related_include_ids":"","_relevanssi_related_exclude_ids":"","_relevanssi_related_no_append":"","_relevanssi_related_not_related":"","_relevanssi_related_posts":"","_relevanssi_noindex_reason":"","_mi_skip_tracking":false,"_exactmetrics_sitenote_active":false,"_exactmetrics_sitenote_note":"","_exactmetrics_sitenote_category":0,"footnotes":"","_links_to":"","_links_to_target":""},"yoast_head":"<!-- This site is optimized with the Yoast SEO plugin v21.2 - https:\/\/yoast.com\/wordpress\/plugins\/seo\/ -->\n<title>Informations sur l\u2019\u00e9v\u00e9nement - Let&#039;s Move beyond Charity<\/title>\n<meta name=\"description\" content=\"Comment s\u2019inscrire: Les places sont limit\u00e9es. Pour assister \u00e0 l\u2019\u00e9v\u00e9nement, veuillez vous inscrire via Eventbrite. Description de l\u2019\u00e9v\u00e9nement :\" \/>\n<meta name=\"robots\" content=\"index, follow, max-snippet:-1, max-image-preview:large, max-video-preview:-1\" \/>\n<link rel=\"canonical\" href=\"https:\/\/carleton.ca\/movebeyondcharity\/information\/\" \/>\n<meta name=\"twitter:label1\" content=\"Est. reading time\" \/>\n\t<meta name=\"twitter:data1\" content=\"5 minutes\" \/>\n<script type=\"application\/ld+json\" class=\"yoast-schema-graph\">{\"@context\":\"https:\/\/schema.org\",\"@graph\":[{\"@type\":\"WebPage\",\"@id\":\"https:\/\/carleton.ca\/movebeyondcharity\/information\/\",\"url\":\"https:\/\/carleton.ca\/movebeyondcharity\/information\/\",\"name\":\"Informations sur l\u2019\u00e9v\u00e9nement - Let&#039;s Move beyond Charity\",\"isPartOf\":{\"@id\":\"https:\/\/carleton.ca\/movebeyondcharity\/#website\"},\"datePublished\":\"2024-05-29T15:38:11+00:00\",\"dateModified\":\"2024-06-06T20:04:14+00:00\",\"description\":\"Comment s\u2019inscrire: Les places sont limit\u00e9es. Pour assister \u00e0 l\u2019\u00e9v\u00e9nement, veuillez vous inscrire via Eventbrite. Description de l\u2019\u00e9v\u00e9nement :\",\"breadcrumb\":{\"@id\":\"https:\/\/carleton.ca\/movebeyondcharity\/information\/#breadcrumb\"},\"inLanguage\":\"en-US\",\"potentialAction\":[{\"@type\":\"ReadAction\",\"target\":[\"https:\/\/carleton.ca\/movebeyondcharity\/information\/\"]}]},{\"@type\":\"BreadcrumbList\",\"@id\":\"https:\/\/carleton.ca\/movebeyondcharity\/information\/#breadcrumb\",\"itemListElement\":[{\"@type\":\"ListItem\",\"position\":1,\"name\":\"Home\",\"item\":\"https:\/\/carleton.ca\/movebeyondcharity\/\"},{\"@type\":\"ListItem\",\"position\":2,\"name\":\"Informations sur l\u2019\u00e9v\u00e9nement\"}]},{\"@type\":\"WebSite\",\"@id\":\"https:\/\/carleton.ca\/movebeyondcharity\/#website\",\"url\":\"https:\/\/carleton.ca\/movebeyondcharity\/\",\"name\":\"Let&#039;s Move beyond Charity\",\"description\":\"\",\"potentialAction\":[{\"@type\":\"SearchAction\",\"target\":{\"@type\":\"EntryPoint\",\"urlTemplate\":\"https:\/\/carleton.ca\/movebeyondcharity\/?s={search_term_string}\"},\"query-input\":\"required name=search_term_string\"}],\"inLanguage\":\"en-US\"}]}<\/script>\n<!-- \/ Yoast SEO plugin. -->","yoast_head_json":{"title":"Informations sur l\u2019\u00e9v\u00e9nement - Let&#039;s Move beyond Charity","description":"Comment s\u2019inscrire: Les places sont limit\u00e9es. Pour assister \u00e0 l\u2019\u00e9v\u00e9nement, veuillez vous inscrire via Eventbrite. Description de l\u2019\u00e9v\u00e9nement :","robots":{"index":"index","follow":"follow","max-snippet":"max-snippet:-1","max-image-preview":"max-image-preview:large","max-video-preview":"max-video-preview:-1"},"canonical":"https:\/\/carleton.ca\/movebeyondcharity\/information\/","twitter_misc":{"Est. reading time":"5 minutes"},"schema":{"@context":"https:\/\/schema.org","@graph":[{"@type":"WebPage","@id":"https:\/\/carleton.ca\/movebeyondcharity\/information\/","url":"https:\/\/carleton.ca\/movebeyondcharity\/information\/","name":"Informations sur l\u2019\u00e9v\u00e9nement - Let&#039;s Move beyond Charity","isPartOf":{"@id":"https:\/\/carleton.ca\/movebeyondcharity\/#website"},"datePublished":"2024-05-29T15:38:11+00:00","dateModified":"2024-06-06T20:04:14+00:00","description":"Comment s\u2019inscrire: Les places sont limit\u00e9es. Pour assister \u00e0 l\u2019\u00e9v\u00e9nement, veuillez vous inscrire via Eventbrite. Description de l\u2019\u00e9v\u00e9nement :","breadcrumb":{"@id":"https:\/\/carleton.ca\/movebeyondcharity\/information\/#breadcrumb"},"inLanguage":"en-US","potentialAction":[{"@type":"ReadAction","target":["https:\/\/carleton.ca\/movebeyondcharity\/information\/"]}]},{"@type":"BreadcrumbList","@id":"https:\/\/carleton.ca\/movebeyondcharity\/information\/#breadcrumb","itemListElement":[{"@type":"ListItem","position":1,"name":"Home","item":"https:\/\/carleton.ca\/movebeyondcharity\/"},{"@type":"ListItem","position":2,"name":"Informations sur l\u2019\u00e9v\u00e9nement"}]},{"@type":"WebSite","@id":"https:\/\/carleton.ca\/movebeyondcharity\/#website","url":"https:\/\/carleton.ca\/movebeyondcharity\/","name":"Let&#039;s Move beyond Charity","description":"","potentialAction":[{"@type":"SearchAction","target":{"@type":"EntryPoint","urlTemplate":"https:\/\/carleton.ca\/movebeyondcharity\/?s={search_term_string}"},"query-input":"required name=search_term_string"}],"inLanguage":"en-US"}]}},"acf":{"banner_image_type":"none","banner_button":"no"},"_links":{"self":[{"href":"https:\/\/carleton.ca\/movebeyondcharity\/wp-json\/wp\/v2\/pages\/17"}],"collection":[{"href":"https:\/\/carleton.ca\/movebeyondcharity\/wp-json\/wp\/v2\/pages"}],"about":[{"href":"https:\/\/carleton.ca\/movebeyondcharity\/wp-json\/wp\/v2\/types\/page"}],"author":[{"embeddable":true,"href":"https:\/\/carleton.ca\/movebeyondcharity\/wp-json\/wp\/v2\/users\/7"}],"replies":[{"embeddable":true,"href":"https:\/\/carleton.ca\/movebeyondcharity\/wp-json\/wp\/v2\/comments?post=17"}],"version-history":[{"count":3,"href":"https:\/\/carleton.ca\/movebeyondcharity\/wp-json\/wp\/v2\/pages\/17\/revisions"}],"predecessor-version":[{"id":201,"href":"https:\/\/carleton.ca\/movebeyondcharity\/wp-json\/wp\/v2\/pages\/17\/revisions\/201"}],"wp:attachment":[{"href":"https:\/\/carleton.ca\/movebeyondcharity\/wp-json\/wp\/v2\/media?parent=17"}],"curies":[{"name":"wp","href":"https:\/\/api.w.org\/{rel}","templated":true}]}}