{"id":8206,"date":"2018-02-21T11:10:32","date_gmt":"2018-02-21T16:10:32","guid":{"rendered":"https:\/\/carleton.ca\/music\/?page_id=8206"},"modified":"2025-06-02T11:30:18","modified_gmt":"2025-06-02T15:30:18","slug":"carleton-chamber-singers","status":"publish","type":"page","link":"https:\/\/carleton.ca\/music\/carleton-university-choir-members-page\/carleton-chamber-singers\/","title":{"rendered":"Carleton Chamber Singers"},"content":{"rendered":"\n<section class=\"w-screen px-6 cu-section cu-section--white ml-offset-center md:px-8 lg:px-14\">\n    <div class=\"space-y-6 cu-max-w-child-5xl  md:space-y-10 cu-prose-first-last\">\n\n            <div class=\"cu-textmedia flex flex-col lg:flex-row mx-auto gap-6 md:gap-10 my-6 md:my-12 first:mt-0 max-w-5xl\">\n        <div class=\"justify-start cu-textmedia-content cu-prose-first-last\" style=\"flex: 0 0 100%;\">\n            <header class=\"font-light prose-xl cu-pageheader md:prose-2xl cu-component-updated cu-prose-first-last\">\n                                    <h1 class=\"cu-prose-first-last font-semibold !mt-2 mb-4 md:mb-6 relative after:absolute after:h-px after:bottom-0 after:bg-cu-red after:left-px text-3xl md:text-4xl lg:text-5xl lg:leading-[3.5rem] pb-5 after:w-10 text-cu-black-700 not-prose\">\n                        Carleton Chamber Singers\n                    <\/h1>\n                \n                                \n                            <\/header>\n\n                    <\/div>\n\n            <\/div>\n\n    <\/div>\n<\/section>\n\n<p><a href=\"https:\/\/musescore.com\/user\/12741311\/scores\/4998139\/s\/139e88\">H\u00e5ll Facklan H\u00f6gt Sop 1<\/a><\/p>\n\n\n\n<p><a href=\"https:\/\/musescore.com\/user\/12741311\/scores\/4998144\/s\/762b50\">H\u00e5ll Facklan H\u00f6gt Sop 2<\/a><\/p>\n\n\n\n<p><a href=\"https:\/\/musescore.com\/user\/12741311\/scores\/4998148\/s\/34553b\">H\u00e5ll Facklan H\u00f6gt Alto 1<\/a><\/p>\n\n\n\n<p><a href=\"https:\/\/musescore.com\/user\/12741311\/scores\/4998153\/s\/9e8a90\">H\u00e5ll Facklan H\u00f6gt Alto 2<\/a><\/p>\n\n\n\n<p><a href=\"https:\/\/musescore.com\/user\/12741311\/scores\/4998156\/s\/ffbec4\">H\u00e5ll Facklan H\u00f6gt Tenor 1<\/a><\/p>\n\n\n\n<p><a href=\"https:\/\/musescore.com\/user\/12741311\/scores\/4998160\/s\/2cd515\">H\u00e5ll Facklan H\u00f6gt Tenor 2<\/a><\/p>\n\n\n\n<p><a href=\"https:\/\/musescore.com\/user\/12741311\/scores\/4998164\/s\/a4c077\">H\u00e5ll Facklan H\u00f6gt Baritone<\/a><\/p>\n\n\n\n<p><a href=\"https:\/\/musescore.com\/user\/12741311\/scores\/4998165\/s\/7fb602\">H\u00e5ll Facklan H\u00f6gt Bass<\/a><\/p>\n\n\n\n<p>&nbsp;<\/p>\n\n\n\n<p><a href=\"https:\/\/musescore.com\/user\/12741311\/scores\/4986809\/s\/b8d215\">Reconciliation Sop 1<\/a><\/p>\n\n\n\n<p><a href=\"https:\/\/musescore.com\/user\/12741311\/scores\/4986810\/s\/39a9bf\">Reconciliation Sop 2<\/a><\/p>\n\n\n\n<p><a href=\"https:\/\/musescore.com\/user\/12741311\/scores\/4986812\/s\/6196dc\">Reconciliation Alto 1<\/a><\/p>\n\n\n\n<p><a href=\"https:\/\/musescore.com\/user\/12741311\/scores\/4986817\/s\/dd455e\">Reconciliation alto 2<\/a><\/p>\n\n\n\n<p><a href=\"https:\/\/musescore.com\/user\/12741311\/scores\/4986820\/s\/587f35\">Reconciliation Tenor 1<\/a><\/p>\n\n\n\n<p><a href=\"https:\/\/musescore.com\/user\/12741311\/scores\/4986824\/s\/19baa8\">Reconciliation Tenor 2<\/a><\/p>\n\n\n\n<p><a href=\"https:\/\/musescore.com\/user\/12741311\/scores\/4986830\/s\/923731\">Reconciliation Baritone<\/a><\/p>\n\n\n\n<p><a href=\"https:\/\/musescore.com\/user\/12741311\/scores\/4986835\/s\/39e7d6\">Reconciliation Bass<\/a><\/p>\n\n\n\n<p>&nbsp;<\/p>\n\n\n\n<p><a href=\"https:\/\/musescore.com\/user\/12741311\/scores\/4980358\/s\/d3b959\">Kyrie Sop 1<\/a><\/p>\n\n\n\n<p><a href=\"https:\/\/musescore.com\/user\/12741311\/scores\/4980361\/s\/cbe9e1\">Kyrie Sop 2<\/a><\/p>\n\n\n\n<p><a href=\"https:\/\/musescore.com\/user\/12741311\/scores\/4980365\/s\/e6ea73\">Kyrie Alto 1<\/a><\/p>\n\n\n\n<p><a href=\"https:\/\/musescore.com\/user\/12741311\/scores\/4980367\/s\/a9c958\">Kyrie Alto 2<\/a><\/p>\n\n\n\n<p><a href=\"https:\/\/musescore.com\/user\/12741311\/scores\/4980369\/s\/70bb28\">Kyrie Tenor 1<\/a><\/p>\n\n\n\n<p><a href=\"https:\/\/musescore.com\/user\/12741311\/scores\/4980370\/s\/c75ebc\">Kyrie Tenor 2<\/a><\/p>\n\n\n\n<p><a href=\"https:\/\/musescore.com\/user\/12741311\/scores\/4980372\/s\/80b6bb\">Kyrie Baritone<\/a><\/p>\n\n\n\n<p><a href=\"https:\/\/musescore.com\/user\/12741311\/scores\/4980373\/s\/0a4921\">Kyrie Bass<\/a><\/p>\n\n\n\n<p>&nbsp;<\/p>\n\n\n\n<p><a href=\"https:\/\/musescore.com\/user\/12741311\/scores\/4981490\/s\/01404a\">Dvadtsat Sop 1<\/a><\/p>\n\n\n\n<p><a href=\"https:\/\/musescore.com\/user\/12741311\/scores\/4981495\/s\/1b7060\">Dvadtsat Sop 2<\/a><\/p>\n\n\n\n<p><a href=\"https:\/\/musescore.com\/user\/12741311\/scores\/4981496\/s\/1f7133\">Dvadtsat Alto 1<\/a><\/p>\n\n\n\n<p><a href=\"https:\/\/musescore.com\/user\/12741311\/scores\/4981497\/s\/0fe3c8\">Dvadtsat Alto 2<\/a><\/p>\n\n\n\n<p><a href=\"https:\/\/musescore.com\/user\/12741311\/scores\/4981498\/s\/7bd523\">Dvadtsat Tenor 1<\/a><\/p>\n\n\n\n<p><a href=\"https:\/\/musescore.com\/user\/12741311\/scores\/4981499\/s\/48737b\">Dvadtsat Tenor 2<\/a><\/p>\n\n\n\n<p><a href=\"https:\/\/musescore.com\/user\/12741311\/scores\/4981502\/s\/20244c\">Dvadtsat Baritone<\/a><\/p>\n\n\n\n<p><a href=\"https:\/\/musescore.com\/user\/12741311\/scores\/4981503\/s\/b93004\">Dvadtsat Bass<\/a><\/p>\n\n\n\n<p>&nbsp;<\/p>\n","protected":false},"excerpt":{"rendered":"<p>H\u00e5ll Facklan H\u00f6gt Sop 1 H\u00e5ll Facklan H\u00f6gt Sop 2 H\u00e5ll Facklan H\u00f6gt Alto 1 H\u00e5ll Facklan H\u00f6gt Alto 2 H\u00e5ll Facklan H\u00f6gt Tenor 1 H\u00e5ll Facklan H\u00f6gt Tenor 2 H\u00e5ll Facklan H\u00f6gt Baritone H\u00e5ll Facklan H\u00f6gt Bass &nbsp; Reconciliation Sop 1 Reconciliation Sop 2 Reconciliation Alto 1 Reconciliation alto 2 Reconciliation Tenor 1 Reconciliation [&hellip;]<\/p>\n","protected":false},"author":2,"featured_media":0,"parent":4526,"menu_order":0,"comment_status":"closed","ping_status":"closed","template":"","meta":{"_acf_changed":false,"_cu_dining_location_slug":"","footnotes":"","_links_to":"","_links_to_target":""},"cu_page_type":[54],"class_list":["post-8206","page","type-page","status-publish","hentry","cu_page_type-general"],"acf":{"cu_post_thumbnail":false},"_links":{"self":[{"href":"https:\/\/carleton.ca\/music\/wp-json\/wp\/v2\/pages\/8206","targetHints":{"allow":["GET"]}}],"collection":[{"href":"https:\/\/carleton.ca\/music\/wp-json\/wp\/v2\/pages"}],"about":[{"href":"https:\/\/carleton.ca\/music\/wp-json\/wp\/v2\/types\/page"}],"author":[{"embeddable":true,"href":"https:\/\/carleton.ca\/music\/wp-json\/wp\/v2\/users\/2"}],"replies":[{"embeddable":true,"href":"https:\/\/carleton.ca\/music\/wp-json\/wp\/v2\/comments?post=8206"}],"version-history":[{"count":3,"href":"https:\/\/carleton.ca\/music\/wp-json\/wp\/v2\/pages\/8206\/revisions"}],"predecessor-version":[{"id":8235,"href":"https:\/\/carleton.ca\/music\/wp-json\/wp\/v2\/pages\/8206\/revisions\/8235"}],"up":[{"embeddable":true,"href":"https:\/\/carleton.ca\/music\/wp-json\/wp\/v2\/pages\/4526"}],"wp:attachment":[{"href":"https:\/\/carleton.ca\/music\/wp-json\/wp\/v2\/media?parent=8206"}],"wp:term":[{"taxonomy":"cu_page_type","embeddable":true,"href":"https:\/\/carleton.ca\/music\/wp-json\/wp\/v2\/cu_page_type?post=8206"}],"curies":[{"name":"wp","href":"https:\/\/api.w.org\/{rel}","templated":true}]}}