{"id":1497,"date":"2023-01-12T08:16:00","date_gmt":"2023-01-12T13:16:00","guid":{"rendered":"https:\/\/carleton.ca\/northernresearch\/?page_id=1497"},"modified":"2026-02-13T12:31:58","modified_gmt":"2026-02-13T17:31:58","slug":"ocsnrs-2022","status":"publish","type":"page","link":"https:\/\/carleton.ca\/northernresearch\/ocsnrs\/ocsnrs-2022\/","title":{"rendered":"2022"},"content":{"rendered":"\n<section class=\"w-screen px-6 cu-section cu-section--white ml-offset-center md:px-8 lg:px-14\">\n    <div class=\"space-y-6 cu-max-w-child-5xl  md:space-y-10 cu-prose-first-last\">\n\n            <div class=\"cu-textmedia flex flex-col lg:flex-row mx-auto gap-6 md:gap-10 my-6 md:my-12 first:mt-0 max-w-5xl\">\n        <div class=\"justify-start cu-textmedia-content cu-prose-first-last\" style=\"flex: 0 0 100%;\">\n            <header class=\"font-light prose-xl cu-pageheader md:prose-2xl cu-component-updated cu-prose-first-last\">\n                                    <h1 class=\"cu-prose-first-last font-semibold !mt-2 mb-4 md:mb-6 relative after:absolute after:h-px after:bottom-0 after:bg-cu-red after:left-px text-3xl md:text-4xl lg:text-5xl lg:leading-[3.5rem] pb-5 after:w-10 text-cu-black-700 not-prose\">\n                        2022\n                    <\/h1>\n                \n                                \n                            <\/header>\n\n                    <\/div>\n\n            <\/div>\n\n    <\/div>\n<\/section>\n\n\n\n<h2 id=\"the-2022-ocsnrs-was-hosted-by-the-university-of-ottawa-on-march-25-2022\" class=\"wp-block-heading\">The 2022 OCSNRS was hosted by the University of Ottawa on March 25, 2022<\/h2>\n\n\n\n<p>Join Zoom Meeting<br>\n<a href=\"https:\/\/uottawa-ca.zoom.us\/j\/91795675465?pwd=YVRKYmliTW52WE5OK3Rpdm9rSlFxZz09\">https:\/\/uottawa-ca.zoom.us\/j\/91795675465?pwd=YVRKYmliTW52WE5OK3Rpdm9rSlFxZz09<\/a><br>\nMeeting ID: 917 9567 5465<br>\nPasscode: 0eWRNs<\/p>\n\n\n\n<p>The OCSNRS 2022 Proceedings is available to download <a href=\"https:\/\/carleton.ca\/northernresearch\/wp-content\/uploads\/sites\/208\/OCSNRS2022_program.pdf\">here<\/a><\/p>\n\n\n\n<figure class=\"wp-block-table\"><table class=\"has-fixed-layout\"><thead><tr><th>Time<\/th><th>Session Description<\/th><\/tr><\/thead><tbody><tr><td>9:30-9:50<\/td><td><strong>Conference meeting opens<\/strong><\/td><\/tr><tr><td>9:50-9:55<\/td><td><strong>Opening remarks<\/strong><\/td><\/tr><tr><td>10:00-10:40<\/td><td><strong>Keynote address: <\/strong><p><\/p>\n<p><strong>Dr. Jean Holloway<\/strong><strong>&#8211; <\/strong>Risks, opportunities, and management needs for increased ship traffic in the Canadian Arctic<\/p><\/td><\/tr><tr><td>10:40-10:50<\/td><td><strong>Break<\/strong><\/td><\/tr><tr><td>10:55-11:40<\/td><td><strong>Session 1<\/strong><p><\/p>\n<ol>\n<li><strong>Michelle Landry<\/strong><strong> &#8211; <\/strong>Determining the Source and Age of CO2 Emissions from Warming Permafrost in the North Ogilvie Mountains, Central Yukon.<\/li>\n<li><strong>Pat Jardine<\/strong><strong> &#8211; <\/strong>Investigating Snowbank Compaction as a Method of Improving the Stability of Infrastructure Built in Permafrost Terrain<\/li>\n<li><strong>Kethra Campbell-Heaton<\/strong><strong> &#8211; <\/strong>Ice wedges as a winter paleotemperature proxy: limitations and local noise in their \u03b4 18O record.<\/li>\n<\/ol>\n<\/td><\/tr><tr><td>11:45-12:40<\/td><td><strong>Lunch<\/strong><\/td><\/tr><tr><td>12:45-13:45<\/td><td><strong>Session 2<\/strong><p><\/p>\n<ol>\n<li><strong>Lena Dedyukina<\/strong><strong> &#8211; <\/strong>Community food security and wellbeing: Evaluation of the Nutrition North Canada cooking circle program in Paulatuk, NWT<\/li>\n<li><strong>Brandon Pludwinski<\/strong><strong> &#8211; <\/strong>A CBPAR photovoice approach to understanding the lived realities of environmental and climate change adaptation in Tthets&#8217;\u00e9hk&#8217;\u00e9d\u00e9l\u0131\u0328 First Nation<\/li>\n<li><strong>Hussein Samhat<\/strong> <strong>&#8211; <\/strong>The Outdoors: An Indigenous Perspective<\/li>\n<li><strong>Stephanie Woodworth &amp; Beth Hudson<\/strong><strong> &#8211; <\/strong>&#8220;It\u2019s not being on the land, it\u2019s like we are a part of the land.&#8221;: Youth stories from on-the-land camps in the Northwest Territories<\/li>\n<\/ol>\n<\/td><\/tr><tr><td>13:50-14:00<\/td><td><strong>Break<\/strong><\/td><\/tr><tr><td>14:05-14:50<\/td><td><strong>Session 3<\/strong><p><\/p>\n<ol>\n<li><strong>Trevor Andersen<\/strong><strong> \u2013 <\/strong>Synoptic conditions leading to storm force winds in Hurricane Alley, km 450-465, Dempster Highway, Yukon<\/li>\n<li><strong>Erik Wagenaar<\/strong><strong> \u2013 <\/strong>Modelling freshwater contribution to Milne Fiord, Ellesmere Island, NU<\/li>\n<li><strong>Beno\u00eet Lauzon<\/strong><strong> \u2013 <\/strong>Glacier surge dynamics on western Axel Heiberg Island, Nunavut<\/li>\n<\/ol>\n<\/td><\/tr><tr><td>14:55-15:00<\/td><td><strong>Closing Remarks<\/strong><\/td><\/tr><\/tbody><\/table><\/figure>\n\n\n\n<p>*Five-minute transition allocated for technically difficulties and\/or set up timing.<\/p>\n\n\n\n<p>&#8212;&#8211;<\/p>\n\n\n\n<p>The <strong> Ottawa-Carleton Student Northern Research Symposium<\/strong> was designed to give uOttawa and Carleton students the space to present their ideas and research in a low-stress and supportive conference setting. This event is open to undergraduate and graduate students conducting research in the Arctic, Subarctic, or Antarctic.<\/p>\n\n\n\n<p>The conference broadly aims to:<\/p>\n\n\n\n<ol class=\"wp-block-list\">\n<li>To offer students the opportunity to present their research and ideas in a supportive and inclusive environment.<\/li>\n\n\n\n<li>To facilitate scholarly communication among students and faculty.<\/li>\n<\/ol>\n\n\n\n<p>Case studies, philosophical pieces, literature reviews, conceptual development papers, or completed empirical studies pieces are all appropriate topics for the presentation. Unique presentations not using traditional formats (see above) are also welcome. Each presentation will be limited to ten (10) minutes, followed by a five (5) minute discussion\/question period.<\/p>\n\n\n\n<p>Due to COVID-19, this conference will be in a virtual format on <strong>March 25<sup>th<\/sup>, 2022<\/strong>.<\/p>\n\n\n\n<p>The abstract should be a maximum of 150-200 words in length (not including references).<\/p>\n\n\n\n<p>The abstract should be submitted <a href=\"https:\/\/forms.gle\/5ZVw7TX3b5baa9kN7\">online<\/a> no later than&nbsp;<strong>Feb. 10th, 2022, at 11:59pm.&nbsp;<\/strong><\/p>\n\n\n\n<p>In addition, each abstract submission via google form should also include 3-4 keywords that define key terms of your research. We also ask that you submit a headshot and a short bio of yourself to be included in conference proceedings if your abstract is selected for a presentation.<\/p>\n\n\n\n<p>Accepted abstracts will be reproduced in the&nbsp;<strong><em>OCSNRS 2022 Proceedings.<\/em><\/strong><\/p>\n\n\n\n<p>If you have any questions or concerns, please feel free to any of the conference organizers at <a href=\"mailto:OCSNRS2022@gmail.com\">OCSNRS2022@gmail.com<\/a>.<\/p>\n\n\n\n<p>Thank you,<\/p>\n\n\n\n<p>The OCSNRS Planning Committee<\/p>\n\n\n\n<p>Dr. Audrey Giles<\/p>\n\n\n\n<p>Brandon Pludwinski<\/p>\n\n\n\n<p>Emily Macisaac<\/p>\n\n\n\n<p>Kethra Campbell-Heaton<\/p>\n\n\n\n<p>&#8212;&#8212;&#8211;<\/p>\n\n\n\n<p>L\u2019<strong>Ottawa-Carleton Student Northern Research Symposium <\/strong>a \u00e9t\u00e9 con\u00e7ue afin de donner aux \u00e9tudiant.e.s de L\u2019Universit\u00e9 d\u2019Ottawa et de Carleton l&#8217;espace n\u00e9cessaire pour pr\u00e9senter leurs id\u00e9es et leurs recherches dans un environnement favorable et \u00e0 faible stress. Cet \u00e9v\u00e9nement est ouvert aux \u00e9tudiants de premier cycle et des cycles sup\u00e9rieurs effectuant des recherches dans l&#8217;Arctique, le subarctique ou l&#8217;Antarctique.<\/p>\n\n\n\n<p>La conf\u00e9rence vise \u00e0:<\/p>\n\n\n\n<ol class=\"wp-block-list\">\n<li>Offrir aux \u00e9tudiants la possibilit\u00e9 de pr\u00e9senter leurs recherches et leurs id\u00e9es dans un environnement favorable, inclusif et \u00e0 faible stress;<\/li>\n\n\n\n<li>Faciliter la communication scientifique entre les \u00e9tudiant.e.s et les professeur.e.s.<\/li>\n<\/ol>\n\n\n\n<p>Les pr\u00e9sentations donn\u00e9es dans le cadre de la conf\u00e9rence peuvent prendre divers formats, tel que l\u2019\u00e9tude de cas, l\u2019article philosophique, la revue de litt\u00e9rature, l\u2019article de d\u00e9veloppement conceptuel ou l\u2019article d&#8217;\u00e9tude empirique. De plus, les pr\u00e9sentations uniques n&#8217;utilisant pas les formats traditionnels (voir ci-dessus) sont \u00e9galement les bienvenues. Chaque pr\u00e9sentation sera limit\u00e9e \u00e0 dix (10) minutes, suivie d&#8217;une p\u00e9riode de questions de cinq (5) minutes.<\/p>\n\n\n\n<p>En raison du COVID-19, cette conf\u00e9rence se d\u00e9roulera de fa\u00e7on virtuelle <strong>le 25 mars<\/strong>, <strong>2022<\/strong>.<\/p>\n\n\n\n<p>Le r\u00e9sum\u00e9 doit comporter au <strong>150-200 mots<\/strong> (sans compter les r\u00e9f\u00e9rences).<\/p>\n\n\n\n<p>Le r\u00e9sum\u00e9 doit \u00eatre soumis <a href=\"https:\/\/forms.gle\/5ZVw7TX3b5baa9kN7\">en ligne<strong>&nbsp;<\/strong><\/a>au plus tard le <strong>10 f\u00e9vrier 2021 \u00e0 23 h 59<\/strong>.<\/p>\n\n\n\n<p>En outre, chaque soumission de r\u00e9sum\u00e9 via le formulaire Google doit \u00e9galement inclure 3 \u00e0 4 mots-cl\u00e9s d\u00e9finissant les th\u00e8mes principaux de votre recherche. Nous vous demandons \u00e9galement de soumettre une photo ainsi qu\u2019une courte biographie de vous-m\u00eame afin de vous introduire lors de la conf\u00e9rence si votre r\u00e9sum\u00e9 est s\u00e9lectionn\u00e9 pour une pr\u00e9sentation.<\/p>\n\n\n\n<p>Les r\u00e9sum\u00e9s accept\u00e9s seront reproduits dans les actes de <strong>OCSNRS.<\/strong><\/p>\n\n\n\n<p>Si vous avez des questions ou des pr\u00e9occupations, n&#8217;h\u00e9sitez pas \u00e0 contacter l&#8217;un des organisateurs de la conf\u00e9rence \u00e0 l&#8217;adresse&nbsp;<a href=\"mailto:OCSNRS2022@gmail.com\">OCSNRS2022@gmail.com<\/a>.<\/p>\n\n\n\n<p>Merci,<\/p>\n\n\n\n<p>Le comit\u00e9 de planification de l&#8217;OCSNRS<\/p>\n\n\n\n<p>Dr. Audrey Giles<\/p>\n\n\n\n<p>Brandon Pludwinski<\/p>\n\n\n\n<p>Emily Macisaac<\/p>\n\n\n\n<p>Kethra Campbell-Heaton<\/p>\n","protected":false},"excerpt":{"rendered":"<p>The 2022 OCSNRS was hosted by the University of Ottawa on March 25, 2022 Join Zoom Meeting https:\/\/uottawa-ca.zoom.us\/j\/91795675465?pwd=YVRKYmliTW52WE5OK3Rpdm9rSlFxZz09 Meeting ID: 917 9567 5465 Passcode: 0eWRNs The OCSNRS 2022 Proceedings is available to download here Time Session Description 9:30-9:50 Conference meeting opens 9:50-9:55 Opening remarks 10:00-10:40 Keynote address: Dr. Jean Holloway&#8211; Risks, opportunities, and management needs [&hellip;]<\/p>\n","protected":false},"author":2,"featured_media":0,"parent":84,"menu_order":0,"comment_status":"closed","ping_status":"closed","template":"","meta":{"_acf_changed":false,"_cu_dining_location_slug":"","footnotes":"","_links_to":"","_links_to_target":""},"cu_page_type":[],"class_list":["post-1497","page","type-page","status-publish","hentry"],"acf":{"cu_post_thumbnail":""},"_links":{"self":[{"href":"https:\/\/carleton.ca\/northernresearch\/wp-json\/wp\/v2\/pages\/1497","targetHints":{"allow":["GET"]}}],"collection":[{"href":"https:\/\/carleton.ca\/northernresearch\/wp-json\/wp\/v2\/pages"}],"about":[{"href":"https:\/\/carleton.ca\/northernresearch\/wp-json\/wp\/v2\/types\/page"}],"author":[{"embeddable":true,"href":"https:\/\/carleton.ca\/northernresearch\/wp-json\/wp\/v2\/users\/2"}],"replies":[{"embeddable":true,"href":"https:\/\/carleton.ca\/northernresearch\/wp-json\/wp\/v2\/comments?post=1497"}],"version-history":[{"count":3,"href":"https:\/\/carleton.ca\/northernresearch\/wp-json\/wp\/v2\/pages\/1497\/revisions"}],"predecessor-version":[{"id":1682,"href":"https:\/\/carleton.ca\/northernresearch\/wp-json\/wp\/v2\/pages\/1497\/revisions\/1682"}],"up":[{"embeddable":true,"href":"https:\/\/carleton.ca\/northernresearch\/wp-json\/wp\/v2\/pages\/84"}],"wp:attachment":[{"href":"https:\/\/carleton.ca\/northernresearch\/wp-json\/wp\/v2\/media?parent=1497"}],"wp:term":[{"taxonomy":"cu_page_type","embeddable":true,"href":"https:\/\/carleton.ca\/northernresearch\/wp-json\/wp\/v2\/cu_page_type?post=1497"}],"curies":[{"name":"wp","href":"https:\/\/api.w.org\/{rel}","templated":true}]}}