{"id":1794,"date":"2024-12-18T11:22:05","date_gmt":"2024-12-18T16:22:05","guid":{"rendered":"https:\/\/carleton.ca\/president\/?page_id=1794"},"modified":"2024-12-18T11:22:06","modified_gmt":"2024-12-18T16:22:06","slug":"about-jerry-tomberlin","status":"publish","type":"page","link":"https:\/\/carleton.ca\/president\/about-jerry-tomberlin\/","title":{"rendered":"About Jerry Tomberlin"},"content":{"rendered":"\n<section class=\"w-screen px-6 cu-section cu-section--white ml-offset-center md:px-8 lg:px-14\">\n    <div class=\"space-y-6 cu-max-w-child-5xl  md:space-y-10 cu-prose-first-last\">\n\n            <div class=\"cu-textmedia flex flex-col lg:flex-row mx-auto gap-6 md:gap-10 my-6 md:my-12 first:mt-0 max-w-5xl\">\n        <div class=\"justify-start cu-textmedia-content cu-prose-first-last\" style=\"flex: 0 0 100%;\">\n            <header class=\"font-light prose-xl cu-pageheader md:prose-2xl cu-component-updated cu-prose-first-last\">\n                                    <h1 class=\"cu-prose-first-last font-semibold !mt-2 mb-4 md:mb-6 relative after:absolute after:h-px after:bottom-0 after:bg-cu-red after:left-px text-3xl md:text-4xl lg:text-5xl lg:leading-[3.5rem] pb-5 after:w-10 text-cu-black-700 not-prose\">\n                        About Jerry Tomberlin\n                    <\/h1>\n                \n                                \n                            <\/header>\n\n                    <\/div>\n\n            <\/div>\n\n    <\/div>\n<\/section>\n\n\n\n<p>Jerry Tomberlin serves as Interim President and Vice-Chancellor at Carleton University, in addition to Professor in the Supply Management Group at the Sprott School of Business. An Update.<\/p>\n\n\n\n<p>Prior to his assignment, Tomberlin served as the Provost and Vice-President (Academic) as well as Dean of the Sprott School of Business at Carleton University. Tomberlin was a member of the AACSB International Board of Directors. He was also previously the Chair of the Board of the Canadian Federation of Business School Deans, now known as the Business Schools Association of Canada.<\/p>\n\n\n\n<p>Prior to joining Carleton University in 2008, Tomberlin held a variety of positions in the John Molson School of Business at Concordia University in Montreal, including Dean, Associate Dean of Research and Graduate Studies, as well as External Affairs, Department Chair and Academic Director of the MBA program. In addition to Concordia, he has taught at the University of Southampton in England, Baruch College of City University of New York, and l\u2019\u00c9cole Sup\u00e9rieur des Sciences \u00c9conomiques et Commerciales in France.<\/p>\n\n\n\n<p>He holds an MA and PhD in Statistics from Harvard, a Master of Public Health in Biostatistics from Michigan, and a BS in Mathematics from Florida State. He has published many refereed articles and conference proceedings.<\/p>\n\n\n\n<p>His principal research interests are:<\/p>\n\n\n\n<ul class=\"wp-block-list\">\n<li>data analysis,<\/li>\n\n\n\n<li>statistical applications in casualty actuarial science, employment discrimination and transportation,<\/li>\n\n\n\n<li>the design and analysis of sample surveys, and<\/li>\n\n\n\n<li>the impact of academic business research.<\/li>\n<\/ul>\n\n\n\n<p>Tomberlin has provided consulting services to a number of major corporations and organizations, including Clairol Canada, NASA, General Motors, Royal Bank of Canada, US Office of Federal Contract Compliance Programs, Massachusetts Attorney General\u2018s Office, Statistics Canada, Bureau de la statistique du Qu\u00e9bec, and Transports Qu\u00e9bec.<\/p>\n","protected":false},"excerpt":{"rendered":"<p>Jerry Tomberlin serves as Interim President and Vice-Chancellor at Carleton University, in addition to Professor in the Supply Management Group at the Sprott School of Business. An Update. Prior to his assignment, Tomberlin served as the Provost and Vice-President (Academic) as well as Dean of the Sprott School of Business at Carleton University. Tomberlin was [&hellip;]<\/p>\n","protected":false},"author":7,"featured_media":1682,"parent":0,"menu_order":0,"comment_status":"closed","ping_status":"closed","template":"","meta":{"_acf_changed":false,"_cu_dining_location_slug":"","footnotes":"","_links_to":"","_links_to_target":""},"cu_page_type":[45],"class_list":["post-1794","page","type-page","status-publish","has-post-thumbnail","hentry","cu_page_type-general"],"acf":{"cu_post_thumbnail":false},"_links":{"self":[{"href":"https:\/\/carleton.ca\/president\/wp-json\/wp\/v2\/pages\/1794","targetHints":{"allow":["GET"]}}],"collection":[{"href":"https:\/\/carleton.ca\/president\/wp-json\/wp\/v2\/pages"}],"about":[{"href":"https:\/\/carleton.ca\/president\/wp-json\/wp\/v2\/types\/page"}],"author":[{"embeddable":true,"href":"https:\/\/carleton.ca\/president\/wp-json\/wp\/v2\/users\/7"}],"replies":[{"embeddable":true,"href":"https:\/\/carleton.ca\/president\/wp-json\/wp\/v2\/comments?post=1794"}],"version-history":[{"count":2,"href":"https:\/\/carleton.ca\/president\/wp-json\/wp\/v2\/pages\/1794\/revisions"}],"predecessor-version":[{"id":1826,"href":"https:\/\/carleton.ca\/president\/wp-json\/wp\/v2\/pages\/1794\/revisions\/1826"}],"wp:featuredmedia":[{"embeddable":true,"href":"https:\/\/carleton.ca\/president\/wp-json\/wp\/v2\/media\/1682"}],"wp:attachment":[{"href":"https:\/\/carleton.ca\/president\/wp-json\/wp\/v2\/media?parent=1794"}],"wp:term":[{"taxonomy":"cu_page_type","embeddable":true,"href":"https:\/\/carleton.ca\/president\/wp-json\/wp\/v2\/cu_page_type?post=1794"}],"curies":[{"name":"wp","href":"https:\/\/api.w.org\/{rel}","templated":true}]}}