{"id":326,"date":"2018-09-20T15:39:29","date_gmt":"2018-09-20T19:39:29","guid":{"rendered":"https:\/\/carleton.ca\/president\/?page_id=326"},"modified":"2024-09-24T12:39:02","modified_gmt":"2024-09-24T16:39:02","slug":"board-report-sept-2018","status":"publish","type":"page","link":"https:\/\/carleton.ca\/president\/board-report-sept-2018\/","title":{"rendered":"President&#8217;s Report to the Board of Governors (Sept. 2018)"},"content":{"rendered":"\n<section class=\"w-screen px-6 cu-section cu-section--white ml-offset-center md:px-8 lg:px-14\">\n    <div class=\"space-y-6 cu-max-w-child-5xl  md:space-y-10 cu-prose-first-last\">\n\n            <div class=\"cu-textmedia flex flex-col lg:flex-row mx-auto gap-6 md:gap-10 my-6 md:my-12 first:mt-0 max-w-5xl\">\n        <div class=\"justify-start cu-textmedia-content cu-prose-first-last\" style=\"flex: 0 0 100%;\">\n            <header class=\"font-light prose-xl cu-pageheader md:prose-2xl cu-component-updated cu-prose-first-last\">\n                                    <h1 class=\"cu-prose-first-last font-semibold !mt-2 mb-4 md:mb-6 relative after:absolute after:h-px after:bottom-0 after:bg-cu-red after:left-px text-3xl md:text-4xl lg:text-5xl lg:leading-[3.5rem] pb-5 after:w-10 text-cu-black-700 not-prose\">\n                        President&#8217;s Report to the Board of Governors (Sept. 2018)\n                    <\/h1>\n                \n                                \n                            <\/header>\n\n                    <\/div>\n\n            <\/div>\n\n    <\/div>\n<\/section>\n\n<h2 id=\"reputational-and-community-highlights\" class=\"wp-block-heading\"><font color=\"#aa1f23\">Reputational and Community Highlights<\/font><\/h2>\n\n\n\n<p><em><a href=\"https:\/\/carleton.ca\/president\/wp-content\/uploads\/sites\/38\/presidents-report-sept-2018b.pdf\" rel=\"noopener\" target=\"_blank\">Click here<\/a> to view a PDF version of the report.<\/em><\/p>\n\n\n\n<h3 id=\"minister-mckenna-visits-carleton-three-times\" class=\"wp-block-heading\">Minister McKenna visits Carleton three times<\/h3>\n\n\n\n<p>Environment and Climate Change Minister Catherine McKenna came to the university three times recently to announce new funding for sustainable transportation and autonomous vehicle initiatives, to visit a pair of summer STEM camps for youth, and to announce $350,000 in funding for a Carleton research project that aims to help the construction industry design and build more energy-efficient buildings.<\/p>\n\n\n\n<figure class=\"wp-block-image aligncenter size-full wp-image-332\"><img loading=\"lazy\" decoding=\"async\" width=\"725\" height=\"500\" src=\"https:\/\/carleton.ca\/president\/wp-content\/uploads\/sites\/38\/presidents-report-1-725w-1.jpg\" alt=\"Environment and Climate Change Minister Catherine McKenna (third from right) and Carleton faculty and students, including President Benoit-Antoine Bacon, Vice-President (Research and International) Rafik Goubran and Prof. Ian Beausoleil-Morrison, outside the Urbandale Centre for Home Energy Research\" class=\"wp-image-332\" srcset=\"https:\/\/carleton.ca\/president\/wp-content\/uploads\/sites\/38\/presidents-report-1-725w-1.jpg 725w, https:\/\/carleton.ca\/president\/wp-content\/uploads\/sites\/38\/presidents-report-1-725w-1-160x110.jpg 160w, https:\/\/carleton.ca\/president\/wp-content\/uploads\/sites\/38\/presidents-report-1-725w-1-240x166.jpg 240w, https:\/\/carleton.ca\/president\/wp-content\/uploads\/sites\/38\/presidents-report-1-725w-1-400x276.jpg 400w, https:\/\/carleton.ca\/president\/wp-content\/uploads\/sites\/38\/presidents-report-1-725w-1-360x248.jpg 360w\" sizes=\"auto, (max-width: 725px) 100vw, 725px\" \/><figcaption class=\"wp-element-caption\">Environment and Climate Change Minister Catherine McKenna (third from right) and Carleton faculty and students, including President Benoit-Antoine Bacon, Vice-President (Research and International) Rafik Goubran and Prof. Ian Beausoleil-Morrison, outside the Urbandale Centre for Home Energy Research<\/figcaption><\/figure>\n\n\n\n<h3 id=\"onley-initiative-launched\" class=\"wp-block-heading\">Onley Initiative launched<\/h3>\n\n\n\n<p>At the end of August, Carleton hosted the launch of the David C. Onley Initiative for Employment and Enterprise Development, which is aimed at developing knowledge, resources and tools to help students with disabilities advance their careers. The two-year $5-million Onley Initiative is funded by the province and was created to increase employability and entrepreneurship opportunities for post-secondary students with disabilities. It is the first project contributing to the Education City initiative, a partnership between Carleton, Algonquin College, La Cit\u00e9 coll\u00e9giale and the University of Ottawa to develop more integrated &#8220;stackable&#8221; academic programs and shared research shops to help find solutions to challenges faced by businesses, non-profits and governments.<\/p>\n\n\n\n<figure class=\"wp-block-image aligncenter size-full wp-image-350\"><img loading=\"lazy\" decoding=\"async\" width=\"725\" height=\"500\" src=\"https:\/\/carleton.ca\/president\/wp-content\/uploads\/sites\/38\/presidents-report-1-725w-2.jpg\" alt=\"Algonquin College President Cheryl Jensen, President Bacon, La Cit\u00e9 coll\u00e9giale President Lise Bourgeois and University of Ottawa President Jacques Fr\u00e9mont\" class=\"wp-image-350\" srcset=\"https:\/\/carleton.ca\/president\/wp-content\/uploads\/sites\/38\/presidents-report-1-725w-2.jpg 725w, https:\/\/carleton.ca\/president\/wp-content\/uploads\/sites\/38\/presidents-report-1-725w-2-160x110.jpg 160w, https:\/\/carleton.ca\/president\/wp-content\/uploads\/sites\/38\/presidents-report-1-725w-2-240x166.jpg 240w, https:\/\/carleton.ca\/president\/wp-content\/uploads\/sites\/38\/presidents-report-1-725w-2-400x276.jpg 400w, https:\/\/carleton.ca\/president\/wp-content\/uploads\/sites\/38\/presidents-report-1-725w-2-360x248.jpg 360w\" sizes=\"auto, (max-width: 725px) 100vw, 725px\" \/><figcaption class=\"wp-element-caption\">Algonquin College President Cheryl Jensen, President Bacon, La Cit\u00e9 coll\u00e9giale President Lise Bourgeois and University of Ottawa President Jacques Fr\u00e9mont<\/figcaption><\/figure>\n\n\n\n<h3 id=\"minister-cho-highlights-accessibility-at-carleton\" class=\"wp-block-heading\">Minister Cho highlights accessibility at Carleton<\/h3>\n\n\n\n<p>Ontario&#8217;s Minister of Seniors and Accessibility, Raymond Cho, toured Carleton for a firsthand look at how accessibility and inclusiveness are handled at the university. The August 22 tour was organized by Carleton&#8217;s Paul Menton Centre for Students with Disabilities. It was designed to highlight, celebrate and cultivate Carleton&#8217;s expertise, leadership and collaboration with the community to create greater accessibility and a more inclusive world.<\/p>\n\n\n\n<figure class=\"wp-block-image aligncenter size-full wp-image-351\"><img loading=\"lazy\" decoding=\"async\" width=\"725\" height=\"500\" src=\"https:\/\/carleton.ca\/president\/wp-content\/uploads\/sites\/38\/presidents-report-1-725w-3.jpg\" alt=\"Ontario Minister of Seniors and Accessibility Raymond Cho with a pair of Paul Menton Centre for Students with Disabilities clients\" class=\"wp-image-351\" srcset=\"https:\/\/carleton.ca\/president\/wp-content\/uploads\/sites\/38\/presidents-report-1-725w-3.jpg 725w, https:\/\/carleton.ca\/president\/wp-content\/uploads\/sites\/38\/presidents-report-1-725w-3-160x110.jpg 160w, https:\/\/carleton.ca\/president\/wp-content\/uploads\/sites\/38\/presidents-report-1-725w-3-240x166.jpg 240w, https:\/\/carleton.ca\/president\/wp-content\/uploads\/sites\/38\/presidents-report-1-725w-3-400x276.jpg 400w, https:\/\/carleton.ca\/president\/wp-content\/uploads\/sites\/38\/presidents-report-1-725w-3-360x248.jpg 360w\" sizes=\"auto, (max-width: 725px) 100vw, 725px\" \/><figcaption class=\"wp-element-caption\">Ontario Minister of Seniors and Accessibility Raymond Cho with a pair of Paul Menton Centre for Students with Disabilities clients<\/figcaption><\/figure>\n\n\n\n<h3 id=\"welcome-back-and-orientation-week\" class=\"wp-block-heading\">Welcome back and orientation week<\/h3>\n\n\n\n<p>A pair of full-capacity community breakfasts hosted by the President, another spirited residence move-in weekend, a full slate of orientation week activities and Throwback \u2014 which brought thousands of alumni to campus for a series of events from September 10 to 17 \u2014 welcomed students, faculty and staff back to Carleton for the new academic year. The annual President&#8217;s Golf Tournament on August 20 raised $140,000 for athletic scholarships.<\/p>\n\n\n\n<p><\/p>\n\n\n\n<h2 id=\"senior-appointments\" class=\"wp-block-heading\"><font color=\"#aa1f23\">Senior Appointments<\/font><\/h2>\n\n\n\n<p>Tim Lott was named Carleton&#8217;s Assistant Vice-President (Information Technology Services) and Chief Information Officer effective June 1, 2018.<\/p>\n\n\n\n<p>Pauline Rankin began a five-year term on July 1, 2018, as Dean of the Faculty of Arts and Social Sciences.<\/p>\n\n\n\n<p>Charles L.B. Macdonald began a five-year term on August 1, 2018, as Dean of the Faculty of Science.<\/p>\n\n\n\n<p>Gary Nower was appointed Assistant Vice-President Facilities Management Planning on September 4, 2018.<\/p>\n\n\n\n<p>David Hornsby will start a five-year term as Associate Vice-President (Teaching and Learning) on October 1, 2018.<\/p>\n\n\n\n<p><\/p>\n\n\n\n<h2 id=\"academics\" class=\"wp-block-heading\"><font color=\"#aa1f23\">Academics<\/font><\/h2>\n\n\n\n<h3 id=\"new-professors-on-campus\" class=\"wp-block-heading\">New professors on campus<\/h3>\n\n\n\n<p>Carleton welcomed its new Canada 150 Research Chair, Shireen Hassim, at the official announcement last spring. Hassim, an internationally renowned expert in feminist theory, politics, social movements and collective action, will come to Carleton this winter for a seven-year term as the Canada 150 Research Chair in Gender and African Politics.<\/p>\n\n\n\n<p>Fulbright Scholars Prof. Stephen Harris (University of Massachusetts Amherst) and Prof. Rodger Payne (University of Louisville) joined Carleton on September 1.<\/p>\n\n\n\n<p>Forty-eight faculty, instructors and librarians were hired in the past year (as of July 1, 2018). In August, 38 new continuing full-time faculty and instructors and 56 new contract instructors participated in a three-day orientation session hosted by Teaching and Learning Services and the Office of the Vice-President (Research and International).<\/p>\n\n\n\n<figure class=\"wp-block-image aligncenter size-full wp-image-359\"><img loading=\"lazy\" decoding=\"async\" width=\"725\" height=\"500\" src=\"https:\/\/carleton.ca\/president\/wp-content\/uploads\/sites\/38\/presidents-report-1-725w-4.jpg\" alt=\"Presidential Report to the Board of Governors\" class=\"wp-image-359\" srcset=\"https:\/\/carleton.ca\/president\/wp-content\/uploads\/sites\/38\/presidents-report-1-725w-4.jpg 725w, https:\/\/carleton.ca\/president\/wp-content\/uploads\/sites\/38\/presidents-report-1-725w-4-160x110.jpg 160w, https:\/\/carleton.ca\/president\/wp-content\/uploads\/sites\/38\/presidents-report-1-725w-4-240x166.jpg 240w, https:\/\/carleton.ca\/president\/wp-content\/uploads\/sites\/38\/presidents-report-1-725w-4-400x276.jpg 400w, https:\/\/carleton.ca\/president\/wp-content\/uploads\/sites\/38\/presidents-report-1-725w-4-360x248.jpg 360w\" sizes=\"auto, (max-width: 725px) 100vw, 725px\" \/><figcaption class=\"wp-element-caption\">Canada 150 Research Chair Shireen Hassim (centre) talking to federal Minister of Science and Sport Kirsty Duncan (right)<\/figcaption><\/figure>\n\n\n\n<h3 id=\"teaching-innovation-and-excellence\" class=\"wp-block-heading\">Teaching innovation and excellence<\/h3>\n\n\n\n<p>Carleton is coordinating the coding of all courses for experiential learning content, which will help the university link course and registration information to provide a complete picture of all students&#8217; experiential learning activities.<\/p>\n\n\n\n<p>Thanks to a teaching innovation fund to spur experimentation in teaching, since January almost 20 faculty have received internal grants to explore various aspects of teaching, experiment with new educational approaches and disseminate evidence-based knowledge about research related to teaching.<\/p>\n\n\n\n<p>Conceived by Prof. Kahente Horn-Miller and extensively supported by Teaching and Learning Services, Collaborative Indigenous Learning Bundles are now available for use. Bundle topics address the recommendations for reconciliation specific to higher education by the Truth and Reconciliation Commission of Canada.<\/p>\n\n\n\n<figure class=\"wp-block-image aligncenter size-full wp-image-361\"><img loading=\"lazy\" decoding=\"async\" width=\"725\" height=\"500\" src=\"https:\/\/carleton.ca\/president\/wp-content\/uploads\/sites\/38\/presidents-report-1-725w-5.jpg\" alt=\"Indigenous and Canadian Studies Prof. Kahente Horn-Miller\" class=\"wp-image-361\" srcset=\"https:\/\/carleton.ca\/president\/wp-content\/uploads\/sites\/38\/presidents-report-1-725w-5.jpg 725w, https:\/\/carleton.ca\/president\/wp-content\/uploads\/sites\/38\/presidents-report-1-725w-5-160x110.jpg 160w, https:\/\/carleton.ca\/president\/wp-content\/uploads\/sites\/38\/presidents-report-1-725w-5-240x166.jpg 240w, https:\/\/carleton.ca\/president\/wp-content\/uploads\/sites\/38\/presidents-report-1-725w-5-400x276.jpg 400w, https:\/\/carleton.ca\/president\/wp-content\/uploads\/sites\/38\/presidents-report-1-725w-5-360x248.jpg 360w\" sizes=\"auto, (max-width: 725px) 100vw, 725px\" \/><figcaption class=\"wp-element-caption\">Indigenous and Canadian Studies Prof. Kahente Horn-Miller<\/figcaption><\/figure>\n\n\n\n<h3 id=\"new-and-approved-programs\" class=\"wp-block-heading\">New and approved programs<\/h3>\n\n\n\n<p>Students started classes in the Bachelor of Media Production and Design as well as the Certificate and Post-Baccalaureate in Professional Writing this September.<\/p>\n\n\n\n<p>The Master of Science in Management and the Bachelor of Science in Interdisciplinary Science and Practice were approved by the Quality Council in the past year and will be introduced to future students through recruitment efforts this year.<\/p>\n\n\n\n<p>The Bachelor of Science is offering a new major in Interdisciplinary Science and Practice starting in 2019.<\/p>\n\n\n\n<p>The Bachelor of Journalism (Honours) has a new concentration in Health Science starting in 2019.<\/p>\n\n\n\n<p><\/p>\n\n\n\n<h2 id=\"student-life-and-community\" class=\"wp-block-heading\"><font color=\"#aa1f23\">Student Life and Community<\/font><\/h2>\n\n\n\n<p>Carleton launched a welcome postcard campaign designed to greet every student moving into residence with a message of support, letting them know that they are travelling the same path as so many before them. The 3,800 cards each featured welcome messages from over 100 Carleton alumni, faculty and staff. Each card also included a voucher for a free hot beverage at one of two Tim Hortons locations on campus.<\/p>\n\n\n\n<p>Residence Life Services and the Department of University Safety collaborated on a pilot project to create an &#8220;Emergency Bag&#8221; for each student in residence. The bags include a magnet, a small kit with antiseptic wipes and bandages and a small cover for a laptop camera.<\/p>\n\n\n\n<p>The CU Spirit Day program returned to campus on September 7. This initiative encourages faculty, staff and students to purchase a crew neck sweater (with proceeds going to Carleton&#8217;s &#8220;Here for Good&#8221; campaign). All members of the Carleton community are encouraged to wear this shirt every Friday to celebrate Ravens spirit. A student in the Bachelor of Industrial Design program provided this year&#8217;s design.<\/p>\n\n\n\n<figure class=\"wp-block-image aligncenter size-full wp-image-386\"><img loading=\"lazy\" decoding=\"async\" width=\"725\" height=\"500\" src=\"https:\/\/carleton.ca\/president\/wp-content\/uploads\/sites\/38\/presidents-report-1-725w-6.jpg\" alt=\"A Carleton therapy dog\" class=\"wp-image-386\" srcset=\"https:\/\/carleton.ca\/president\/wp-content\/uploads\/sites\/38\/presidents-report-1-725w-6.jpg 725w, https:\/\/carleton.ca\/president\/wp-content\/uploads\/sites\/38\/presidents-report-1-725w-6-160x110.jpg 160w, https:\/\/carleton.ca\/president\/wp-content\/uploads\/sites\/38\/presidents-report-1-725w-6-240x166.jpg 240w, https:\/\/carleton.ca\/president\/wp-content\/uploads\/sites\/38\/presidents-report-1-725w-6-400x276.jpg 400w, https:\/\/carleton.ca\/president\/wp-content\/uploads\/sites\/38\/presidents-report-1-725w-6-360x248.jpg 360w\" sizes=\"auto, (max-width: 725px) 100vw, 725px\" \/><figcaption class=\"wp-element-caption\">A Carleton therapy dog<\/figcaption><\/figure>\n\n\n\n<p>On September 13, Carleton launched a pilot Therapy Dogs Program, a unique program that integrates Carleton employees as therapy dog handlers in order to foster a supportive environment for students that can help address mild to moderate mental health needs and facilitate referrals.<\/p>\n\n\n\n<p>There are now have three psychiatrists working part-time at Carleton and a fourth will be added part-time in November. Together, they will work the equivalent of nine days a week at Carleton. Access to counselling has also been streamlined.<\/p>\n\n\n\n<p>A consultation process to review the Carleton Sexual Violence Policy has begun. A draft work plan has been published online and members of the Carleton community are encouraged to provide for feedback on this work plan.<\/p>\n\n\n\n<p>In August, Carleton&#8217;s men&#8217;s basketball team took on an impressive slate of NCAA teams competing in the annual Can-Am Shootout. The Ravens held strong and were undefeated against all NCAA teams: Cincinnati Bearcats, Ole Miss Rebels, South Dakota State Jackrabbits, and Maryland Eastern Shore Hawks.<\/p>\n\n\n\n<p>There is now a bus wrapped with the Ravens logo. This bus will be used throughout the 2018-19 season by Carleton&#8217;s varsity teams.<\/p>\n\n\n\n<figure class=\"wp-block-image aligncenter size-full wp-image-387\"><img loading=\"lazy\" decoding=\"async\" width=\"725\" height=\"500\" src=\"https:\/\/carleton.ca\/president\/wp-content\/uploads\/sites\/38\/presidents-report-1-725w-7.jpg\" alt=\"President Bacon during residence move-in weekend\" class=\"wp-image-387\" srcset=\"https:\/\/carleton.ca\/president\/wp-content\/uploads\/sites\/38\/presidents-report-1-725w-7.jpg 725w, https:\/\/carleton.ca\/president\/wp-content\/uploads\/sites\/38\/presidents-report-1-725w-7-160x110.jpg 160w, https:\/\/carleton.ca\/president\/wp-content\/uploads\/sites\/38\/presidents-report-1-725w-7-240x166.jpg 240w, https:\/\/carleton.ca\/president\/wp-content\/uploads\/sites\/38\/presidents-report-1-725w-7-400x276.jpg 400w, https:\/\/carleton.ca\/president\/wp-content\/uploads\/sites\/38\/presidents-report-1-725w-7-360x248.jpg 360w\" sizes=\"auto, (max-width: 725px) 100vw, 725px\" \/><figcaption class=\"wp-element-caption\">President Bacon during residence move-in weekend<\/figcaption><\/figure>\n\n\n\n<p><\/p>\n\n\n\n<h2 id=\"research\" class=\"wp-block-heading\"><font color=\"#aa1f23\">Research<\/font><\/h2>\n\n\n\n<p>Prof. James Milner (Political Science) received $3.6 million dollar in funding, including a SSHRC Partnership Grant, to study global refugee policy.<\/p>\n\n\n\n<p>Prof. Jenny Bruin of the Department of Biology received about $750,000 from the Canadian Institutes for Health Research (CIHR) to support her innovative work on the factors that trigger diabetes onset and progression.<\/p>\n\n\n\n<p>Prof. Steven Cooke, Canada Research Chair in the Department of Biology and the Institute of Environmental Science, along with six colleagues, were awarded an $649,000 from the Natural Sciences and Engineering Research Council (NSERC) to support managing Parks Canada&#8217;s historic Rideau and Trent Severn waterways.<\/p>\n\n\n\n<p>Profs. Doris Buss of the Department of Law and Legal Studies and Blair Rutherford of the Department of Sociology and Anthropology were awarded SSHRC Partnership Development Grants worth over $200,000 to ensure gender equality in artisanal and small-scale mining in Africa.<\/p>\n\n\n\n<figure class=\"wp-block-image aligncenter size-full wp-image-389\"><img loading=\"lazy\" decoding=\"async\" width=\"725\" height=\"500\" src=\"https:\/\/carleton.ca\/president\/wp-content\/uploads\/sites\/38\/presidents-report-1-725w-8.jpg\" alt=\"Political Science Prof. James Milner\" class=\"wp-image-389\" srcset=\"https:\/\/carleton.ca\/president\/wp-content\/uploads\/sites\/38\/presidents-report-1-725w-8.jpg 725w, https:\/\/carleton.ca\/president\/wp-content\/uploads\/sites\/38\/presidents-report-1-725w-8-160x110.jpg 160w, https:\/\/carleton.ca\/president\/wp-content\/uploads\/sites\/38\/presidents-report-1-725w-8-240x166.jpg 240w, https:\/\/carleton.ca\/president\/wp-content\/uploads\/sites\/38\/presidents-report-1-725w-8-400x276.jpg 400w, https:\/\/carleton.ca\/president\/wp-content\/uploads\/sites\/38\/presidents-report-1-725w-8-360x248.jpg 360w\" sizes=\"auto, (max-width: 725px) 100vw, 725px\" \/><figcaption class=\"wp-element-caption\">Political Science Prof. James Milner<\/figcaption><\/figure>\n\n\n\n<p>Eight Carleton University research projects received $504,780 from the Canada Foundation for Innovation (CFI) to conduct research on important areas such as water treatment, diabetes, 5G wireless connectivity and obesity.<\/p>\n\n\n\n<p>Prof. Mike Hildebrand in the Department of Neuroscience received over $500,000 from the Canadian Institutes for Health Research (CIHR) to study and develop better solutions to deal with chronic pain, which can affect one in five Canadians.<\/p>\n\n\n\n<p>Carleton researchers were awarded almost $2 million by the Social Sciences and Humanities Research Council of Canada (SSHRC) for 11 Insight Grant projects touching on topics such as tracking the trade of human remains, relationships between Mexico, Canada and the United States, and dialogues around victimization of Indigenous peoples.<\/p>\n\n\n\n<p><\/p>\n\n\n\n<h2 id=\"enrolments-and-recruitment-for-the-next-year\" class=\"wp-block-heading\"><font color=\"#aa1f23\">Enrolments and Recruitment for the Next Year<\/font><\/h2>\n\n\n\n<figure class=\"wp-block-table\"><table class=\"has-fixed-layout\"><thead><tr><th colspan=\"4\">Ontario University Application Centre Systems Data \u2013 First Year<\/th><\/tr><\/thead><tbody><tr><td><\/td><td><strong>2018<\/strong><\/td><td><strong>2017<\/strong><\/td><td><strong>% +-<\/strong><\/td><\/tr><tr><td>Applicants<\/td><td>156,736<\/td><td>151,318<\/td><td>+3.6%<\/td><\/tr><tr><td>Confirmations<br>\n(# students)<\/td><td>60,491<\/td><td>60,454<\/td><td>+0.6%<\/td><\/tr><tr><td>Applicants<br>\n(H.S. \u2013 \u2018OUAC 101s&#8217;)<\/td><td>89,876<\/td><td>90,235<\/td><td>-0.4%<\/td><\/tr><\/tbody><\/table><\/figure>\n\n\n\n<figure class=\"wp-block-table\"><table class=\"has-fixed-layout\"><thead><tr><th colspan=\"4\">Carleton University First Year<\/th><\/tr><\/thead><tbody><tr><td><\/td><td><strong>2018<\/strong><\/td><td><strong>2017<\/strong><\/td><td><strong>% +-<\/strong><\/td><\/tr><tr><td>Applicants<\/td><td>25,121<\/td><td>24,523<\/td><td>+2.4%<\/td><\/tr><tr><td>Approved<\/td><td>18,826<\/td><td>18,603<\/td><td>+1.2%<\/td><\/tr><tr><td>Confirmed<\/td><td>6,716<\/td><td>6,980<\/td><td>-3.8%<\/td><\/tr><\/tbody><\/table><\/figure>\n\n\n\n<figure class=\"wp-block-table\"><table class=\"has-fixed-layout\"><thead><tr><th colspan=\"4\">Carleton University Target (Full-time, Fall) Target<br><em>(Projection using current data)<\/em><\/th><\/tr><\/thead><tbody><tr><td><\/td><td><strong>2018<\/strong><\/td><td><strong>2017<\/strong><\/td><td><strong>% +-<\/strong><\/td><\/tr><tr><td>First Year<\/td><td>6,543 \/ <em>(6,386)<\/em><\/td><td>6,523<\/td><td>0.3% \/ <em>(-2.1%)<\/em><\/td><\/tr><tr><td>First Year (New)<\/td><td>5,498 \/ (5,329)<\/td><td>5,498<\/td><td>0.0% \/ <em>(-3.1%)<\/em><\/td><\/tr><tr><td>Undergraduate<\/td><td>21,568 \/ <em>(21,476)<\/em><\/td><td>21,289<\/td><td>1.3% \/ <em>(0.9%)<\/em><\/td><\/tr><tr><td>Total (FT + PT) Enrolment<\/td><td>30,818 \/ <em>(30,210)<\/em><\/td><td>29,916<\/td><td>3.0% \/ <em>(1.0%)<\/em><\/td><\/tr><tr><td colspan=\"4\"><em>Carleton data as at August 27, 2018; OUAC data as at August 2, 2018 (with matched dates in 2017). Office of Institutional Research and Planning.<\/em><\/td><\/tr><\/tbody><\/table><\/figure>\n\n\n\n<p>The 2018-19 undergraduate recruitment season has begun. Carleton recruiters are planning to visit more than 600 high schools across the country. In addition, Carleton&#8217;s high school outreach initiatives are continuing to expand.<\/p>\n\n\n\n<p>The international admissions team will visit more than 400 high schools and attend approximately 100 events in 45 countries across the Indian subcontinent, Middle East, Southeast Asia, Africa, the Caribbean, Europe, Latin America and Scandinavia.<\/p>\n\n\n\n<p>The Ontario Universities&#8217; Fair (OUF) will run from September 28 to 30, and more than 100 Carleton students, staff and faculty will attend to speak to prospective students. Over 130,000 students and parents are expected to attend this year&#8217;s OUF. In addition, Carleton&#8217;s Fall Open House Days will be held on campus on October 20 and 27.<\/p>\n\n\n\n<hr class=\"wp-block-separator has-alpha-channel-opacity\"\/>\n\n\n\n<p><\/p>\n\n\n\n<h5 id=\"read-the-presidents-p15-blog\" class=\"wp-block-heading\"><a href=\"https:\/\/carleton.ca\/president\/p15\/\">Read the President\u2019s P15 Blog<\/a><\/h5>\n\n\n\n<h5 id=\"follow-president-benoit-antoine-bacon-on-twitter-cu_president\" class=\"wp-block-heading\"><a href=\"https:\/\/twitter.com\/CU_President\" rel=\"noopener\" target=\"_blank\">Follow President Benoit-Antoine Bacon on Twitter @CU_President<\/a><\/h5>\n","protected":false},"excerpt":{"rendered":"<p>Reputational and Community Highlights Click here to view a PDF version of the report. Minister McKenna visits Carleton three times Environment and Climate Change Minister Catherine McKenna came to the university three times recently to announce new funding for sustainable transportation and autonomous vehicle initiatives, to visit a pair of summer STEM camps for youth, [&hellip;]<\/p>\n","protected":false},"author":2,"featured_media":0,"parent":0,"menu_order":0,"comment_status":"closed","ping_status":"closed","template":"","meta":{"_acf_changed":false,"_cu_dining_location_slug":"","footnotes":"","_links_to":"","_links_to_target":""},"cu_page_type":[28],"class_list":["post-326","page","type-page","status-publish","hentry","cu_page_type-presidents-report"],"acf":{"cu_post_thumbnail":false},"_links":{"self":[{"href":"https:\/\/carleton.ca\/president\/wp-json\/wp\/v2\/pages\/326","targetHints":{"allow":["GET"]}}],"collection":[{"href":"https:\/\/carleton.ca\/president\/wp-json\/wp\/v2\/pages"}],"about":[{"href":"https:\/\/carleton.ca\/president\/wp-json\/wp\/v2\/types\/page"}],"author":[{"embeddable":true,"href":"https:\/\/carleton.ca\/president\/wp-json\/wp\/v2\/users\/2"}],"replies":[{"embeddable":true,"href":"https:\/\/carleton.ca\/president\/wp-json\/wp\/v2\/comments?post=326"}],"version-history":[{"count":3,"href":"https:\/\/carleton.ca\/president\/wp-json\/wp\/v2\/pages\/326\/revisions"}],"predecessor-version":[{"id":640,"href":"https:\/\/carleton.ca\/president\/wp-json\/wp\/v2\/pages\/326\/revisions\/640"}],"wp:attachment":[{"href":"https:\/\/carleton.ca\/president\/wp-json\/wp\/v2\/media?parent=326"}],"wp:term":[{"taxonomy":"cu_page_type","embeddable":true,"href":"https:\/\/carleton.ca\/president\/wp-json\/wp\/v2\/cu_page_type?post=326"}],"curies":[{"name":"wp","href":"https:\/\/api.w.org\/{rel}","templated":true}]}}