{"id":2553,"date":"2019-12-05T21:31:55","date_gmt":"2019-12-06T02:31:55","guid":{"rendered":"https:\/\/carleton.ca\/profbrouard\/?page_id=2553"},"modified":"2020-02-07T18:57:43","modified_gmt":"2020-02-07T23:57:43","slug":"insight","status":"publish","type":"page","link":"https:\/\/carleton.ca\/profbrouard\/insight\/","title":{"rendered":"Global Insight Network (GIN)"},"content":{"rendered":"<p>site maintained by Fran\u00e7ois Brouard, DBA, FCPA, FCA; Professor<br \/>\nSprott School of Business, Carleton University \u2022 Ottawa, Ontario, Canada<\/p>\n<p>The group <b>Global Insight Network (GIN)<\/b> is an intelligence academic network. The aim of the group is to connect interested members and disseminate publishing and research opportunities and hopefully even sharing of teaching materials on market insight, strategic intelligence, competitive intelligence, and foresight. <\/p>\n<p>Webpage \/ site web : <a href=\"http:\/\/carleton.ca\/profbrouard\/links\/insight\" target=\"_blank\" rel=\"noopener noreferrer\">http:\/\/carleton.ca\/profbrouard\/insight <\/p>\n<h2>Coordinators \/ Coordonnateurs<\/h2>\n<p>&#8211; Jonathan Calof, PhD<br \/>\nProfessor, Telfer School of Management, University of Ottawa, Canada<br \/>\n&#x43;a&#x6c;&#111;&#x66;&#64;t&#x65;l&#x66;&#101;&#x72;&#46;u&#x6f;&#116;&#x74;&#97;w&#x61;&#46;&#x63;&#97;<\/p>\n<p>&#8211; Klaus Solberg S\u00f8ilen, PhD<br \/>\nProfessor, Halmstad University, Sweden<br \/>\n&#107;&#x6c;a&#117;&#x73;&#46;&#115;&#x6f;l&#98;&#x65;r&#103;&#x5f;s&#111;&#x69;l&#101;&#x6e;&#64;&#104;&#x68;&#46;&#115;&#x65;<\/p>\n<p>&#8211; Fran\u00e7ois Brouard, DBA, FCPA, FCA<br \/>\nProfessor, Sprott School of Business, Carleton University, Canada<\/p>\n<p>Individuals interested to contribute to the Global Insight Network are invited to contact<br \/>\n\/ Les personnes int\u00e9ress\u00e9es \u00e0 contribuer au groupe GIN sont invit\u00e9es \u00e0 communiquer avec<br \/>\nJonathan Calof, Klaus Solberg S\u00f8ilen and\/et Fran\u00e7ois Brouard at &#x47;I&#x4e;&#105;&#x6e;&#102;o&#x40;&#115;&#x70;&#114;o&#x74;&#116;&#x2e;&#99;a&#x72;l&#x65;&#116;&#x6f;&#x6e;&#46;&#x63;&#97;<\/p>\n<h2>Research Opportunities \/ Occasions de recherche<\/h2>\n<h3>Journals Call for papers \/ Appel d\u2019articles dans des revues<\/h3>\n<p>CURRENT<br \/>\n&#8211; Foresight (UK) <a href=\"https:\/\/www.emeraldgrouppublishing.com\/products\/journals\/journals.htm?id=FS#news\" target=\"_blank\" rel=\"noopener noreferrer\">Journal page<\/a><br \/>\nThis is an Emerald journal that was established in 1999. This is a SCOPUS indexed journal. They have announced a call for papers for a special issue on North America Foresight and Foresight related areas. In our case they are looking for articles either from North American competitive intelligence\/market insight researchers and practitioners or research about North American competitive intelligence\/market insight practice. Email Jonathan at &#x63;&#x61;&#x6c;&#x6f;&#x66;&#64;&#116;&#101;&#108;fer&#x2e;&#x75;&#x6f;&#x74;&#x74;&#x61;&#119;&#97;&#46;ca if you want more information about this special issue. <a href=\"https:\/\/www.emeraldgrouppublishing.com\/products\/journals\/call_for_papers.htm?id=8712\" target=\"_blank\" rel=\"noopener noreferrer\">Call for papers<\/a><\/p>\n<p>&#8211; Foresight and STI Governance (Russia) <a href=\"https:\/\/foresight-journal.hse.ru\/en\/\" target=\"_blank\" rel=\"noopener noreferrer\">Journal page<\/a><br \/>\nThis is a SCOPUS indexed journal. They want to do a special issue around competitive intelligence to inform the foresight community about competitive intelligence. For this special issue topics could include a look at the history of competitive intelligence, the domain of competitive intelligence, CI body of knowledge and of course any good research article is also desired. Should you want more information about this special issue email Jonathan at &#x63;&#97;&#108;o&#x66;&#x40;&#116;e&#x6c;&#x66;&#101;r&#x2e;&#x75;&#111;t&#x74;&#x61;&#119;a&#x2e;&#x63;&#97; <\/p>\n<p>&#8211; Futures &#8211; The journal of policy, planning and futures studies (1 Nov 2019)) <a href=\"https:\/\/www.journals.elsevier.com\/futures\" target=\"_blank\" rel=\"noopener noreferrer\">Journal page<\/a><br \/>\nSpecial Issue: Constructing Social Futures <a href=\"https:\/\/www.journals.elsevier.com\/futures\/call-for-papers\/special-issue-constructing-social-futures\" target=\"_blank\" rel=\"noopener noreferrer\">Call for papers<\/a><\/p>\n<p>&#8211; Futures &#8211; The journal of policy, planning and futures studies (1 Nov 2019)) <a href=\"https:\/\/www.journals.elsevier.com\/futures\" target=\"_blank\" rel=\"noopener noreferrer\">Journal page<\/a><br \/>\nSpecial Issue: Linking strategy, long term perspectives and policy domains in governance <a href=\"https:\/\/www.journals.elsevier.com\/futures\/call-for-papers\/futures-special-issue-linking-strategy-long-term-perspective\" target=\"_blank\" rel=\"noopener noreferrer\">Call for papers<\/a><\/p>\n<p>&#8211; Futures &#8211; The journal of policy, planning and futures studies (1 Feb 2020)) <a href=\"https:\/\/www.journals.elsevier.com\/futures\" target=\"_blank\" rel=\"noopener noreferrer\">Journal page<\/a><br \/>\nSpecial Issue: Futures of Sustainability Institutions <a href=\"https:\/\/www.journals.elsevier.com\/futures\/call-for-papers\/call-for-papers-futures-of-sustainability-institutions\" target=\"_blank\" rel=\"noopener noreferrer\">Call for papers<\/a><\/p>\n<p>PREVIOUS<br \/>\nNone \/ aucune<\/p>\n<h3>Conferences Call for papers \/ Appel d\u2019articles dans des conf\u00e9rences<\/h3>\n<p>CURRENT<br \/>\n&#8211; IntelliSummit 2020! Stockholm, Sweden, April 1-3, 2020 <a href=\"https:\/\/comintelli.com\/company\/intellisummi\/\" target=\"_blank\" rel=\"noopener noreferrer\">Website<\/a><\/p>\n<p>&#8211; IEEE International Conference on Technology Management, Operations and Decisions (IEEE ICTMOD) 2020 Marrakech, Morocco on November 25-27, 2020 <a href=\"http:\/\/www.ciems.ma\/ciems_research\/ieee_ictmod2020\/call_for_papers.pdf\" target=\"_blank\" rel=\"noopener noreferrer\">Website<\/a><br \/>\n2020 edition of IEEE International Conference on Technology Management, Operations and Decisions (IEEE ICTMOD), IEEE ICTMOD 2020 is co-organized by CIEMS and IEEE TEMS.\t <\/p>\n<p>&#8211; ICI 2020 Bad Nauheim 11-14 May 2020 Collective Intelligence <a href=\"https:\/\/www.competitive-intelligence-conference.com\/call-for-speakers\/\" target=\"_blank\" rel=\"noopener noreferrer\">Website<\/a><\/p>\n<p>&#8211; SIIE 2019 6-8 February 2020 Tunis, Tunisia<br \/>\nThe SIIE international conference at <a href=\"https:\/\/siie2019.loria.fr\/\" target=\"_blank\" rel=\"noopener noreferrer\">(Website: https:\/\/siie2019.loria.fr\/)<\/a> is in progress in the context of the multiconference <a href=\"https:\/\/multiconference-octa.loria.fr\/\" target=\"_blank\" rel=\"noopener noreferrer\">OCTA 2019<\/a><\/p>\n<p>PREVIOUS<br \/>\n&#8211; Future Week at Lund University, Sweden 14\u201320 October 2019 <a href=\"https:\/\/www.staff.lu.se\/article\/save-the-dates-future-week-at-lund-university-14-20-october-2019\" target=\"_blank\" rel=\"noopener noreferrer\">Website<\/a><br \/>\n&#8211; SCIP Intellicon 2020 May 11-13, Chicago (Max: 25 October 2019) <a href=\"https:\/\/www.scip.org\/news\/475127\/Last-Call---SCIP-Call-For-Proposals.htm\" target=\"_blank\" rel=\"noopener noreferrer\">Website<\/a><\/p>\n<h2>Links \/ Liens<\/h2>\n<h3>Journals \/ Revues<\/h3>\n<p>&#8211; Business Intelligence Journal <a href=\"https:\/\/tdwi.org\/research\/list\/tdwi-business-intelligence-journal.aspx?m=2\" target=\"_blank\" rel=\"noopener noreferrer\">Journal page<\/a><br \/>\n&#8211; CI Magazine \/ Intelligence Quarterly <a href=\"https:\/\/www.scip.org\/page\/CIM\" target=\"_blank\" rel=\"noopener noreferrer\">Journal page<\/a><br \/>\n&#8211; European Journal of Future Research (Springer) <a href=\"https:\/\/link.springer.com\/journal\/40309\" target=\"_blank\" rel=\"noopener noreferrer\">Journal page<\/a><br \/>\n&#8211; Foresight (Emerald UK) <a href=\"https:\/\/www.emeraldgrouppublishing.com\/products\/journals\/journals.htm?id=FS#news\" target=\"_blank\" rel=\"noopener noreferrer\">Journal page<\/a><br \/>\n&#8211; Foresight: The International Journal of Applied Forecasting (IIF) <a href=\"https:\/\/foresight.forecasters.org\" target=\"_blank\" rel=\"noopener noreferrer\">Journal page<\/a><br \/>\n&#8211; Foresight and STI Governance (Russia) <a href=\"https:\/\/foresight-journal.hse.ru\/en\/\" target=\"_blank\" rel=\"noopener noreferrer\">Journal page<\/a><br \/>\n&#8211; Futures &#8211; The journal of policy, planning and futures studies (Elsevier) <a href=\"https:\/\/www.journals.elsevier.com\/futures\" target=\"_blank\" rel=\"noopener noreferrer\">Journal page<\/a><br \/>\n&#8211; Futures &#038; Foresight Science (Wiley) <a href=\"https:\/\/onlinelibrary.wiley.com\/journal\/25735152\" target=\"_blank\" rel=\"noopener noreferrer\">Journal page<\/a><br \/>\n&#8211; Futuribles Journal (France) <a href=\"https:\/\/www.futuribles.com\/en\/revue\/\" target=\"_blank\" rel=\"noopener noreferrer\">Journal page<\/a><br \/>\n&#8211; International Journal of Forecasting (Science direct) <a href=\"https:\/\/www.sciencedirect.com\/journal\/international-journal-of-forecasting\" target=\"_blank\" rel=\"noopener noreferrer\">Journal page<\/a><br \/>\n&#8211; Intelligence and National Security (Taylor &#038; Francis) <a href=\"https:\/\/www.tandfonline.com\/toc\/fint20\/current\" target=\"_blank\" rel=\"noopener noreferrer\">Journal page<\/a><br \/>\n&#8211; International Journal of Foresight and Innovation Policy (Inderscience) <a href=\"https:\/\/www.inderscience.com\/jhome.php?jcode=ijfip&#038;csid=c0bn973lssh0vds3ckvtnulul5\" target=\"_blank\" rel=\"noopener noreferrer\">Journal page<\/a><br \/>\n&#8211; International Journal of Intelligence and CounterIntelligence  (Taylor &#038; Francis) <a href=\"https:\/\/www.tandfonline.com\/loi\/ujic20\" target=\"_blank\" rel=\"noopener noreferrer\">Journal page<\/a><br \/>\n&#8211; Journal of Business Forecasting (IBF) <a href=\"https:\/\/www.ibf.org\/knowledge\/jbf-issues\" target=\"_blank\" rel=\"noopener noreferrer\">Journal page<\/a><br \/>\n&#8211; Journal of Future Studies <a href=\"https:\/\/jfsdigital.org\/\" target=\"_blank\" rel=\"noopener noreferrer\">Journal page<\/a><br \/>\n&#8211; Journal of Intelligence, Conflict and Warfare (Canada) <a href=\"https:\/\/jicw.org\/index.php\/jicw\" target=\"_blank\" rel=\"noopener noreferrer\">Journal page<\/a><br \/>\n&#8211; Journal of Intelligence Studies in Business <a href=\"https:\/\/ojs.hh.se\/index.php\/JISIB\" target=\"_blank\" rel=\"noopener noreferrer\">Journal page<\/a><br \/>\n&#8211; Long Range Planning (Elsevier) <a href=\"https:\/\/www.journals.elsevier.com\/long-range-planning\" target=\"_blank\" rel=\"noopener noreferrer\">Journal page<\/a><br \/>\n&#8211; Revista Intelig\u00eancia Competitiva <a href=\"http:\/\/www.inteligenciacompetitivarev.com.br\/ojs\/index.php\/rev\" target=\"_blank\" rel=\"noopener noreferrer\">Journal page<\/a><br \/>\n&#8211; South African Journal of Information Management <a href=\"https:\/\/sajim.co.za\/index.php\/SAJIM\" target=\"_blank\" rel=\"noopener noreferrer\">Journal page<\/a><br \/>\n&#8211; Studies in Intelligence &#8211; Journal of the American Intelligence Professional (CIA US) <a href=\"https:\/\/www.cia.gov\/library\/center-for-the-study-of-intelligence\/csi-publications\/csi-studies\" target=\"_blank\" rel=\"noopener noreferrer\">Journal page<\/a><br \/>\n&#8211; Technological Forecasting and Social Change (Elsevier) <a href=\"https:\/\/www.journals.elsevier.com\/technological-forecasting-and-social-change\" target=\"_blank\" rel=\"noopener noreferrer\">Journal page<\/a><br \/>\n&#8211; Veille Magazine (France) <a href=\"http:\/\/www.veillemag.com\/\" target=\"_blank\" rel=\"noopener noreferrer\">Journal page<\/a><br \/>\n&#8211; World Futures (Taylor &#038; Francis) <a href=\"https:\/\/www.tandfonline.com\/toc\/gwof20\/current\" target=\"_blank\" rel=\"noopener noreferrer\">Journal page<\/a><br \/>\n&#8211; <a href=\"https:\/\/\" target=\"_blank\" rel=\"noopener noreferrer\">Journal page<\/a><\/p>\n<h3>Associations<\/h3>\n<p>&#8211; Association des professionnels de l\u2019information et de la documentation (ABDS) <a href=\"https:\/\/www.adbs.fr\/\" target=\"_blank\" rel=\"noopener noreferrer\">Website<\/a><br \/>\n&#8211; Association pour la diffusion de l\u2019information technologique (ADIT) <a href=\"https:\/\/www.adit.fr\/\" target=\"_blank\" rel=\"noopener noreferrer\">Website<\/a><br \/>\n&#8211; Canadian Association for Security and Intelligence Studies (CASIS) <a href=\"https:\/\/casis-acers.ca\" target=\"_blank\" rel=\"noopener noreferrer\">Website<\/a><br \/>\n&#8211; Futuribles association (France) <a href=\"https:\/\/www.futuribles.com\/en\/qui-sommes-nous\/about-us\/association\/\" target=\"_blank\" rel=\"noopener noreferrer\">Journal page<\/a><br \/>\n&#8211; Marketing Research and Intelligence Association (MRIA) <a href=\"https:\/\/www.mria-arim.ca\/\" target=\"_blank\" rel=\"noopener noreferrer\">Website<\/a><br \/>\n\/ Association de la recherche et de l\u2019intelligence marketing (ARIM) <a href=\"https:\/\/www.mria-arim.ca\/\" target=\"_blank\" rel=\"noopener noreferrer\">Website<\/a><br \/>\n&#8211; Special Libraries Association &#8211; CI division <a href=\"https:\/\/connect.sla.org\/ci\/home\" target=\"_blank\" rel=\"noopener noreferrer\">Website<\/a><br \/>\n&#8211; Special Libraries Association &#8211; KM division <a href=\"https:\/\/connect.sla.org\/km\/home\" target=\"_blank\" rel=\"noopener noreferrer\">Website<\/a><br \/>\n&#8211; Strategic and Competitive Intelligence Professionals (SCIP) <a href=\"http:\/\/www.scip.org\/\" target=\"_blank\" rel=\"noopener noreferrer\">Website<\/a><\/p>\n<h3>Research Centers \/ Centres de recherche <\/h3>\n<p>&#8211; Centre for Futures and Foresight Studies, Rand Corporation <a href=\"https:\/\/www.rand.org\/randeurope\/methods\/futures-and-foresight-studies.html\" target=\"_blank\" rel=\"noopener noreferrer\">Website<\/a><br \/>\n&#8211; Equipe Lesca &#8211; CERAG Grenoble (France) <a href=\"http:\/\/www.veille-strategique.org\/\" target=\"_blank\" rel=\"noopener noreferrer\">Website<\/a><br \/>\n&#8211; Finland Futures Research Centre, Turku University <a href=\"https:\/\/www.utu.fi\/en\/university\/turku-school-of-economics\/finland-futures-research-centre\" target=\"_blank\" rel=\"noopener noreferrer\">Website<\/a><br \/>\n&#8211; Futures Academy, Ireland <a href=\"https:\/\/\" target=\"_blank\" rel=\"noopener noreferrer\">Website<\/a><br \/>\n&#8211; Future of Humanity Institute, University of Oxford <a href=\"https:\/\/www.fhi.ox.ac.uk\/\" target=\"_blank\" rel=\"noopener noreferrer\">Website<\/a><br \/>\n&#8211; Hawaii Research Center for Future Studies, University of Hawaii Manoa <a href=\"http:\/\/www.futures.hawaii.edu\/\" target=\"_blank\" rel=\"noopener noreferrer\">Website<\/a><br \/>\n&#8211; John Hopkins Center for a Livable Future, John Hopkins University <a href=\"https:\/\/clf.jhsph.edu\/\" target=\"_blank\" rel=\"noopener noreferrer\">Website<\/a><br \/>\n&#8211; UC Berkeley Center for Future Urban Transport, University of California, Berkeley <a href=\"http:\/\/www.its.berkeley.edu\/volvocenter\/\" target=\"_blank\" rel=\"noopener noreferrer\">Website<\/a><\/p>\n<p><a href=\"https:\/\/\" target=\"_blank\" rel=\"noopener noreferrer\">Website<\/a><br \/>\n<a href=\"https:\/\/\" target=\"_blank\" rel=\"noopener noreferrer\">Website<\/a><br \/>\n<a href=\"https:\/\/\" target=\"_blank\" rel=\"noopener noreferrer\">Website<\/a><\/p>\n<h3>Research Projects \/ Projets de recherche <\/h3>\n<p>&#8211; CI Worldwide (France) <a href=\"http:\/\/s244543015.onlinehome.fr\/ciworldwide\/\" target=\"_blank\" rel=\"noopener noreferrer\">Website<\/a><br \/>\n&#8211; World-Class CI Function project <a href=\"http:\/\/www.miniera.es\/World-Class-CI\/index.htm\" target=\"_blank\" rel=\"noopener noreferrer\">Website<\/a><br \/>\n<a href=\"https:\/\/\" target=\"_blank\" rel=\"noopener noreferrer\">Website<\/a><\/p>\n<h3>Education &#8211; Universities \/ Universit\u00e9s <\/h3>\n<p>More ? <a href=\"https:\/\/\" target=\"_blank\" rel=\"noopener noreferrer\">Website<\/a><\/p>\n<h3>Training \/ Formation<\/h3>\n<p>&#8211; Academy of Competitive Intelligence <a href=\"https:\/\/www.academyci.com\/\" target=\"_blank\" rel=\"noopener noreferrer\">Website<\/a><br \/>\n<a href=\"https:\/\/\" target=\"_blank\" rel=\"noopener noreferrer\">Website<\/a><\/p>\n<h3>Reports \/ Rapports<\/h3>\n<p>&#8211; B. Carayon (2003). Intelligence \u00e9conomique, comp\u00e9tivit\u00e9 et coh\u00e9sion sociale <a href=\"http:\/\/strategique.free.fr\/analyses\/carayon.pdf\">PDF<\/a><br \/>\n&#8211; CIA University Kent Center Occasional Papers (US) <a href=\"https:\/\/www.cia.gov\/library\/kent-center-occasional-papers\" target=\"_blank\" rel=\"noopener noreferrer\">Links<\/a><br \/>\n<a href=\"https:\/\/\" target=\"_blank\" rel=\"noopener noreferrer\">Website<\/a><br \/>\nMore ? <a href=\"https:\/\/\" target=\"_blank\" rel=\"noopener noreferrer\">Website<\/a><br \/>\n<a href=\"https:\/\/\" target=\"_blank\" rel=\"noopener noreferrer\">Website<\/a><\/p>\n<h3>Books and Monographs \/ Livres et monographies <\/h3>\n<p>&#8211; CIA (US) <a href=\"https:\/\/www.cia.gov\/library\/center-for-the-study-of-intelligence\/csi-publications\/csi-studies\" target=\"_blank\" rel=\"noopener noreferrer\">Links<\/a><br \/>\n&#8211; CIA Intelligence literature (US) <a href=\"https:\/\/www.cia.gov\/library\/intelligence-literature\" target=\"_blank\" rel=\"noopener noreferrer\">Website<\/a><br \/>\n&#8211; Encyclop\u00e9die intelligence \u00e9conomique <a href=\"https:\/\/strategique.free.fr\/\" target=\"_blank\" rel=\"noopener noreferrer\">Website<\/a><br \/>\n&#8211; Eurofoundation (2003) Handbook of Knowledge Society Foresight <a href=\"https:\/\/www.eurofound.europa.eu\/sites\/default\/files\/ef_files\/pubdocs\/2003\/50\/en\/1\/ef0350en.pdf\" target=\"_blank\" rel=\"noopener noreferrer\">PDF<\/a><br \/>\n&#8211; The Foresight Guide <a href=\"https:\/\/www.foresightguide.com\" target=\"_blank\" rel=\"noopener noreferrer\">Website<\/a><br \/>\nMore? <a href=\"https:\/\/\" target=\"_blank\" rel=\"noopener noreferrer\">Website<\/a><br \/>\n<a href=\"https:\/\/\" target=\"_blank\" rel=\"noopener noreferrer\">Website<\/a><br \/>\n<a href=\"https:\/\/\" target=\"_blank\" rel=\"noopener noreferrer\">Website<\/a><br \/>\n<a href=\"https:\/\/\" target=\"_blank\" rel=\"noopener noreferrer\">Website<\/a><br \/>\n<a href=\"https:\/\/\" target=\"_blank\" rel=\"noopener noreferrer\">Website<\/a><br \/>\n<a href=\"https:\/\/\" target=\"_blank\" rel=\"noopener noreferrer\">Website<\/a><br \/>\n<a href=\"https:\/\/\" target=\"_blank\" rel=\"noopener noreferrer\">Website<\/a><\/p>\n<h3>Governmental Sources \/ Sources gouvernementales<\/h3>\n<p>&#8211; FINTRAC (Canada) <a href=\"http:\/\/www.fintrac.gc.ca\/\">Website<\/a><br \/>\n&#8211; List of US Intelligence Sites (US) <a href=\"https:\/\/www.cia.gov\/library\/center-for-the-study-of-intelligence\/us-intelligence-sites.html\" target=\"_blank\" rel=\"noopener noreferrer\">Links<\/a><\/p>\n<h3>Consultants <\/h3>\n<p>&#8211; ACRIE (France) <a href=\"https:\/\/www.acrie.fr\/\" target=\"_blank\" rel=\"noopener noreferrer\">Website<\/a><br \/>\n&#8211; Fuld + Company <a href=\"https:\/\/www.fuld.com\/\" target=\"_blank\" rel=\"noopener noreferrer\">Website<\/a><br \/>\n&#8211; SpinPartners <a href=\"https:\/\/www.intelligence-economique.fr\/\" target=\"_blank\" rel=\"noopener noreferrer\">Website<\/a><br \/>\n<a href=\"https:\/\/\" target=\"_blank\" rel=\"noopener noreferrer\">Website<\/a><\/p>\n<h3>Specialized Network \/ R\u00e9seaux sp\u00e9cialis\u00e9s<\/h3>\n<p>&#8211; R\u00e9seau de veille en tourisme (Qu\u00e9bec) <a href=\"http:\/\/www.veilletourisme.ca\/\" target=\"_blank\" rel=\"noopener noreferrer\">Website<\/a><br \/>\nMore ? <a href=\"https:\/\/\" target=\"_blank\" rel=\"noopener noreferrer\">Website<\/a><\/p>\n<p>Derni\u00e8re mise-\u00e0-jour \/ Last update: 5 Dec 2019<\/p>\n<p><\/p>\n","protected":false},"excerpt":{"rendered":"<p>site maintained by Fran\u00e7ois Brouard, DBA, FCPA, FCA; Professor Sprott School of Business, Carleton University \u2022 Ottawa, Ontario, Canada The group Global Insight Network (GIN) is an intelligence academic network. The aim of the group is to connect interested members and disseminate publishing and research opportunities and hopefully even sharing of teaching materials on market [&hellip;]<\/p>\n","protected":false},"author":6,"featured_media":0,"parent":0,"menu_order":0,"comment_status":"closed","ping_status":"closed","template":"","meta":{"_relevanssi_hide_post":"","_relevanssi_hide_content":"","_relevanssi_pin_for_all":"","_relevanssi_pin_keywords":"","_relevanssi_unpin_keywords":"","_relevanssi_related_keywords":"","_relevanssi_related_include_ids":"","_relevanssi_related_exclude_ids":"","_relevanssi_related_no_append":"","_relevanssi_related_not_related":"","_relevanssi_related_posts":"","_relevanssi_noindex_reason":"","_mi_skip_tracking":false,"_exactmetrics_sitenote_active":false,"_exactmetrics_sitenote_note":"","_exactmetrics_sitenote_category":0,"footnotes":"","_links_to":"","_links_to_target":""},"yoast_head":"<!-- This site is optimized with the Yoast SEO plugin v21.2 - https:\/\/yoast.com\/wordpress\/plugins\/seo\/ -->\n<title>Global Insight Network (GIN) - Professor Fran\u00e7ois Brouard<\/title>\n<meta name=\"description\" content=\"site maintained by Fran\u00e7ois Brouard, DBA, FCPA, FCA; Professor Sprott School of Business, Carleton University \u2022 Ottawa, Ontario, Canada The group Global\" \/>\n<meta name=\"robots\" content=\"index, follow, max-snippet:-1, max-image-preview:large, max-video-preview:-1\" \/>\n<link rel=\"canonical\" href=\"https:\/\/carleton.ca\/profbrouard\/insight\/\" \/>\n<meta name=\"twitter:label1\" content=\"Est. reading time\" \/>\n\t<meta name=\"twitter:data1\" content=\"5 minutes\" \/>\n<script type=\"application\/ld+json\" class=\"yoast-schema-graph\">{\"@context\":\"https:\/\/schema.org\",\"@graph\":[{\"@type\":\"WebPage\",\"@id\":\"https:\/\/carleton.ca\/profbrouard\/insight\/\",\"url\":\"https:\/\/carleton.ca\/profbrouard\/insight\/\",\"name\":\"Global Insight Network (GIN) - Professor Fran\u00e7ois Brouard\",\"isPartOf\":{\"@id\":\"https:\/\/carleton.ca\/profbrouard\/#website\"},\"datePublished\":\"2019-12-06T02:31:55+00:00\",\"dateModified\":\"2020-02-07T23:57:43+00:00\",\"description\":\"site maintained by Fran\u00e7ois Brouard, DBA, FCPA, FCA; Professor Sprott School of Business, Carleton University \u2022 Ottawa, Ontario, Canada The group Global\",\"breadcrumb\":{\"@id\":\"https:\/\/carleton.ca\/profbrouard\/insight\/#breadcrumb\"},\"inLanguage\":\"en-US\",\"potentialAction\":[{\"@type\":\"ReadAction\",\"target\":[\"https:\/\/carleton.ca\/profbrouard\/insight\/\"]}]},{\"@type\":\"BreadcrumbList\",\"@id\":\"https:\/\/carleton.ca\/profbrouard\/insight\/#breadcrumb\",\"itemListElement\":[{\"@type\":\"ListItem\",\"position\":1,\"name\":\"Home\",\"item\":\"https:\/\/carleton.ca\/profbrouard\/\"},{\"@type\":\"ListItem\",\"position\":2,\"name\":\"Global Insight Network (GIN)\"}]},{\"@type\":\"WebSite\",\"@id\":\"https:\/\/carleton.ca\/profbrouard\/#website\",\"url\":\"https:\/\/carleton.ca\/profbrouard\/\",\"name\":\"Professor Fran\u00e7ois Brouard\",\"description\":\"Carleton University\",\"potentialAction\":[{\"@type\":\"SearchAction\",\"target\":{\"@type\":\"EntryPoint\",\"urlTemplate\":\"https:\/\/carleton.ca\/profbrouard\/?s={search_term_string}\"},\"query-input\":\"required name=search_term_string\"}],\"inLanguage\":\"en-US\"}]}<\/script>\n<!-- \/ Yoast SEO plugin. -->","yoast_head_json":{"title":"Global Insight Network (GIN) - Professor Fran\u00e7ois Brouard","description":"site maintained by Fran\u00e7ois Brouard, DBA, FCPA, FCA; Professor Sprott School of Business, Carleton University \u2022 Ottawa, Ontario, Canada The group Global","robots":{"index":"index","follow":"follow","max-snippet":"max-snippet:-1","max-image-preview":"max-image-preview:large","max-video-preview":"max-video-preview:-1"},"canonical":"https:\/\/carleton.ca\/profbrouard\/insight\/","twitter_misc":{"Est. reading time":"5 minutes"},"schema":{"@context":"https:\/\/schema.org","@graph":[{"@type":"WebPage","@id":"https:\/\/carleton.ca\/profbrouard\/insight\/","url":"https:\/\/carleton.ca\/profbrouard\/insight\/","name":"Global Insight Network (GIN) - Professor Fran\u00e7ois Brouard","isPartOf":{"@id":"https:\/\/carleton.ca\/profbrouard\/#website"},"datePublished":"2019-12-06T02:31:55+00:00","dateModified":"2020-02-07T23:57:43+00:00","description":"site maintained by Fran\u00e7ois Brouard, DBA, FCPA, FCA; Professor Sprott School of Business, Carleton University \u2022 Ottawa, Ontario, Canada The group Global","breadcrumb":{"@id":"https:\/\/carleton.ca\/profbrouard\/insight\/#breadcrumb"},"inLanguage":"en-US","potentialAction":[{"@type":"ReadAction","target":["https:\/\/carleton.ca\/profbrouard\/insight\/"]}]},{"@type":"BreadcrumbList","@id":"https:\/\/carleton.ca\/profbrouard\/insight\/#breadcrumb","itemListElement":[{"@type":"ListItem","position":1,"name":"Home","item":"https:\/\/carleton.ca\/profbrouard\/"},{"@type":"ListItem","position":2,"name":"Global Insight Network (GIN)"}]},{"@type":"WebSite","@id":"https:\/\/carleton.ca\/profbrouard\/#website","url":"https:\/\/carleton.ca\/profbrouard\/","name":"Professor Fran\u00e7ois Brouard","description":"Carleton University","potentialAction":[{"@type":"SearchAction","target":{"@type":"EntryPoint","urlTemplate":"https:\/\/carleton.ca\/profbrouard\/?s={search_term_string}"},"query-input":"required name=search_term_string"}],"inLanguage":"en-US"}]}},"acf":{"banner_image_type":"none","banner_button":"no"},"_links":{"self":[{"href":"https:\/\/carleton.ca\/profbrouard\/wp-json\/wp\/v2\/pages\/2553"}],"collection":[{"href":"https:\/\/carleton.ca\/profbrouard\/wp-json\/wp\/v2\/pages"}],"about":[{"href":"https:\/\/carleton.ca\/profbrouard\/wp-json\/wp\/v2\/types\/page"}],"author":[{"embeddable":true,"href":"https:\/\/carleton.ca\/profbrouard\/wp-json\/wp\/v2\/users\/6"}],"replies":[{"embeddable":true,"href":"https:\/\/carleton.ca\/profbrouard\/wp-json\/wp\/v2\/comments?post=2553"}],"version-history":[{"count":4,"href":"https:\/\/carleton.ca\/profbrouard\/wp-json\/wp\/v2\/pages\/2553\/revisions"}],"predecessor-version":[{"id":2589,"href":"https:\/\/carleton.ca\/profbrouard\/wp-json\/wp\/v2\/pages\/2553\/revisions\/2589"}],"wp:attachment":[{"href":"https:\/\/carleton.ca\/profbrouard\/wp-json\/wp\/v2\/media?parent=2553"}],"curies":[{"name":"wp","href":"https:\/\/api.w.org\/{rel}","templated":true}]}}