{"id":369,"date":"2017-07-12T16:04:26","date_gmt":"2017-07-12T20:04:26","guid":{"rendered":"https:\/\/carleton.ca\/profbrouard\/?page_id=369"},"modified":"2019-10-27T01:45:43","modified_gmt":"2019-10-27T05:45:43","slug":"business-intelligence-environmental-scanning-veille-strategique","status":"publish","type":"page","link":"https:\/\/carleton.ca\/profbrouard\/links\/business-intelligence-environmental-scanning-veille-strategique\/","title":{"rendered":"Business Intelligence \/ Environmental Scanning \/ Veille Strategique"},"content":{"rendered":"<p><strong>(under reconstruction)<\/strong><br \/>\nsite maintained by Fran\u00e7ois Brouard, DBA, FCPA, FCA; Professor and Director, SCSE-CSES<br \/>\nSprott School of Business, Carleton University \u2022 Ottawa, Ontario, Canada<\/p>\n<p>See Webpage \/ site web : <a href=\"http:\/\/carleton.ca\/profbrouard\/links\/insight\" target=\"_blank\" rel=\"noopener noreferrer\">GIN<\/a><\/p>\n<h2>BI \/ CI Associations Veille<\/h2>\n<p><a href=\"http:\/\/www.scip.org\/\">Society of Competitive Intelligence Professionals (SCIP)<\/a><br \/>\n<a href=\"http:\/\/www.sla.org\/division\/dci\/CiHome.htm\">Special Libraries Association &#8211; CI division<\/a><br \/>\n<a href=\"http:\/\/www.adbs.fr\/\">Association des professionnels de l\u2019information et de la documentation (ABDS)<\/a><br \/>\n<a href=\"http:\/\/www.adit.fr\/\">Association pour la diffusion de l\u2019information technologique (ADIT)<\/a><br \/>\n<a href=\"http:\/\/www.oaie-aoci.org\/\">African Organization of Competitive Intelligence<\/a><br \/>\n<a href=\"http:\/\/www.mria-arim.ca\/\">Marketing Research and Intelligence Association<\/a><br \/>\n<a href=\"http:\/\/www.casis.ca\/\">CASIS \/ ACERS<\/a><\/p>\n<h2>Education and Training \/ Formation<\/h2>\n<p><a href=\"http:\/\/www.scip.org\/education\/ciunican.asp\">Universities \/ Colleges Offering CI Courses &#8211; Canada<\/a><br \/>\n<a href=\"http:\/\/www.academyci.com\/\">Academy of Competitive Intelligence<\/a><\/p>\n<h2>Journals \/ Revues<\/h2>\n<p><a href=\"http:\/\/www.scip.org\/jcim.asp\">Journal of Competitive Intelligence and Management<\/a><br \/>\n<a href=\"http:\/\/www.scip.org\/news\/cimagazine.asp\">Competitive Intelligence Magazine<\/a><br \/>\n<a href=\"http:\/\/www.polisci.taylorandfrancis.com\/jic_frameset.html\">International Journal of Intelligence and CounterIntelligence<\/a><br \/>\n<a href=\"http:\/\/www.veillemag.com\/\">Veille Magazine<\/a><\/p>\n<h2>Reports \/ Rapports<\/h2>\n<p><a href=\"http:\/\/strategique.free.fr\/analyses\/carayon.pdf\">B. Carayon (2003). Intelligence \u00e9conomique, comp\u00e9tivit\u00e9 et coh\u00e9sion sociale<\/a><br \/>\n<a href=\"http:\/\/www.ladocfrancaise.gouv.fr\/BRP\/034000484\/0002.pdf\">B. Carayon (2003). Intelligence \u00e9conomique &#8230; &#8211; annexes 1 &#8211; 5<\/a><br \/>\n<a href=\"http:\/\/www.ladocfrancaise.gouv.fr\/BRP\/034000484\/0003.pdf\">B. Carayon (2003). Intelligence \u00e9conomique &#8230; &#8211; annexes 6 &#8211; 9<\/a><\/p>\n<h2>Governmental Sources \/ Sources gouvernementales<\/h2>\n<p><a href=\"http:\/\/www.fintrac.gc.ca\/\">FINTRAC<\/a><br \/>\n<a href=\"http:\/\/www.intelligence-economique.gouv.fr\/\">Gouvernement France &#8211; Haut responsable IE<\/a><\/p>\n<h2>Guides BI\/CI \/ Veille<\/h2>\n<p><a href=\"http:\/\/www.cr-lorraine.fr\/conseil_regional\/interventions\/economie\/guide_ie\/guide_ie.pdf\">Guide Conseil r\u00e9gional Lorraine France<\/a><br \/>\n<a href=\"http:\/\/www.fsa.ulaval.ca\/personnel\/vernag\/PUB\/veille.html\">G. Verna (1993) &#8211; La veille technologique: une ardente n\u00e9cessit\u00e9<\/a><br \/>\n<a href=\"http:\/\/www.cigref.fr\/cigref\/livelink.exe\/fetch\/-9159\/27381\/IES-web2.pdf?nodeid=27382&amp;vernum=0\">document IE CIGREF (2003)<\/a><br \/>\n<a href=\"http:\/\/www.vendee-expansion.fr\/etudes\/enquete-IE-2005.pdf\">Etude Vendee (2005)<\/a><br \/>\n<a href=\"http:\/\/www.basse-normandie.net\/pdfBN\/IEBN.pdf\">Guide de l&#8217;IE Basse-Normandie (2005)<\/a><br \/>\n<a href=\"http:\/\/strategis.ic.gc.ca\/epic\/internet\/inee-ef.nsf\/vwapj\/ci_f_good-one.pdf\/$FILE\/ci_f_good-one.pdf\">Industrie Canada Veille (FR)<\/a> <a href=\"http:\/\/strategis.ic.gc.ca\/epic\/internet\/inee-ef.nsf\/vwapj\/ci_e_good-one.pdf\/$FILE\/ci_e_good-one.pdf\">Industry Canada CI (EN)<\/a><\/p>\n<h2>BI\/CI Sites Veille<\/h2>\n<p><a href=\"http:\/\/www.veille-strategique.org\/\">Equipe Lesca &#8211; CERAG Grenoble<\/a><br \/>\n<a href=\"http:\/\/epices.univ-tln.fr\/\">Epices<\/a><br \/>\n<a href=\"http:\/\/www.fuld.com\/\">Fuld &amp; Company<\/a><br \/>\n<a href=\"http:\/\/www.bidigital.com\/ci\/\">The CI Resource Index<\/a><br \/>\n<a href=\"http:\/\/www.veille.com\/\">Veille.com<\/a><br \/>\n<a href=\"http:\/\/www.acrie.fr\/\">ACRIE<\/a><br \/>\n<a href=\"http:\/\/www.intelligence-economique.fr\/\">Intelligence economique.fr<\/a><br \/>\n<a href=\"http:\/\/www.cia.gov\/csi\/kent_csi\/Default.htm\">CIA University &#8211; Studies in Intelligence Index<\/a><br \/>\n<a href=\"http:\/\/strategique.free.fr\/\">Encyclop\u00e9die intelligence \u00e9conomique<\/a><br \/>\n<a href=\"http:\/\/autodiagnostic.lorraine.cci.fr\/\">Diagnostic CCI Lorraine<\/a><br \/>\n<a href=\"http:\/\/intelligence.management.uottawa.ca\/\">Jonathan Calof &#8211; U Ottawa<\/a><br \/>\n<a href=\"http:\/\/cic.simmons.edu\/miller.html\">Jerry Miller &#8211; CI Center Simmons College <\/a><br \/>\n<a href=\"http:\/\/www.benchmarkie.com\/\">Bencmark IE<\/a><br \/>\n<a href=\"http:\/\/coursie.sup.fr\/\">Portail CoursIE<\/a><\/p>\n<h2>BI\/CI Mailing Lists \/ Listes de diffusion veille<\/h2>\n<p><a href=\"http:\/\/fr.groups.yahoo.com\/group\/veille\/\">Veille<\/a><br \/>\n<a href=\"http:\/\/fr.groups.yahoo.com\/group\/intelligence-economique\/\">Intelligence economique<\/a><br \/>\n<a href=\"http:\/\/fr.groups.yahoo.com\/group\/ienetwork\/\">IE Network<\/a><br \/>\n<a href=\"http:\/\/fr.groups.yahoo.com\/group\/CyberIES\/\">CyberIES<\/a><br \/>\n<a href=\"http:\/\/finance.groups.yahoo.com\/group\/competitive-intelligence\/\">Competitive Intelligence<\/a><br \/>\n<a href=\"http:\/\/finance.groups.yahoo.com\/group\/business-intelligence\/\">Business Intelligence<\/a><br \/>\n<a href=\"http:\/\/vtech.canalblog.com\/\">Blog VTech (Aref JDEY)<\/a><\/p>\n<h2>Specialized BI\/CI Mailing Lists \/ Listes sp\u00e9cialis\u00e9es de diffusion veille<\/h2>\n<p><a href=\"http:\/\/http-server.carleton.ca\/~fbrouard\/www.veilletourisme.ca\">Reseau de veille en tourisme<\/a><\/p>\n<h2>BI\/CI Terminology<\/h2>\n<p><a href=\"http:\/\/www.fuld.com\/\">Fuld Intelligence Dictionary<\/a><\/p>\n<p><\/p>\n<p><\/p>\n","protected":false},"excerpt":{"rendered":"<p>(under reconstruction) site maintained by Fran\u00e7ois Brouard, DBA, FCPA, FCA; Professor and Director, SCSE-CSES Sprott School of Business, Carleton University \u2022 Ottawa, Ontario, Canada See Webpage \/ site web : GIN BI \/ CI Associations Veille Society of Competitive Intelligence Professionals (SCIP) Special Libraries Association &#8211; CI division Association des professionnels de l\u2019information et de [&hellip;]<\/p>\n","protected":false},"author":5,"featured_media":0,"parent":349,"menu_order":0,"comment_status":"closed","ping_status":"closed","template":"","meta":{"_relevanssi_hide_post":"","_relevanssi_hide_content":"","_relevanssi_pin_for_all":"","_relevanssi_pin_keywords":"","_relevanssi_unpin_keywords":"","_relevanssi_related_keywords":"","_relevanssi_related_include_ids":"","_relevanssi_related_exclude_ids":"","_relevanssi_related_no_append":"","_relevanssi_related_not_related":"","_relevanssi_related_posts":"","_relevanssi_noindex_reason":"","_mi_skip_tracking":false,"_exactmetrics_sitenote_active":false,"_exactmetrics_sitenote_note":"","_exactmetrics_sitenote_category":0,"footnotes":"","_links_to":"","_links_to_target":""},"yoast_head":"<!-- This site is optimized with the Yoast SEO plugin v21.2 - https:\/\/yoast.com\/wordpress\/plugins\/seo\/ -->\n<title>Business Intelligence \/ Environmental Scanning \/ Veille Strategique - Professor Fran\u00e7ois Brouard<\/title>\n<meta name=\"description\" content=\"(under reconstruction) site maintained by Fran\u00e7ois Brouard, DBA, FCPA, FCA; Professor and Director, SCSE-CSES Sprott School of Business, Carleton\" \/>\n<meta name=\"robots\" content=\"index, follow, max-snippet:-1, max-image-preview:large, max-video-preview:-1\" \/>\n<link rel=\"canonical\" href=\"https:\/\/carleton.ca\/profbrouard\/links\/business-intelligence-environmental-scanning-veille-strategique\/\" \/>\n<meta name=\"twitter:label1\" content=\"Est. reading time\" \/>\n\t<meta name=\"twitter:data1\" content=\"1 minute\" \/>\n<script type=\"application\/ld+json\" class=\"yoast-schema-graph\">{\"@context\":\"https:\/\/schema.org\",\"@graph\":[{\"@type\":\"WebPage\",\"@id\":\"https:\/\/carleton.ca\/profbrouard\/links\/business-intelligence-environmental-scanning-veille-strategique\/\",\"url\":\"https:\/\/carleton.ca\/profbrouard\/links\/business-intelligence-environmental-scanning-veille-strategique\/\",\"name\":\"Business Intelligence \/ Environmental Scanning \/ Veille Strategique - Professor Fran\u00e7ois Brouard\",\"isPartOf\":{\"@id\":\"https:\/\/carleton.ca\/profbrouard\/#website\"},\"datePublished\":\"2017-07-12T20:04:26+00:00\",\"dateModified\":\"2019-10-27T05:45:43+00:00\",\"description\":\"(under reconstruction) site maintained by Fran\u00e7ois Brouard, DBA, FCPA, FCA; Professor and Director, SCSE-CSES Sprott School of Business, Carleton\",\"breadcrumb\":{\"@id\":\"https:\/\/carleton.ca\/profbrouard\/links\/business-intelligence-environmental-scanning-veille-strategique\/#breadcrumb\"},\"inLanguage\":\"en-US\",\"potentialAction\":[{\"@type\":\"ReadAction\",\"target\":[\"https:\/\/carleton.ca\/profbrouard\/links\/business-intelligence-environmental-scanning-veille-strategique\/\"]}]},{\"@type\":\"BreadcrumbList\",\"@id\":\"https:\/\/carleton.ca\/profbrouard\/links\/business-intelligence-environmental-scanning-veille-strategique\/#breadcrumb\",\"itemListElement\":[{\"@type\":\"ListItem\",\"position\":1,\"name\":\"Home\",\"item\":\"https:\/\/carleton.ca\/profbrouard\/\"},{\"@type\":\"ListItem\",\"position\":2,\"name\":\"Links\",\"item\":\"https:\/\/carleton.ca\/profbrouard\/links\/\"},{\"@type\":\"ListItem\",\"position\":3,\"name\":\"Business Intelligence \/ Environmental Scanning \/ Veille Strategique\"}]},{\"@type\":\"WebSite\",\"@id\":\"https:\/\/carleton.ca\/profbrouard\/#website\",\"url\":\"https:\/\/carleton.ca\/profbrouard\/\",\"name\":\"Professor Fran\u00e7ois Brouard\",\"description\":\"Carleton University\",\"potentialAction\":[{\"@type\":\"SearchAction\",\"target\":{\"@type\":\"EntryPoint\",\"urlTemplate\":\"https:\/\/carleton.ca\/profbrouard\/?s={search_term_string}\"},\"query-input\":\"required name=search_term_string\"}],\"inLanguage\":\"en-US\"}]}<\/script>\n<!-- \/ Yoast SEO plugin. -->","yoast_head_json":{"title":"Business Intelligence \/ Environmental Scanning \/ Veille Strategique - Professor Fran\u00e7ois Brouard","description":"(under reconstruction) site maintained by Fran\u00e7ois Brouard, DBA, FCPA, FCA; Professor and Director, SCSE-CSES Sprott School of Business, Carleton","robots":{"index":"index","follow":"follow","max-snippet":"max-snippet:-1","max-image-preview":"max-image-preview:large","max-video-preview":"max-video-preview:-1"},"canonical":"https:\/\/carleton.ca\/profbrouard\/links\/business-intelligence-environmental-scanning-veille-strategique\/","twitter_misc":{"Est. reading time":"1 minute"},"schema":{"@context":"https:\/\/schema.org","@graph":[{"@type":"WebPage","@id":"https:\/\/carleton.ca\/profbrouard\/links\/business-intelligence-environmental-scanning-veille-strategique\/","url":"https:\/\/carleton.ca\/profbrouard\/links\/business-intelligence-environmental-scanning-veille-strategique\/","name":"Business Intelligence \/ Environmental Scanning \/ Veille Strategique - Professor Fran\u00e7ois Brouard","isPartOf":{"@id":"https:\/\/carleton.ca\/profbrouard\/#website"},"datePublished":"2017-07-12T20:04:26+00:00","dateModified":"2019-10-27T05:45:43+00:00","description":"(under reconstruction) site maintained by Fran\u00e7ois Brouard, DBA, FCPA, FCA; Professor and Director, SCSE-CSES Sprott School of Business, Carleton","breadcrumb":{"@id":"https:\/\/carleton.ca\/profbrouard\/links\/business-intelligence-environmental-scanning-veille-strategique\/#breadcrumb"},"inLanguage":"en-US","potentialAction":[{"@type":"ReadAction","target":["https:\/\/carleton.ca\/profbrouard\/links\/business-intelligence-environmental-scanning-veille-strategique\/"]}]},{"@type":"BreadcrumbList","@id":"https:\/\/carleton.ca\/profbrouard\/links\/business-intelligence-environmental-scanning-veille-strategique\/#breadcrumb","itemListElement":[{"@type":"ListItem","position":1,"name":"Home","item":"https:\/\/carleton.ca\/profbrouard\/"},{"@type":"ListItem","position":2,"name":"Links","item":"https:\/\/carleton.ca\/profbrouard\/links\/"},{"@type":"ListItem","position":3,"name":"Business Intelligence \/ Environmental Scanning \/ Veille Strategique"}]},{"@type":"WebSite","@id":"https:\/\/carleton.ca\/profbrouard\/#website","url":"https:\/\/carleton.ca\/profbrouard\/","name":"Professor Fran\u00e7ois Brouard","description":"Carleton University","potentialAction":[{"@type":"SearchAction","target":{"@type":"EntryPoint","urlTemplate":"https:\/\/carleton.ca\/profbrouard\/?s={search_term_string}"},"query-input":"required name=search_term_string"}],"inLanguage":"en-US"}]}},"acf":{"banner_image_type":"none","banner_button":"no"},"_links":{"self":[{"href":"https:\/\/carleton.ca\/profbrouard\/wp-json\/wp\/v2\/pages\/369"}],"collection":[{"href":"https:\/\/carleton.ca\/profbrouard\/wp-json\/wp\/v2\/pages"}],"about":[{"href":"https:\/\/carleton.ca\/profbrouard\/wp-json\/wp\/v2\/types\/page"}],"author":[{"embeddable":true,"href":"https:\/\/carleton.ca\/profbrouard\/wp-json\/wp\/v2\/users\/5"}],"replies":[{"embeddable":true,"href":"https:\/\/carleton.ca\/profbrouard\/wp-json\/wp\/v2\/comments?post=369"}],"version-history":[{"count":3,"href":"https:\/\/carleton.ca\/profbrouard\/wp-json\/wp\/v2\/pages\/369\/revisions"}],"predecessor-version":[{"id":2468,"href":"https:\/\/carleton.ca\/profbrouard\/wp-json\/wp\/v2\/pages\/369\/revisions\/2468"}],"up":[{"embeddable":true,"href":"https:\/\/carleton.ca\/profbrouard\/wp-json\/wp\/v2\/pages\/349"}],"wp:attachment":[{"href":"https:\/\/carleton.ca\/profbrouard\/wp-json\/wp\/v2\/media?parent=369"}],"curies":[{"name":"wp","href":"https:\/\/api.w.org\/{rel}","templated":true}]}}