{"id":438,"date":"2017-07-13T15:15:45","date_gmt":"2017-07-13T19:15:45","guid":{"rendered":"https:\/\/carleton.ca\/profbrouard\/?page_id=438"},"modified":"2024-03-01T16:29:18","modified_gmt":"2024-03-01T21:29:18","slug":"kayak","status":"publish","type":"page","link":"https:\/\/carleton.ca\/profbrouard\/links\/kayak\/","title":{"rendered":"KAYAK"},"content":{"rendered":"<p><strong>(under reconstruction)<\/strong><br \/>\nsite maintained by Fran\u00e7ois Brouard<\/p>\n<h2>F\u00e9d\u00e9ration \/ Association<\/h2>\n<h3>Canada<\/h3>\n<p><a href=\"http:\/\/www.canot-kayak.qc.ca\/\">Federation quebecoise du canot et du kayak (FQCK)<\/a><br \/>\n<a href=\"http:\/\/www.kayak.qc.ca\/\">Federation quebecoise de canoe-kayak d&#8217;eau vive<\/a><br \/>\n<a href=\"http:\/\/www.paddlingcanada.com\/\">Canadian Recreational Canoeing Association (CRCA)<\/a><br \/>\n<a href=\"http:\/\/www.canoekayak.ca\/\">Canadian Canoe Association (CCA)<\/a><br \/>\n<a href=\"http:\/\/www.orca.on.ca\/\">Ontario Recreational Canoeing Association (ORCA)<\/a><br \/>\n<a href=\"http:\/\/www.skabc.org\/\">Seakayaker Association of British Columbia (SKABC)<\/a><\/p>\n<h3>International<\/h3>\n<p><a href=\"http:\/\/www.americancanoe.org\/\">American Canoe Association (ACA) <\/a><br \/>\n<a href=\"http:\/\/www.bcuna.com\/\">British Canoe Union (BCU)<\/a><br \/>\n<a href=\"http:\/\/www.welsh-canoeing.org.uk\/\">Welsh Canoeing Association<\/a><br \/>\n<a href=\"http:\/\/www.scot-canoe.org\/index2.htm\">Scotish Canoeing Association<\/a><br \/>\n<a href=\"http:\/\/www.kask.co.nz\/\">Kiwi Association of Sea Kayakers (NZ)<\/a><\/p>\n<h3>Club<\/h3>\n<p><a href=\"http:\/\/www.pioc.ca\/\">Petrie Island Outdoors Club (PIOC) &#8211; Ottawa<\/a><br \/>\n<a href=\"http:\/\/homepage.mac.com\/pierreradisson\/Club%20Pierre-Radisson%20-%20La%20passion%20du%20canot%20en%20Outaouais\/Club%20Pierre-Radisson.html\">Club Radisson &#8211; Outaouais<\/a><br \/>\n<a href=\"http:\/\/www.kabec.org\/\">Club de canot-camping KABEC &#8211; Outaouais<\/a><br \/>\n<a href=\"http:\/\/tk2o.webhop.org\/\">Touring Kayakers Ottawa-Outaouais Club<\/a><br \/>\n<a href=\"http:\/\/www.rideaucanoe.on.ca\/\">Rideau Canoe Club<\/a><\/p>\n<h2>R\u00e9f\u00e9rences g\u00e9n\u00e9rales \/ General references<\/h2>\n<p><a href=\"http:\/\/www.kayakdemer.net\/\">Kayak de mer dans le nouveau monde<\/a><br \/>\n<a href=\"http:\/\/www.paddling.net\/\">Paddling.net<\/a><br \/>\n<a href=\"http:\/\/www.cam.org\/~cyrd\/kayak\">Qu\u00e9bec Kayak<\/a><br \/>\n<a href=\"http:\/\/w3.arobas.net\/~brodema\/\">Kayak de mer au Qu\u00e9bec<\/a><br \/>\n<a href=\"http:\/\/perso.b2b2c.ca\/brodema\/\">Mises \u00e0 l&#8217;eau sur le fleuve Saint-Laurent <\/a><br \/>\n<a href=\"http:\/\/www.vajouerdehors.ca\/\">Va jouer dehors<\/a><br \/>\n<a href=\"http:\/\/www.superactif.com\/\">Superactif.com<\/a><\/p>\n<h2>Guides<\/h2>\n<p><a href=\"http:\/\/www.sail.qc.ca\/advice\/detail.jsp?id=20&amp;cat=1001\">Checklist (day outing)<\/a><br \/>\n<a href=\"http:\/\/www.sail.qc.ca\/advice\/detail.jsp?id=21&amp;cat=1001\">Checklist (overnight trip)<\/a><br \/>\n<a href=\"http:\/\/www.canot-kayak.qc.ca\/fqck_pdf\/kayak_securiteFR.pdf\">Guide de securite kayak FR<\/a> <a href=\"http:\/\/www.tc.gc.ca\/boatingsafety\/pubs\/kayak\/kayak-Guide.pdf\">Sea Kayak Safety Guide EN<\/a><br \/>\n<a href=\"https:\/\/www.hmy.com\/water-sports-a-beginners-guide-to-kayaking\">HMY Yachts &#8211; Water sports: A beginner&#8217;s guide to kayaking EN<\/a> <\/p>\n<h2>M\u00e9t\u00e9o \/ Weather<\/h2>\n<p><a href=\"http:\/\/weatheroffice.ec.gc.ca\/city\/pages\/on-118_metric_e.html\">Environnement Canada &#8211; Ottawa<\/a><br \/>\n<a href=\"http:\/\/weatheroffice.ec.gc.ca\/lightning\/index_e.html\">\u00c9clair \/ Lightning<\/a><br \/>\n<a href=\"http:\/\/weatheroffice.ec.gc.ca\/warnings\/warnings_e.html\">Avertissement \/ Warning<\/a><br \/>\n<a href=\"http:\/\/weatheroffice.ec.gc.ca\/radar\/index_e.html?id=xft\">Radar<\/a><br \/>\n<a href=\"http:\/\/www.waterlevels.gc.ca\/\">Mar\u00e9ees, courant et niveaux d&#8217;eau \/ Tides, Currents and Water levels<\/a><br \/>\n<a href=\"http:\/\/www.theweathernetwork.com\/cities\/can\/Ottawa_ON.htm\">Weather Network &#8211; Ottawa<\/a><br \/>\n<a href=\"http:\/\/www.ccg-gcc.gc.ca\/\">Garde coti\u00e8re \/ Coast guard Canada<\/a><br \/>\n<a href=\"http:\/\/sailquest.com\/ottawa\/\">Ottawa River Sailing Page<\/a><\/p>\n<h2>Revues \/ Magazine<\/h2>\n<p><a href=\"http:\/\/www.espaces.qc.ca\/\">Espaces<\/a><br \/>\n<a href=\"http:\/\/www.geopleinair.com\/\">G\u00e9o Plein Air<\/a><br \/>\n<a href=\"http:\/\/www.seakayakermag.com\/\">SeaKayaker Magazine<\/a><br \/>\n<a href=\"http:\/\/www.adventurekayakmag.com\/\">Adventure Kayak<\/a><br \/>\n<a href=\"http:\/\/www.wavelengthmagazine.com\/\">WaveLength Magazine<\/a><br \/>\n<a href=\"http:\/\/www.canoekayak.com\/\">Canoe &amp; Kayak<\/a><br \/>\n<a href=\"http:\/\/paddlingcanada.com\/kanawa\/\">Kanawa (CRCA)<\/a><br \/>\n<a href=\"http:\/\/www.nswseakayaker.asn.au\/newsletter.htm\">New South Wales Club Magazine<\/a><br \/>\n<a href=\"http:\/\/www.paddlermagazine.com\/\">Paddler online<\/a><br \/>\n<a href=\"http:\/\/www.kayakonline.com\/\">Kayak online<\/a><br \/>\n<a href=\"http:\/\/www.sit-on-topkayaking.com\/\">TopKayaker.net<\/a><br \/>\n<a href=\"http:\/\/boatertalk.com\/\">Boater Talk (Whitewater)<\/a><br \/>\n<a href=\"http:\/\/www.bubblestreet.ca\/\">Bubblestreet Comic strip<\/a> <a href=\"https:\/\/www.trailhead.ca\/#\">Latest with Trailhead<\/a><\/p>\n<h2>Conseils \/ Advices<\/h2>\n<p><a href=\"http:\/\/www.kayakonline.com\/choosing_a_kayak.html\">Choosing and Buying a Kayak<\/a><br \/>\n<a href=\"http:\/\/www.paddling.net\/buyersguide\/Kayaks.html\">Paddling.net Interactive Buyers&#8217; Guide<\/a><br \/>\n<a href=\"http:\/\/www.outdooreyes.com\/choosekayak.php3\">Tulin &#8211; How to Choose a Kayak<\/a><br \/>\n<a href=\"http:\/\/www.kayak.co.za\/shop\/choose.shtml\">Kayak Shop &#8211; How to Choose a Kayak<\/a><br \/>\n<a href=\"http:\/\/www.wernerpaddles.com\/chooseapaddle.php\">Choose a Paddle &#8211; Interactive Guide to a Good Fit<\/a><br \/>\n<a href=\"http:\/\/www.sit-on-topkayaking.com\/KayakData\/BuyGuides\/PaddleChoice.html\">TopKayaker.netHow to Choose a Kayak Paddle<\/a><\/p>\n<h2>\u00c9cole \/ School<\/h2>\n<p><a href=\"http:\/\/www.evasionpleinair.com\/\">Evasion Plein Air Outaouais<\/a><br \/>\n<a href=\"http:\/\/www.mkc.ca\/\">Madawaska Kanu Centre<\/a><br \/>\n<a href=\"http:\/\/www.ottawakayak.com\/\">Ottawa Kayak School<\/a><br \/>\n<a href=\"http:\/\/www.ottawavalleykayak.com\/\">Ottawa Valley Kayak<\/a><br \/>\n<a href=\"http:\/\/www.detournature.com\/\">D\u00e9tour Nature &#8211; Montr\u00e9al<\/a><br \/>\n<a href=\"http:\/\/www.fjord-en-kayak.ca\/\">Fjord en Kayak &#8211; Saguenay<\/a><br \/>\n<a href=\"http:\/\/www.skgabc.com\/\">Sea Kayak Guides Alliance of BC<\/a><\/p>\n<h2>D\u00e9taillants \/ Retailers<\/h2>\n<p><a href=\"http:\/\/www.mec.ca\/\">Mountain Equipment Coop &#8211; Ottawa<\/a><br \/>\n<a href=\"http:\/\/www.trailhead.ca\/\">Trailhead &#8211; Ottawa<\/a><br \/>\n<a href=\"http:\/\/www.paddleshack.ca\/\">Paddle Shack &#8211; Ottawa<\/a><br \/>\n<a href=\"http:\/\/www.langfordcanoe.com\/\">Langford &#8211; Ottawa<\/a><br \/>\n<a href=\"http:\/\/www.bushtukah.com\/\">Bushtukah &#8211; Ottawa<\/a><br \/>\n<a href=\"http:\/\/www.campdebase.ca\/\">Relais Camp de base &#8211; Gatineau<\/a><br \/>\n<a href=\"http:\/\/www.lacordee.com\/\">La Cordee &#8211; Montreal<\/a><br \/>\n<a href=\"http:\/\/www.lebaron.ca\/\">Le Baron &#8211; Montr\u00e9al<\/a><br \/>\n<a href=\"http:\/\/www.sail.qc.ca\/\">SAIL &#8211; Beloeil<\/a><br \/>\n<a href=\"http:\/\/www.norwaynordic.com\/\">Norway Nordic &#8211; Ste-Anne de Bellevue<\/a><br \/>\n<a href=\"http:\/\/www.aquapleinair.com\/\">Aqua Plein Air &#8211; Laurentides<\/a><br \/>\n<a href=\"http:\/\/www.sportcheck.ca\/\">Sport Check<\/a><br \/>\n<a href=\"http:\/\/www.sportsexperts.ca\/\">Sports experts<\/a><br \/>\n<a href=\"http:\/\/www.kanuk.com\/\">Kanuk &#8211; Montr\u00e9al<\/a><br \/>\n<a href=\"http:\/\/www.frontenac-outfitters.com\/\">Frontenac Outfitters &#8211; Kingston<\/a><br \/>\n<a href=\"http:\/\/www.gopaddle.org\/\">Trade Association of Paddlesports<\/a><\/p>\n<h2>Activit\u00e9s \/ Activities<\/h2>\n<p><a href=\"http:\/\/rassemblement.kayakdemer.net\/\">Rassemblement Piopolis &#8211; Lac Megantic (mai)<\/a><br \/>\n<a href=\"http:\/\/www.ilesarame.qc.ca\/\">Iles a la rame &#8211; Sorel-Tracy (juin)<\/a><br \/>\n<a href=\"http:\/\/www.gatineau.org\/\">Festival d&#8217;eau vive de la Haute-Gatineau (aout)<\/a><\/p>\n<h2>Manufacturiers \/ Manufacturers<\/h2>\n<h3>Canada<\/h3>\n<p><a href=\"http:\/\/www.borealdesign.com\/accueil.php\">Boreal Design &#8211; CAN<\/a><br \/>\n<a href=\"http:\/\/www.kayakstlaurent.com\/\">Kayaks St-Laurent &#8211; CAN<\/a><br \/>\n<a href=\"http:\/\/www.impexkayak.com\/\">Impex (Formula) &#8211; CAN<\/a><br \/>\n<a href=\"http:\/\/www.seawardkayaks.com\/\">Seaward Kayaks &#8211; CAN<\/a><br \/>\n<a href=\"http:\/\/www.azulkayaks.com\/\">AZUL Kayaks &#8211; CAN<\/a><br \/>\n<a href=\"http:\/\/www.riotkayaks.com\/\">RIOT Kayaks &#8211; CAN<\/a><br \/>\n<a href=\"http:\/\/www.midcanscottcanoe.com\/\">Mid Canada &#8211; CAN<\/a><br \/>\n<a href=\"http:\/\/www.voodookayaks.com\/\">Voodoo Kayaks &#8211; CAN<\/a><br \/>\n<a href=\"http:\/\/www.dimensionkayak.com\/\">Dimension Kayak &#8211; CAN<\/a><br \/>\n<a href=\"http:\/\/www.pelican-intl.com\/\">Pelican International &#8211; CAN<\/a><br \/>\n<a href=\"http:\/\/www.royfolland.com\/\">Roy Folland &#8211; CAN (Wooden Kayak)<\/a><br \/>\n<a href=\"http:\/\/www.orcaboats.ca\/\">ORCA Boats &#8211; CAN (Wooden Kayak)<\/a><br \/>\n<a href=\"http:\/\/www.feathercraft.com\/\">Feathercraft Folding Kayaks &#8211; CAN<\/a><br \/>\n<a href=\"http:\/\/www.evergreencanoe.com\/kayaks.html\">Evergreen &#8211; CAN<\/a><br \/>\n<a href=\"http:\/\/www.deltakayaks.com\/\">Delta Kayaks &#8211; CAN<\/a><br \/>\n<a href=\"http:\/\/www.novacraft.com\/\">Nova Craft &#8211; CAN<\/a><br \/>\n<a href=\"http:\/\/www.belugaworld.com\/\">Equipements Beluga World &#8211; CAN (accessoires)<\/a><br \/>\n<a href=\"http:\/\/atlaninc.com\/\">Atlan inc. &#8211; CAN (wear)<\/a><\/p>\n<h3>International<\/h3>\n<p><a href=\"http:\/\/www.necky.com\/\">Necky Kayaks &#8211; US<\/a><br \/>\n<a href=\"http:\/\/www.swiftcanoe.com\/\">Swift Canoe &amp; Kayak &#8211; US<\/a><br \/>\n<a href=\"http:\/\/www.wildernesssystems.com\/\">Wilderness Systems &#8211; US<\/a><br \/>\n<a href=\"http:\/\/www.cdkayak.com\/\">Current Design &#8211; US<\/a><br \/>\n<a href=\"http:\/\/www.kayaker.com\/\">Perception &#8211; US<\/a><br \/>\n<a href=\"http:\/\/www.qcckayaks.com\/\">QCC Kayaks &#8211; US<\/a><br \/>\n<a href=\"http:\/\/www.grokayaks.com\/\">Valley Kayaks &#8211; US<\/a><br \/>\n<a href=\"http:\/\/www.dimensionkayak.com\/\">Dimension Kayak &#8211; US<\/a><br \/>\n<a href=\"http:\/\/www.dagger.com\/\">Dagger &#8211; US<\/a><br \/>\n<a href=\"http:\/\/www.atlantiskayaks.com\/\">Atlantis Kayak &#8211; US<\/a><br \/>\n<a href=\"http:\/\/www.shearwater-boats.com\/\">Shearwater Boats &#8211; US<\/a><br \/>\n<a href=\"http:\/\/www.emotionkayaks.com\/\">Emotion Kayaks &#8211; US<\/a><br \/>\n<a href=\"http:\/\/www.wernerpaddles.com\/\">Werner Paddles &#8211; US<\/a><br \/>\n<a href=\"http:\/\/www.pelican.com\/\">Pelican &#8211; US (cases)<\/a><br \/>\n<a href=\"http:\/\/www.wavesport.com\/\">Wave Sport &#8211; US<\/a><br \/>\n<a href=\"http:\/\/www.bicsportkayaks.com\/\">BIC Sports Kayaks &#8211; France<\/a><\/p>\n<p><a href=\"http:\/\/www.dragonboat.net\/\">Dragon Boat Festival Ottawa<\/a><br \/>\nGiv&#8217;er the BUSINESS (2005 Sprott School of Business team) <a href=\"http:\/\/sprott.carleton.ca\/news\/2005\/dragonboat2005.pdf\">Team picture<\/a><br \/>\n42nd place overall on 170 teams, 2nd place in Education Challenge Cup on 15 teams<\/p>\n<p><\/p>\n<table border=\"0\" width=\"800\" cellspacing=\"0\" cellpadding=\"2\">\n<tbody>\n<tr class=\"DecreaseFontMore\" bgcolor=\"#cccccc\">\n<td>\u00a9\u00a0Francois Brouard, Tous droits r\u00e9serv\u00e9s \/ All rights reserved<br \/>\nMise-\u00e0-jour \/ Updated March 1 mars 2024<\/td>\n<\/tr>\n<\/tbody>\n<\/table>\n","protected":false},"excerpt":{"rendered":"<p>(under reconstruction) site maintained by Fran\u00e7ois Brouard F\u00e9d\u00e9ration \/ Association Canada Federation quebecoise du canot et du kayak (FQCK) Federation quebecoise de canoe-kayak d&#8217;eau vive Canadian Recreational Canoeing Association (CRCA) Canadian Canoe Association (CCA) Ontario Recreational Canoeing Association (ORCA) Seakayaker Association of British Columbia (SKABC) International American Canoe Association (ACA) British Canoe Union (BCU) Welsh [&hellip;]<\/p>\n","protected":false},"author":5,"featured_media":0,"parent":349,"menu_order":0,"comment_status":"closed","ping_status":"closed","template":"","meta":{"_relevanssi_hide_post":"","_relevanssi_hide_content":"","_relevanssi_pin_for_all":"","_relevanssi_pin_keywords":"","_relevanssi_unpin_keywords":"","_relevanssi_related_keywords":"","_relevanssi_related_include_ids":"","_relevanssi_related_exclude_ids":"","_relevanssi_related_no_append":"","_relevanssi_related_not_related":"","_relevanssi_related_posts":"","_relevanssi_noindex_reason":"","_mi_skip_tracking":false,"_exactmetrics_sitenote_active":false,"_exactmetrics_sitenote_note":"","_exactmetrics_sitenote_category":0,"footnotes":"","_links_to":"","_links_to_target":""},"yoast_head":"<!-- This site is optimized with the Yoast SEO plugin v21.2 - https:\/\/yoast.com\/wordpress\/plugins\/seo\/ -->\n<title>KAYAK - Professor Fran\u00e7ois Brouard<\/title>\n<meta name=\"description\" content=\"(under reconstruction) site maintained by Fran\u00e7ois Brouard F\u00e9d\u00e9ration \/ Association Canada Federation quebecoise du canot et du kayak (FQCK) Federation\" \/>\n<meta name=\"robots\" content=\"index, follow, max-snippet:-1, max-image-preview:large, max-video-preview:-1\" \/>\n<link rel=\"canonical\" href=\"https:\/\/carleton.ca\/profbrouard\/links\/kayak\/\" \/>\n<meta name=\"twitter:label1\" content=\"Est. reading time\" \/>\n\t<meta name=\"twitter:data1\" content=\"3 minutes\" \/>\n<script type=\"application\/ld+json\" class=\"yoast-schema-graph\">{\"@context\":\"https:\/\/schema.org\",\"@graph\":[{\"@type\":\"WebPage\",\"@id\":\"https:\/\/carleton.ca\/profbrouard\/links\/kayak\/\",\"url\":\"https:\/\/carleton.ca\/profbrouard\/links\/kayak\/\",\"name\":\"KAYAK - Professor Fran\u00e7ois Brouard\",\"isPartOf\":{\"@id\":\"https:\/\/carleton.ca\/profbrouard\/#website\"},\"datePublished\":\"2017-07-13T19:15:45+00:00\",\"dateModified\":\"2024-03-01T21:29:18+00:00\",\"description\":\"(under reconstruction) site maintained by Fran\u00e7ois Brouard F\u00e9d\u00e9ration \/ Association Canada Federation quebecoise du canot et du kayak (FQCK) Federation\",\"breadcrumb\":{\"@id\":\"https:\/\/carleton.ca\/profbrouard\/links\/kayak\/#breadcrumb\"},\"inLanguage\":\"en-US\",\"potentialAction\":[{\"@type\":\"ReadAction\",\"target\":[\"https:\/\/carleton.ca\/profbrouard\/links\/kayak\/\"]}]},{\"@type\":\"BreadcrumbList\",\"@id\":\"https:\/\/carleton.ca\/profbrouard\/links\/kayak\/#breadcrumb\",\"itemListElement\":[{\"@type\":\"ListItem\",\"position\":1,\"name\":\"Home\",\"item\":\"https:\/\/carleton.ca\/profbrouard\/\"},{\"@type\":\"ListItem\",\"position\":2,\"name\":\"Links\",\"item\":\"https:\/\/carleton.ca\/profbrouard\/links\/\"},{\"@type\":\"ListItem\",\"position\":3,\"name\":\"KAYAK\"}]},{\"@type\":\"WebSite\",\"@id\":\"https:\/\/carleton.ca\/profbrouard\/#website\",\"url\":\"https:\/\/carleton.ca\/profbrouard\/\",\"name\":\"Professor Fran\u00e7ois Brouard\",\"description\":\"Carleton University\",\"potentialAction\":[{\"@type\":\"SearchAction\",\"target\":{\"@type\":\"EntryPoint\",\"urlTemplate\":\"https:\/\/carleton.ca\/profbrouard\/?s={search_term_string}\"},\"query-input\":\"required name=search_term_string\"}],\"inLanguage\":\"en-US\"}]}<\/script>\n<!-- \/ Yoast SEO plugin. -->","yoast_head_json":{"title":"KAYAK - Professor Fran\u00e7ois Brouard","description":"(under reconstruction) site maintained by Fran\u00e7ois Brouard F\u00e9d\u00e9ration \/ Association Canada Federation quebecoise du canot et du kayak (FQCK) Federation","robots":{"index":"index","follow":"follow","max-snippet":"max-snippet:-1","max-image-preview":"max-image-preview:large","max-video-preview":"max-video-preview:-1"},"canonical":"https:\/\/carleton.ca\/profbrouard\/links\/kayak\/","twitter_misc":{"Est. reading time":"3 minutes"},"schema":{"@context":"https:\/\/schema.org","@graph":[{"@type":"WebPage","@id":"https:\/\/carleton.ca\/profbrouard\/links\/kayak\/","url":"https:\/\/carleton.ca\/profbrouard\/links\/kayak\/","name":"KAYAK - Professor Fran\u00e7ois Brouard","isPartOf":{"@id":"https:\/\/carleton.ca\/profbrouard\/#website"},"datePublished":"2017-07-13T19:15:45+00:00","dateModified":"2024-03-01T21:29:18+00:00","description":"(under reconstruction) site maintained by Fran\u00e7ois Brouard F\u00e9d\u00e9ration \/ Association Canada Federation quebecoise du canot et du kayak (FQCK) Federation","breadcrumb":{"@id":"https:\/\/carleton.ca\/profbrouard\/links\/kayak\/#breadcrumb"},"inLanguage":"en-US","potentialAction":[{"@type":"ReadAction","target":["https:\/\/carleton.ca\/profbrouard\/links\/kayak\/"]}]},{"@type":"BreadcrumbList","@id":"https:\/\/carleton.ca\/profbrouard\/links\/kayak\/#breadcrumb","itemListElement":[{"@type":"ListItem","position":1,"name":"Home","item":"https:\/\/carleton.ca\/profbrouard\/"},{"@type":"ListItem","position":2,"name":"Links","item":"https:\/\/carleton.ca\/profbrouard\/links\/"},{"@type":"ListItem","position":3,"name":"KAYAK"}]},{"@type":"WebSite","@id":"https:\/\/carleton.ca\/profbrouard\/#website","url":"https:\/\/carleton.ca\/profbrouard\/","name":"Professor Fran\u00e7ois Brouard","description":"Carleton University","potentialAction":[{"@type":"SearchAction","target":{"@type":"EntryPoint","urlTemplate":"https:\/\/carleton.ca\/profbrouard\/?s={search_term_string}"},"query-input":"required name=search_term_string"}],"inLanguage":"en-US"}]}},"acf":{"banner_image_type":"none","banner_button":"no"},"_links":{"self":[{"href":"https:\/\/carleton.ca\/profbrouard\/wp-json\/wp\/v2\/pages\/438"}],"collection":[{"href":"https:\/\/carleton.ca\/profbrouard\/wp-json\/wp\/v2\/pages"}],"about":[{"href":"https:\/\/carleton.ca\/profbrouard\/wp-json\/wp\/v2\/types\/page"}],"author":[{"embeddable":true,"href":"https:\/\/carleton.ca\/profbrouard\/wp-json\/wp\/v2\/users\/5"}],"replies":[{"embeddable":true,"href":"https:\/\/carleton.ca\/profbrouard\/wp-json\/wp\/v2\/comments?post=438"}],"version-history":[{"count":4,"href":"https:\/\/carleton.ca\/profbrouard\/wp-json\/wp\/v2\/pages\/438\/revisions"}],"predecessor-version":[{"id":4671,"href":"https:\/\/carleton.ca\/profbrouard\/wp-json\/wp\/v2\/pages\/438\/revisions\/4671"}],"up":[{"embeddable":true,"href":"https:\/\/carleton.ca\/profbrouard\/wp-json\/wp\/v2\/pages\/349"}],"wp:attachment":[{"href":"https:\/\/carleton.ca\/profbrouard\/wp-json\/wp\/v2\/media?parent=438"}],"curies":[{"name":"wp","href":"https:\/\/api.w.org\/{rel}","templated":true}]}}