{"id":1321,"date":"2021-10-08T14:50:48","date_gmt":"2021-10-08T18:50:48","guid":{"rendered":"https:\/\/carleton.ca\/qes\/?page_id=1321"},"modified":"2021-11-13T07:33:12","modified_gmt":"2021-11-13T12:33:12","slug":"qui-sommes-nous","status":"publish","type":"page","link":"https:\/\/carleton.ca\/qes\/qes-as-wa-2021-2024-2\/qui-sommes-nous\/","title":{"rendered":"Qui sommes-nous?"},"content":{"rendered":"<p>L\u2019<a href=\"https:\/\/carleton.ca\/africanstudies\/\" target=\"_blank\" rel=\"noopener noreferrer\">Institute of African Studies<\/a> (IAS) de l\u2019Universit\u00e9 Carleton collabore avec des partenaires de placement\u00a0\u2014 <a href=\"https:\/\/impacttransform.org\/fr\/\" target=\"_blank\" rel=\"noopener noreferrer\">IMPACT<\/a>,\u00a0<a href=\"https:\/\/nexteinstein.org\/\" target=\"_blank\" rel=\"noopener noreferrer\">AIMS<\/a>,\u00a0<a href=\"https:\/\/code.ngo\/\" target=\"_blank\" rel=\"noopener noreferrer\">CODE<\/a>,\u00a0<a href=\"https:\/\/afrocanadianchamber.ca\/\" target=\"_blank\" rel=\"noopener noreferrer\">Afro Canadian Chamber of Commerce<\/a>\u00a0(ACCC), et\u00a0<a href=\"http:\/\/fourahbaycollege.net\/\" target=\"_blank\" rel=\"noopener noreferrer\">Fourah Bay College<\/a>, Universit\u00e9 de Sierra Leone\u00a0\u2014 dans le cadre de ce projet. Le titre africain du projet, en langue Hausa, langue tr\u00e8s r\u00e9pandue en Afrique de l\u2019Ouest, encapsule notre philosophie\u00a0: \u00a0<strong><em>Wurin ta na yin rubutu<\/em><\/strong>, ou \u201cune pi\u00e8ce \u00e0 elle pour \u00e9crire\u201d. Le projet est ax\u00e9 exclusivement sur les femmes, puisque celles-ci sont souvent handicap\u00e9es dans leurs \u00e9tudes doctorales et le d\u00e9but de leur carri\u00e8re post-doctorale du fait de biais institutionnels et d\u2019obstacles culturels, qui font en sorte qu\u2019il leur est difficile de trouver du temps et un lieu pour travailler. Une \u00e9tude financ\u00e9e par le British Council et le DAAD en 2018 d\u00e9montre les faibles taux d\u2019ach\u00e8vement des \u00e9tudes doctorales en Afrique sub-saharienne et l\u2019\u00e9cart \u00e0 cet \u00e9gard entre les sexes, ainsi que le faible arrimage et engagement avec l\u2019industrie, le secteur priv\u00e9 et les besoins de la soci\u00e9t\u00e9. Notre projet s\u2019attaque \u00e0 ces probl\u00e8mes, tel que d\u00e9crit ci-dessous. Pour ce qui est de la m\u00e9thodologie, notre coalition\u00a0:<\/p>\n<ul>\n<li>Cr\u00e9era un comit\u00e9 de gouvernance pour appuyer les meilleures candidates s\u00e9lectionn\u00e9es de l\u2019Afrique de l\u2019Ouest, aux \u00e9tudes doctorales ou en d\u00e9but de carri\u00e8re post-doctorale, afin qu\u2019elles puissent participer au programme QES-AS-WA.<\/li>\n<li>Adoptera une approche novatrice du bas vers le haut, en cernant des boursi\u00e8res gr\u00e2ce aux r\u00e9seaux sociaux et professionnels et en les choisissant au terme d\u2019un concours, avant de solliciter leurs universit\u00e9s d\u2019attache.<\/li>\n<li>Accueillera 11 boursi\u00e8res \u00e0 court terme (35-60\u00a0jours) et 6 \u00e0 long terme (61-120\u00a0jours) sur 7\u00a0semestres, de 2021 \u00e0 2024, en consultation avec nos partenaires de placement.<\/li>\n<li>Facilitera l\u2019\u00e9laboration de propositions de recherche en collaboration entre les boursi\u00e8res s\u00e9lectionn\u00e9es, les facilitateurs de Carleton et les partenaires de placement, de fa\u00e7on \u00e0 remplir les objectifs de toutes les parties.<\/li>\n<li>Innovera en organisant des placements et mentorats hybrides (en personne et virtuels) aux bureaux des partenaires d\u2019Afrique de l\u2019Ouest et aux sites de recherche, d\u00e8s l\u2019automne 2021.<\/li>\n<\/ul>\n<p>Gr\u00e2ce au financement fourni par le <a href=\"https:\/\/www.idrc.ca\/fr\" target=\"_blank\" rel=\"noopener noreferrer\">Centre de recherches pour le d\u00e9veloppement international<\/a>\u00a0(IDRC), le programme\u00a0<a href=\"https:\/\/www.univcan.ca\/fr\/programmes-et-bourses-detudes\/boursiers-de-la-reine-elizabeth\/bre-chercheurs-de-niveaux-superieurs-afrique-de-louest\/\" target=\"_blank\" rel=\"noopener noreferrer\">Queen Elizabeth Scholars (QES) Advanced Scholars West Africa<\/a>\u00a0(QES-AS-WA) de l\u2019Universit\u00e9 Carleton a \u00e9t\u00e9 lanc\u00e9 en avril 2021.\u00a0 Le programme QES-AS-WA\u00a0parraine les projets en Afrique de l\u2019Ouest qui appuient les objectifs de d\u00e9veloppement durable (\u00ab\u00a0SDG\u00a0\u00bb) de l\u2019ONU, notamment l\u2019objectif\u00a05 (\u00e9galit\u00e9 entre les sexes).<\/p>\n","protected":false},"excerpt":{"rendered":"<p>L\u2019Institute of African Studies (IAS) de l\u2019Universit\u00e9 Carleton collabore avec des partenaires de placement\u00a0\u2014 IMPACT,\u00a0AIMS,\u00a0CODE,\u00a0Afro Canadian Chamber of Commerce\u00a0(ACCC), et\u00a0Fourah Bay College, Universit\u00e9 de Sierra Leone\u00a0\u2014 dans le cadre de ce projet. Le titre africain du projet, en langue Hausa, langue tr\u00e8s r\u00e9pandue en Afrique de l\u2019Ouest, encapsule notre philosophie\u00a0: \u00a0Wurin ta na yin rubutu, [&hellip;]<\/p>\n","protected":false},"author":11,"featured_media":0,"parent":859,"menu_order":7,"comment_status":"closed","ping_status":"closed","template":"","meta":{"_relevanssi_hide_post":"","_relevanssi_hide_content":"","_relevanssi_pin_for_all":"","_relevanssi_pin_keywords":"","_relevanssi_unpin_keywords":"","_relevanssi_related_keywords":"","_relevanssi_related_include_ids":"","_relevanssi_related_exclude_ids":"","_relevanssi_related_no_append":"","_relevanssi_related_not_related":"","_relevanssi_related_posts":"","_relevanssi_noindex_reason":"","_mi_skip_tracking":false,"_exactmetrics_sitenote_active":false,"_exactmetrics_sitenote_note":"","_exactmetrics_sitenote_category":0,"footnotes":"","_links_to":"","_links_to_target":""},"yoast_head":"<!-- This site is optimized with the Yoast SEO plugin v21.2 - https:\/\/yoast.com\/wordpress\/plugins\/seo\/ -->\n<title>Qui sommes-nous? - Queen Elizabeth Scholarship-Advanced Scholars Program<\/title>\n<meta name=\"description\" content=\"L\u2019Institute of African Studies (IAS) de l\u2019Universit\u00e9 Carleton collabore avec des partenaires de placement\u00a0\u2014 IMPACT,\u00a0AIMS,\u00a0CODE,\u00a0Afro Canadian Chamber of\" \/>\n<meta name=\"robots\" content=\"index, follow, max-snippet:-1, max-image-preview:large, max-video-preview:-1\" \/>\n<link rel=\"canonical\" href=\"https:\/\/carleton.ca\/qes\/qes-as-wa-2021-2024-2\/qui-sommes-nous\/\" \/>\n<meta name=\"twitter:label1\" content=\"Est. reading time\" \/>\n\t<meta name=\"twitter:data1\" content=\"2 minutes\" \/>\n<script type=\"application\/ld+json\" class=\"yoast-schema-graph\">{\"@context\":\"https:\/\/schema.org\",\"@graph\":[{\"@type\":\"WebPage\",\"@id\":\"https:\/\/carleton.ca\/qes\/qes-as-wa-2021-2024-2\/qui-sommes-nous\/\",\"url\":\"https:\/\/carleton.ca\/qes\/qes-as-wa-2021-2024-2\/qui-sommes-nous\/\",\"name\":\"Qui sommes-nous? - Queen Elizabeth Scholarship-Advanced Scholars Program\",\"isPartOf\":{\"@id\":\"https:\/\/carleton.ca\/qes\/#website\"},\"datePublished\":\"2021-10-08T18:50:48+00:00\",\"dateModified\":\"2021-11-13T12:33:12+00:00\",\"description\":\"L\u2019Institute of African Studies (IAS) de l\u2019Universit\u00e9 Carleton collabore avec des partenaires de placement\u00a0\u2014 IMPACT,\u00a0AIMS,\u00a0CODE,\u00a0Afro Canadian Chamber of\",\"breadcrumb\":{\"@id\":\"https:\/\/carleton.ca\/qes\/qes-as-wa-2021-2024-2\/qui-sommes-nous\/#breadcrumb\"},\"inLanguage\":\"en-US\",\"potentialAction\":[{\"@type\":\"ReadAction\",\"target\":[\"https:\/\/carleton.ca\/qes\/qes-as-wa-2021-2024-2\/qui-sommes-nous\/\"]}]},{\"@type\":\"BreadcrumbList\",\"@id\":\"https:\/\/carleton.ca\/qes\/qes-as-wa-2021-2024-2\/qui-sommes-nous\/#breadcrumb\",\"itemListElement\":[{\"@type\":\"ListItem\",\"position\":1,\"name\":\"Home\",\"item\":\"https:\/\/carleton.ca\/qes\/\"},{\"@type\":\"ListItem\",\"position\":2,\"name\":\"Wurin ta na yin rubutu QES-AS-WA (2021-2024)\",\"item\":\"https:\/\/carleton.ca\/qes\/qes-as-wa-2021-2024-2\/\"},{\"@type\":\"ListItem\",\"position\":3,\"name\":\"Qui sommes-nous?\"}]},{\"@type\":\"WebSite\",\"@id\":\"https:\/\/carleton.ca\/qes\/#website\",\"url\":\"https:\/\/carleton.ca\/qes\/\",\"name\":\"Queen Elizabeth Scholarship-Advanced Scholars Program\",\"description\":\"Carleton University\",\"potentialAction\":[{\"@type\":\"SearchAction\",\"target\":{\"@type\":\"EntryPoint\",\"urlTemplate\":\"https:\/\/carleton.ca\/qes\/?s={search_term_string}\"},\"query-input\":\"required name=search_term_string\"}],\"inLanguage\":\"en-US\"}]}<\/script>\n<!-- \/ Yoast SEO plugin. -->","yoast_head_json":{"title":"Qui sommes-nous? - Queen Elizabeth Scholarship-Advanced Scholars Program","description":"L\u2019Institute of African Studies (IAS) de l\u2019Universit\u00e9 Carleton collabore avec des partenaires de placement\u00a0\u2014 IMPACT,\u00a0AIMS,\u00a0CODE,\u00a0Afro Canadian Chamber of","robots":{"index":"index","follow":"follow","max-snippet":"max-snippet:-1","max-image-preview":"max-image-preview:large","max-video-preview":"max-video-preview:-1"},"canonical":"https:\/\/carleton.ca\/qes\/qes-as-wa-2021-2024-2\/qui-sommes-nous\/","twitter_misc":{"Est. reading time":"2 minutes"},"schema":{"@context":"https:\/\/schema.org","@graph":[{"@type":"WebPage","@id":"https:\/\/carleton.ca\/qes\/qes-as-wa-2021-2024-2\/qui-sommes-nous\/","url":"https:\/\/carleton.ca\/qes\/qes-as-wa-2021-2024-2\/qui-sommes-nous\/","name":"Qui sommes-nous? - Queen Elizabeth Scholarship-Advanced Scholars Program","isPartOf":{"@id":"https:\/\/carleton.ca\/qes\/#website"},"datePublished":"2021-10-08T18:50:48+00:00","dateModified":"2021-11-13T12:33:12+00:00","description":"L\u2019Institute of African Studies (IAS) de l\u2019Universit\u00e9 Carleton collabore avec des partenaires de placement\u00a0\u2014 IMPACT,\u00a0AIMS,\u00a0CODE,\u00a0Afro Canadian Chamber of","breadcrumb":{"@id":"https:\/\/carleton.ca\/qes\/qes-as-wa-2021-2024-2\/qui-sommes-nous\/#breadcrumb"},"inLanguage":"en-US","potentialAction":[{"@type":"ReadAction","target":["https:\/\/carleton.ca\/qes\/qes-as-wa-2021-2024-2\/qui-sommes-nous\/"]}]},{"@type":"BreadcrumbList","@id":"https:\/\/carleton.ca\/qes\/qes-as-wa-2021-2024-2\/qui-sommes-nous\/#breadcrumb","itemListElement":[{"@type":"ListItem","position":1,"name":"Home","item":"https:\/\/carleton.ca\/qes\/"},{"@type":"ListItem","position":2,"name":"Wurin ta na yin rubutu QES-AS-WA (2021-2024)","item":"https:\/\/carleton.ca\/qes\/qes-as-wa-2021-2024-2\/"},{"@type":"ListItem","position":3,"name":"Qui sommes-nous?"}]},{"@type":"WebSite","@id":"https:\/\/carleton.ca\/qes\/#website","url":"https:\/\/carleton.ca\/qes\/","name":"Queen Elizabeth Scholarship-Advanced Scholars Program","description":"Carleton University","potentialAction":[{"@type":"SearchAction","target":{"@type":"EntryPoint","urlTemplate":"https:\/\/carleton.ca\/qes\/?s={search_term_string}"},"query-input":"required name=search_term_string"}],"inLanguage":"en-US"}]}},"acf":{"banner_image_type":"none","banner_button":"no","banner_buttons":[{"button_text":"Postuler \u00e0 la bourse","button_link_type":"page","button_page_link":{"ID":1295,"post_author":"11","post_date":"2021-10-01 19:59:55","post_date_gmt":"2021-10-01 23:59:55","post_content":"Merci de votre int\u00e9r\u00eat pour le programme QES-AS-WA de l\u2019Universit\u00e9 Carleton.\r\n\r\n<strong>La date butoir de pr\u00e9sentation de candidature est le 12 novembre 2021, \u00e0 23\u00a0h\u00a059 HAE<\/strong>\r\n\r\nVeuillez suivre les \u00e9tapes suivantes avant de remplir le formulaire de candidature ci-dessous.\r\n<ol>\r\n \t<li>Examinez les <a href=\"https:\/\/carleton.ca\/qes\/qes-as-wa-2021-2024\/criteres-dadmissibilite\/\" target=\"_blank\" rel=\"noopener noreferrer\">Crit\u00e8res d\u2019admissibilit\u00e9<\/a><\/li>\r\n \t<li>Selon les int\u00e9r\u00eats th\u00e9matiques d\u00e9clin\u00e9s \u00e0 la page de recherche de programme\u00a0(<a href=\"https:\/\/carleton.ca\/qes\/qes-as-wa-2021-2024\/mentors\/\">Program Research<\/a>), s\u00e9lectionnez votre mentor et partenaire de placement souhait\u00e9s.<\/li>\r\n \t<li>Examinez l\u2019information \u00e0 la page des partenaires de placement pour les recherches\u00a0(<a href=\"https:\/\/carleton.ca\/qes\/qes-as-wa-2021-2024\/partners\/\">Research Placement Partners<\/a>)\u00a0pour vous assurer que vos recherches rev\u00eatent un int\u00e9r\u00eat pour votre partenaire de placement souhait\u00e9.\u00a0Dans le formulaire de candidature, vous devrez expliquer comment votre recherche cadre avec celle du placement pour les recherches.<\/li>\r\n \t<li>T\u00e9l\u00e9chargez et remplissez le formulaire <a href=\"https:\/\/carleton.ca\/qes\/wp-content\/uploads\/Wurin-ta-na-yin-rubutu-application-09-29-2021-f.docx\" target=\"_blank\" rel=\"noopener noreferrer\">Wurin ta na yin rubutu \u2013 Candidature<\/a>.\u00a0Une fois rempli, vous devrez le t\u00e9l\u00e9verser en mode remplissage.<\/li>\r\n \t<li>Examinez le document de foire aux questions\u00a0(<a href=\"https:\/\/carleton.ca\/qes\/qes-as-wa-2021-2024\/faq\/\">FAQ<\/a>)\u00a0et envoyez toute question subsistante \u00e0\u00a0<a href=\"https:\/\/carleton.ca\/qes\/qes-as-wa-2021-2024\/apply\/qe.scholars@carleton.ca\">qe.scholars@carleton.ca.<\/a><\/li>\r\n \t<li>Remplissez le formulaire de candidature ci-dessous.\u00a0Assurez-vous d\u2019avoir inclus la liste de vos publications dans votre CV, et d\u2019avoir bien rempli tous les champs du formulaire \u00ab\u00a0Wurin ta na yin rubutu \u2013 Candidature\u00a0\u00bb.<\/li>\r\n<\/ol>\r\nNota\u00a0:\u00a0 Les candidatures incompl\u00e8tes pourront \u00eatre \u00e9limin\u00e9es.\r\n\r\n[gravityform id=\"3\" title=\"true\" description=\"true\"]","post_title":"Pr\u00e9sentation de Candidature - old","post_excerpt":"","post_status":"draft","comment_status":"closed","ping_status":"closed","post_password":"","post_name":"presentation-de-candidature","to_ping":"","pinged":"","post_modified":"2021-11-13 07:36:04","post_modified_gmt":"2021-11-13 12:36:04","post_content_filtered":"","post_parent":859,"guid":"https:\/\/carleton.ca\/qes\/?page_id=1295","menu_order":7,"post_type":"page","post_mime_type":"","comment_count":"0","filter":"raw"},"button_post_link":false,"button_event_link":false,"button_video_link":false,"button_external_link":""}]},"_links":{"self":[{"href":"https:\/\/carleton.ca\/qes\/wp-json\/wp\/v2\/pages\/1321"}],"collection":[{"href":"https:\/\/carleton.ca\/qes\/wp-json\/wp\/v2\/pages"}],"about":[{"href":"https:\/\/carleton.ca\/qes\/wp-json\/wp\/v2\/types\/page"}],"author":[{"embeddable":true,"href":"https:\/\/carleton.ca\/qes\/wp-json\/wp\/v2\/users\/11"}],"replies":[{"embeddable":true,"href":"https:\/\/carleton.ca\/qes\/wp-json\/wp\/v2\/comments?post=1321"}],"version-history":[{"count":3,"href":"https:\/\/carleton.ca\/qes\/wp-json\/wp\/v2\/pages\/1321\/revisions"}],"predecessor-version":[{"id":1359,"href":"https:\/\/carleton.ca\/qes\/wp-json\/wp\/v2\/pages\/1321\/revisions\/1359"}],"up":[{"embeddable":true,"href":"https:\/\/carleton.ca\/qes\/wp-json\/wp\/v2\/pages\/859"}],"wp:attachment":[{"href":"https:\/\/carleton.ca\/qes\/wp-json\/wp\/v2\/media?parent=1321"}],"curies":[{"name":"wp","href":"https:\/\/api.w.org\/{rel}","templated":true}]}}