{"id":1435,"date":"2022-04-22T10:40:13","date_gmt":"2022-04-22T14:40:13","guid":{"rendered":"https:\/\/carleton.ca\/qes\/?page_id=1435"},"modified":"2023-06-29T14:22:18","modified_gmt":"2023-06-29T18:22:18","slug":"2022-scholars","status":"publish","type":"page","link":"https:\/\/carleton.ca\/qes\/qes-as-wa-2021-2024-2\/2022-scholars\/","title":{"rendered":"2022-2023 Scholars"},"content":{"rendered":"<h3>2022-2023 QES-AS-WA Scholars<\/h3>\n<section class=\"content-wrapper content-wrapper--shortcode\"><div class=\"cards-wrapper\"><div class=\"u-post-reload\">\n<div class=\"card card--no-underline card--people-list\">\n<a class=\"card__link equalheight\" href=\"https:\/\/carleton.ca\/qes\/people\/sophia-abiri-franklin\/\">\n\t<div class=\"card__people-thumb\"><img width=\"200\" height=\"200\" src=\"https:\/\/carleton.ca\/qes\/wp-content\/uploads\/Sophia_square-200x200.jpg\" class=\"card__image card__image--people\" alt=\"Profile photo of Sophia Abiri-Franklin\" decoding=\"async\" title=\"Round thumbnail photo of Sophia Abiri-Franklin\" loading=\"lazy\" srcset=\"https:\/\/carleton.ca\/qes\/wp-content\/uploads\/Sophia_square-200x200.jpg 200w, https:\/\/carleton.ca\/qes\/wp-content\/uploads\/Sophia_square-240x240.jpg 240w, https:\/\/carleton.ca\/qes\/wp-content\/uploads\/Sophia_square-400x400.jpg 400w, https:\/\/carleton.ca\/qes\/wp-content\/uploads\/Sophia_square-160x160.jpg 160w, https:\/\/carleton.ca\/qes\/wp-content\/uploads\/Sophia_square-768x768.jpg 768w, https:\/\/carleton.ca\/qes\/wp-content\/uploads\/Sophia_square-360x360.jpg 360w, https:\/\/carleton.ca\/qes\/wp-content\/uploads\/Sophia_square.jpg 999w\" sizes=\"(max-width: 200px) 100vw, 200px\" \/><\/div><h3 class=\"card__heading card__heading--people u-center-text u-hide-in-toc\">Sophia Abiri-Franklin<\/h3>\t<p class=\"card__more-link u-center-text\">Full Profile<\/p>\n<\/a>\n<\/div>\n\n<div class=\"card card--no-underline card--people-list\">\n<a class=\"card__link equalheight\" href=\"https:\/\/carleton.ca\/qes\/people\/rashidat-sumbola-akande\/\">\n\t<div class=\"card__people-thumb\"><img width=\"200\" height=\"200\" src=\"https:\/\/carleton.ca\/qes\/wp-content\/uploads\/Rashidat_7437-200x200.jpg\" class=\"card__image card__image--people\" alt=\"Profile photo of Rashidat Sumbola  Akande\" decoding=\"async\" title=\"Round thumbnail photo of Rashidat Sumbola  Akande\" loading=\"lazy\" srcset=\"https:\/\/carleton.ca\/qes\/wp-content\/uploads\/Rashidat_7437-200x200.jpg 200w, https:\/\/carleton.ca\/qes\/wp-content\/uploads\/Rashidat_7437-240x240.jpg 240w, https:\/\/carleton.ca\/qes\/wp-content\/uploads\/Rashidat_7437-400x400.jpg 400w, https:\/\/carleton.ca\/qes\/wp-content\/uploads\/Rashidat_7437-160x160.jpg 160w, https:\/\/carleton.ca\/qes\/wp-content\/uploads\/Rashidat_7437-768x768.jpg 768w, https:\/\/carleton.ca\/qes\/wp-content\/uploads\/Rashidat_7437-360x360.jpg 360w, https:\/\/carleton.ca\/qes\/wp-content\/uploads\/Rashidat_7437.jpg 999w\" sizes=\"(max-width: 200px) 100vw, 200px\" \/><\/div><h3 class=\"card__heading card__heading--people u-center-text u-hide-in-toc\">Rashidat Sumbola  Akande<\/h3><p class=\"card__subtitle u-center-text\">Lecturer, Department of Economics and Development Studies<\/p>\t<p class=\"card__more-link u-center-text\">Full Profile<\/p>\n<\/a>\n<\/div>\n\n<div class=\"card card--no-underline card--people-list\">\n<a class=\"card__link equalheight\" href=\"https:\/\/carleton.ca\/qes\/people\/oluwabunmi-dorcas-bakare\/\">\n\t<div class=\"card__people-thumb\"><img width=\"200\" height=\"200\" src=\"https:\/\/carleton.ca\/qes\/wp-content\/uploads\/Picture-200x200.jpg\" class=\"card__image card__image--people\" alt=\"Profile photo of Oluwabunmi Dorcas Bakare\" decoding=\"async\" title=\"Round thumbnail photo of Oluwabunmi Dorcas Bakare\" loading=\"lazy\" \/><\/div><h3 class=\"card__heading card__heading--people u-center-text u-hide-in-toc\">Oluwabunmi Dorcas Bakare<\/h3><p class=\"card__subtitle u-center-text\">Senior Lecturer, Department of Information Management, Lead City University, Nigeria<\/p>\t<p class=\"card__more-link u-center-text\">Full Profile<\/p>\n<\/a>\n<\/div>\n\n<div class=\"card card--no-underline card--people-list\">\n<a class=\"card__link equalheight\" href=\"https:\/\/carleton.ca\/qes\/people\/mawuenyega-makafui-butu\/\">\n\t<div class=\"card__people-thumb\"><img width=\"200\" height=\"200\" src=\"https:\/\/carleton.ca\/qes\/wp-content\/uploads\/Mawuenyega_square-200x200.jpg\" class=\"card__image card__image--people\" alt=\"Profile photo of Mawuenyega Makafui  Butu\" decoding=\"async\" title=\"Round thumbnail photo of Mawuenyega Makafui  Butu\" loading=\"lazy\" srcset=\"https:\/\/carleton.ca\/qes\/wp-content\/uploads\/Mawuenyega_square-200x200.jpg 200w, https:\/\/carleton.ca\/qes\/wp-content\/uploads\/Mawuenyega_square-240x240.jpg 240w, https:\/\/carleton.ca\/qes\/wp-content\/uploads\/Mawuenyega_square-400x400.jpg 400w, https:\/\/carleton.ca\/qes\/wp-content\/uploads\/Mawuenyega_square-160x160.jpg 160w, https:\/\/carleton.ca\/qes\/wp-content\/uploads\/Mawuenyega_square-768x769.jpg 768w, https:\/\/carleton.ca\/qes\/wp-content\/uploads\/Mawuenyega_square-360x360.jpg 360w, https:\/\/carleton.ca\/qes\/wp-content\/uploads\/Mawuenyega_square.jpg 998w\" sizes=\"(max-width: 200px) 100vw, 200px\" \/><\/div><h3 class=\"card__heading card__heading--people u-center-text u-hide-in-toc\">Mawuenyega Makafui  Butu<\/h3>\t<p class=\"card__more-link u-center-text\">Full Profile<\/p>\n<\/a>\n<\/div>\n\n<div class=\"card card--no-underline card--people-list\">\n<a class=\"card__link equalheight\" href=\"https:\/\/carleton.ca\/qes\/people\/oluyemisi-idowu-majebi\/\">\n\t<div class=\"card__people-thumb\"><img width=\"200\" height=\"200\" src=\"https:\/\/carleton.ca\/qes\/wp-content\/uploads\/Oluyemisi-2-200x200.png\" class=\"card__image card__image--people\" alt=\"Profile photo of Oluyemisi Idowu  Majebi\" decoding=\"async\" title=\"Round thumbnail photo of Oluyemisi Idowu  Majebi\" loading=\"lazy\" \/><\/div><h3 class=\"card__heading card__heading--people u-center-text u-hide-in-toc\">Oluyemisi Idowu  Majebi<\/h3><p class=\"card__subtitle u-center-text\">Lecturer II, Department of Early Childhood and Educational Foundations<\/p>\t<p class=\"card__more-link u-center-text\">Full Profile<\/p>\n<\/a>\n<\/div>\n\n<div class=\"card card--no-underline card--people-list\">\n<a class=\"card__link equalheight\" href=\"https:\/\/carleton.ca\/qes\/people\/odile-raphaelle-ngueda-djeuta\/\">\n\t<div class=\"card__people-thumb\"><img width=\"200\" height=\"200\" src=\"https:\/\/carleton.ca\/qes\/wp-content\/uploads\/Odile_square-200x200.jpg\" class=\"card__image card__image--people\" alt=\"Profile photo of Odile Rapha\u00eblle Ngueda Djeuta\" decoding=\"async\" title=\"Round thumbnail photo of Odile Rapha\u00eblle Ngueda Djeuta\" loading=\"lazy\" srcset=\"https:\/\/carleton.ca\/qes\/wp-content\/uploads\/Odile_square-200x200.jpg 200w, https:\/\/carleton.ca\/qes\/wp-content\/uploads\/Odile_square-240x240.jpg 240w, https:\/\/carleton.ca\/qes\/wp-content\/uploads\/Odile_square-400x400.jpg 400w, https:\/\/carleton.ca\/qes\/wp-content\/uploads\/Odile_square-160x160.jpg 160w, https:\/\/carleton.ca\/qes\/wp-content\/uploads\/Odile_square-768x768.jpg 768w, https:\/\/carleton.ca\/qes\/wp-content\/uploads\/Odile_square-360x360.jpg 360w, https:\/\/carleton.ca\/qes\/wp-content\/uploads\/Odile_square.jpg 999w\" sizes=\"(max-width: 200px) 100vw, 200px\" \/><\/div><h3 class=\"card__heading card__heading--people u-center-text u-hide-in-toc\">Odile Rapha\u00eblle Ngueda Djeuta<\/h3><p class=\"card__subtitle u-center-text\">Chercheuse en d\u00e9but de carri\u00e8re au D\u00e9partement de Biologie de la Facult\u00e9 des Sciences<\/p>\t<p class=\"card__more-link u-center-text\">Full Profile<\/p>\n<\/a>\n<\/div>\n\n<div class=\"card card--no-underline card--people-list\">\n<a class=\"card__link equalheight\" href=\"https:\/\/carleton.ca\/qes\/people\/helena-osei-egyir\/\">\n\t<div class=\"card__people-thumb\"><img width=\"200\" height=\"200\" src=\"https:\/\/carleton.ca\/qes\/wp-content\/uploads\/Helena_square-200x200.jpg\" class=\"card__image card__image--people\" alt=\"Profile photo of Helena Osei-Egyir\" decoding=\"async\" title=\"Round thumbnail photo of Helena Osei-Egyir\" loading=\"lazy\" srcset=\"https:\/\/carleton.ca\/qes\/wp-content\/uploads\/Helena_square-200x200.jpg 200w, https:\/\/carleton.ca\/qes\/wp-content\/uploads\/Helena_square-240x240.jpg 240w, https:\/\/carleton.ca\/qes\/wp-content\/uploads\/Helena_square-400x400.jpg 400w, https:\/\/carleton.ca\/qes\/wp-content\/uploads\/Helena_square-160x160.jpg 160w, https:\/\/carleton.ca\/qes\/wp-content\/uploads\/Helena_square-768x768.jpg 768w, https:\/\/carleton.ca\/qes\/wp-content\/uploads\/Helena_square-360x360.jpg 360w, https:\/\/carleton.ca\/qes\/wp-content\/uploads\/Helena_square.jpg 999w\" sizes=\"(max-width: 200px) 100vw, 200px\" \/><\/div><h3 class=\"card__heading card__heading--people u-center-text u-hide-in-toc\">Helena Osei-Egyir<\/h3>\t<p class=\"card__more-link u-center-text\">Full Profile<\/p>\n<\/a>\n<\/div>\n\n<div class=\"card card--no-underline card--people-list\">\n<a class=\"card__link equalheight\" href=\"https:\/\/carleton.ca\/qes\/people\/claude-winnie-pefole-fotsing\/\">\n\t<div class=\"card__people-thumb\"><img width=\"200\" height=\"200\" src=\"https:\/\/carleton.ca\/qes\/wp-content\/uploads\/Winnie_square-200x200.jpg\" class=\"card__image card__image--people\" alt=\"Profile photo of Claude Winnie Pefol\u00e9 Fotsing\" decoding=\"async\" title=\"Round thumbnail photo of Claude Winnie Pefol\u00e9 Fotsing\" loading=\"lazy\" srcset=\"https:\/\/carleton.ca\/qes\/wp-content\/uploads\/Winnie_square-200x200.jpg 200w, https:\/\/carleton.ca\/qes\/wp-content\/uploads\/Winnie_square-240x240.jpg 240w, https:\/\/carleton.ca\/qes\/wp-content\/uploads\/Winnie_square-400x400.jpg 400w, https:\/\/carleton.ca\/qes\/wp-content\/uploads\/Winnie_square-160x160.jpg 160w, https:\/\/carleton.ca\/qes\/wp-content\/uploads\/Winnie_square-768x769.jpg 768w, https:\/\/carleton.ca\/qes\/wp-content\/uploads\/Winnie_square-360x360.jpg 360w, https:\/\/carleton.ca\/qes\/wp-content\/uploads\/Winnie_square.jpg 998w\" sizes=\"(max-width: 200px) 100vw, 200px\" \/><\/div><h3 class=\"card__heading card__heading--people u-center-text u-hide-in-toc\">Claude Winnie Pefol\u00e9 Fotsing<\/h3>\t<p class=\"card__more-link u-center-text\">Full Profile<\/p>\n<\/a>\n<\/div>\n<\/div><\/div><\/section>\n","protected":false},"excerpt":{"rendered":"<p>2022-2023 QES-AS-WA Scholars<\/p>\n","protected":false},"author":11,"featured_media":0,"parent":859,"menu_order":3,"comment_status":"closed","ping_status":"closed","template":"","meta":{"_relevanssi_hide_post":"","_relevanssi_hide_content":"","_relevanssi_pin_for_all":"","_relevanssi_pin_keywords":"","_relevanssi_unpin_keywords":"","_relevanssi_related_keywords":"","_relevanssi_related_include_ids":"","_relevanssi_related_exclude_ids":"","_relevanssi_related_no_append":"","_relevanssi_related_not_related":"","_relevanssi_related_posts":"","_relevanssi_noindex_reason":"","_mi_skip_tracking":false,"_exactmetrics_sitenote_active":false,"_exactmetrics_sitenote_note":"","_exactmetrics_sitenote_category":0,"footnotes":"","_links_to":"","_links_to_target":""},"yoast_head":"<!-- This site is optimized with the Yoast SEO plugin v21.2 - https:\/\/yoast.com\/wordpress\/plugins\/seo\/ -->\n<title>2022-2023 Scholars - Queen Elizabeth Scholarship-Advanced Scholars Program<\/title>\n<meta name=\"description\" content=\"2022-2023 QES-AS-WA Scholars\" \/>\n<meta name=\"robots\" content=\"index, follow, max-snippet:-1, max-image-preview:large, max-video-preview:-1\" \/>\n<link rel=\"canonical\" href=\"https:\/\/carleton.ca\/qes\/qes-as-wa-2021-2024-2\/2022-scholars\/\" \/>\n<script type=\"application\/ld+json\" class=\"yoast-schema-graph\">{\"@context\":\"https:\/\/schema.org\",\"@graph\":[{\"@type\":\"WebPage\",\"@id\":\"https:\/\/carleton.ca\/qes\/qes-as-wa-2021-2024-2\/2022-scholars\/\",\"url\":\"https:\/\/carleton.ca\/qes\/qes-as-wa-2021-2024-2\/2022-scholars\/\",\"name\":\"2022-2023 Scholars - Queen Elizabeth Scholarship-Advanced Scholars Program\",\"isPartOf\":{\"@id\":\"https:\/\/carleton.ca\/qes\/#website\"},\"datePublished\":\"2022-04-22T14:40:13+00:00\",\"dateModified\":\"2023-06-29T18:22:18+00:00\",\"description\":\"2022-2023 QES-AS-WA Scholars\",\"breadcrumb\":{\"@id\":\"https:\/\/carleton.ca\/qes\/qes-as-wa-2021-2024-2\/2022-scholars\/#breadcrumb\"},\"inLanguage\":\"en-US\",\"potentialAction\":[{\"@type\":\"ReadAction\",\"target\":[\"https:\/\/carleton.ca\/qes\/qes-as-wa-2021-2024-2\/2022-scholars\/\"]}]},{\"@type\":\"BreadcrumbList\",\"@id\":\"https:\/\/carleton.ca\/qes\/qes-as-wa-2021-2024-2\/2022-scholars\/#breadcrumb\",\"itemListElement\":[{\"@type\":\"ListItem\",\"position\":1,\"name\":\"Home\",\"item\":\"https:\/\/carleton.ca\/qes\/\"},{\"@type\":\"ListItem\",\"position\":2,\"name\":\"Wurin ta na yin rubutu QES-AS-WA (2021-2024)\",\"item\":\"https:\/\/carleton.ca\/qes\/qes-as-wa-2021-2024-2\/\"},{\"@type\":\"ListItem\",\"position\":3,\"name\":\"2022-2023 Scholars\"}]},{\"@type\":\"WebSite\",\"@id\":\"https:\/\/carleton.ca\/qes\/#website\",\"url\":\"https:\/\/carleton.ca\/qes\/\",\"name\":\"Queen Elizabeth Scholarship-Advanced Scholars Program\",\"description\":\"Carleton University\",\"potentialAction\":[{\"@type\":\"SearchAction\",\"target\":{\"@type\":\"EntryPoint\",\"urlTemplate\":\"https:\/\/carleton.ca\/qes\/?s={search_term_string}\"},\"query-input\":\"required name=search_term_string\"}],\"inLanguage\":\"en-US\"}]}<\/script>\n<!-- \/ Yoast SEO plugin. -->","yoast_head_json":{"title":"2022-2023 Scholars - Queen Elizabeth Scholarship-Advanced Scholars Program","description":"2022-2023 QES-AS-WA Scholars","robots":{"index":"index","follow":"follow","max-snippet":"max-snippet:-1","max-image-preview":"max-image-preview:large","max-video-preview":"max-video-preview:-1"},"canonical":"https:\/\/carleton.ca\/qes\/qes-as-wa-2021-2024-2\/2022-scholars\/","schema":{"@context":"https:\/\/schema.org","@graph":[{"@type":"WebPage","@id":"https:\/\/carleton.ca\/qes\/qes-as-wa-2021-2024-2\/2022-scholars\/","url":"https:\/\/carleton.ca\/qes\/qes-as-wa-2021-2024-2\/2022-scholars\/","name":"2022-2023 Scholars - Queen Elizabeth Scholarship-Advanced Scholars Program","isPartOf":{"@id":"https:\/\/carleton.ca\/qes\/#website"},"datePublished":"2022-04-22T14:40:13+00:00","dateModified":"2023-06-29T18:22:18+00:00","description":"2022-2023 QES-AS-WA Scholars","breadcrumb":{"@id":"https:\/\/carleton.ca\/qes\/qes-as-wa-2021-2024-2\/2022-scholars\/#breadcrumb"},"inLanguage":"en-US","potentialAction":[{"@type":"ReadAction","target":["https:\/\/carleton.ca\/qes\/qes-as-wa-2021-2024-2\/2022-scholars\/"]}]},{"@type":"BreadcrumbList","@id":"https:\/\/carleton.ca\/qes\/qes-as-wa-2021-2024-2\/2022-scholars\/#breadcrumb","itemListElement":[{"@type":"ListItem","position":1,"name":"Home","item":"https:\/\/carleton.ca\/qes\/"},{"@type":"ListItem","position":2,"name":"Wurin ta na yin rubutu QES-AS-WA (2021-2024)","item":"https:\/\/carleton.ca\/qes\/qes-as-wa-2021-2024-2\/"},{"@type":"ListItem","position":3,"name":"2022-2023 Scholars"}]},{"@type":"WebSite","@id":"https:\/\/carleton.ca\/qes\/#website","url":"https:\/\/carleton.ca\/qes\/","name":"Queen Elizabeth Scholarship-Advanced Scholars Program","description":"Carleton University","potentialAction":[{"@type":"SearchAction","target":{"@type":"EntryPoint","urlTemplate":"https:\/\/carleton.ca\/qes\/?s={search_term_string}"},"query-input":"required name=search_term_string"}],"inLanguage":"en-US"}]}},"acf":{"banner_image_type":"upload","banner_button":"no","banner_uploaded_image":{"ID":1660,"id":1660,"title":"Website_Scholars_banner","filename":"Website_Scholars_banner-scaled-e1688062541549.jpg","filesize":216935,"url":"https:\/\/carleton.ca\/qes\/wp-content\/uploads\/Website_Scholars_banner-scaled-e1688062541549.jpg","link":"https:\/\/carleton.ca\/qes\/qes-as-wa-2021-2024-2\/2022-scholars\/website_scholars_banner\/","alt":"","author":"23","description":"","caption":"","name":"website_scholars_banner","status":"inherit","uploaded_to":1435,"date":"2023-06-29 18:14:59","modified":"2023-06-29 18:22:18","menu_order":0,"mime_type":"image\/jpeg","type":"image","subtype":"jpeg","icon":"https:\/\/carleton.ca\/qes\/wp\/wp-includes\/images\/media\/default.png","width":1600,"height":700,"sizes":{"thumbnail":"https:\/\/carleton.ca\/qes\/wp-content\/uploads\/Website_Scholars_banner-160x70.jpg","thumbnail-width":160,"thumbnail-height":70,"medium":"https:\/\/carleton.ca\/qes\/wp-content\/uploads\/Website_Scholars_banner-240x105.jpg","medium-width":240,"medium-height":105,"medium_large":"https:\/\/carleton.ca\/qes\/wp-content\/uploads\/Website_Scholars_banner-768x336.jpg","medium_large-width":768,"medium_large-height":336,"large":"https:\/\/carleton.ca\/qes\/wp-content\/uploads\/Website_Scholars_banner-400x175.jpg","large-width":400,"large-height":175,"gallery-thumb":"https:\/\/carleton.ca\/qes\/wp-content\/uploads\/Website_Scholars_banner-300x230.jpg","gallery-thumb-width":300,"gallery-thumb-height":230,"1536x1536":"https:\/\/carleton.ca\/qes\/wp-content\/uploads\/Website_Scholars_banner-1536x672.jpg","1536x1536-width":1536,"1536x1536-height":672,"2048x2048":"https:\/\/carleton.ca\/qes\/wp-content\/uploads\/Website_Scholars_banner-2048x896.jpg","2048x2048-width":2048,"2048x2048-height":896,"banner":"https:\/\/carleton.ca\/qes\/wp-content\/uploads\/Website_Scholars_banner-1600x700.jpg","banner-width":1600,"banner-height":700,"people":"https:\/\/carleton.ca\/qes\/wp-content\/uploads\/Website_Scholars_banner-200x200.jpg","people-width":200,"people-height":200,"post-thumb":"https:\/\/carleton.ca\/qes\/wp-content\/uploads\/Website_Scholars_banner-300x230.jpg","post-thumb-width":300,"post-thumb-height":230,"rotator-image":"https:\/\/carleton.ca\/qes\/wp-content\/uploads\/Website_Scholars_banner-800x600.jpg","rotator-image-width":800,"rotator-image-height":600,"video-thumb":"https:\/\/carleton.ca\/qes\/wp-content\/uploads\/Website_Scholars_banner-360x158.jpg","video-thumb-width":360,"video-thumb-height":158}},"banner_opacity":"dark"},"_links":{"self":[{"href":"https:\/\/carleton.ca\/qes\/wp-json\/wp\/v2\/pages\/1435"}],"collection":[{"href":"https:\/\/carleton.ca\/qes\/wp-json\/wp\/v2\/pages"}],"about":[{"href":"https:\/\/carleton.ca\/qes\/wp-json\/wp\/v2\/types\/page"}],"author":[{"embeddable":true,"href":"https:\/\/carleton.ca\/qes\/wp-json\/wp\/v2\/users\/11"}],"replies":[{"embeddable":true,"href":"https:\/\/carleton.ca\/qes\/wp-json\/wp\/v2\/comments?post=1435"}],"version-history":[{"count":3,"href":"https:\/\/carleton.ca\/qes\/wp-json\/wp\/v2\/pages\/1435\/revisions"}],"predecessor-version":[{"id":1669,"href":"https:\/\/carleton.ca\/qes\/wp-json\/wp\/v2\/pages\/1435\/revisions\/1669"}],"up":[{"embeddable":true,"href":"https:\/\/carleton.ca\/qes\/wp-json\/wp\/v2\/pages\/859"}],"wp:attachment":[{"href":"https:\/\/carleton.ca\/qes\/wp-json\/wp\/v2\/media?parent=1435"}],"curies":[{"name":"wp","href":"https:\/\/api.w.org\/{rel}","templated":true}]}}