{"id":1582,"date":"2023-06-27T11:12:25","date_gmt":"2023-06-27T15:12:25","guid":{"rendered":"https:\/\/carleton.ca\/qes\/?page_id=1582"},"modified":"2023-12-04T11:10:10","modified_gmt":"2023-12-04T16:10:10","slug":"2023-2024-scholars","status":"publish","type":"page","link":"https:\/\/carleton.ca\/qes\/qes-as-wa-2021-2024-2\/2023-2024-scholars\/","title":{"rendered":"2023-2024 Scholars"},"content":{"rendered":"<h3><strong>2023-2024 QES-AS-WA Scholars<\/strong><\/h3>\n<section class=\"content-wrapper content-wrapper--shortcode\"><div class=\"cards-wrapper\"><div class=\"u-post-reload\">\n<div class=\"card card--no-underline card--people-list\">\n<a class=\"card__link equalheight\" href=\"https:\/\/carleton.ca\/qes\/people\/gloria-stephanie-boko-agbo\/\">\n\t<div class=\"card__people-thumb\"><img width=\"200\" height=\"200\" src=\"https:\/\/carleton.ca\/qes\/wp-content\/uploads\/Photo-GLORIA-BOKO-200x200.jpg\" class=\"card__image card__image--people\" alt=\"Profile photo of Gloria St\u00e9phanie  Boko Agbo\" decoding=\"async\" title=\"Round thumbnail photo of Gloria St\u00e9phanie  Boko Agbo\" loading=\"lazy\" \/><\/div><h3 class=\"card__heading card__heading--people u-center-text u-hide-in-toc\">Gloria St\u00e9phanie  Boko Agbo<\/h3><p class=\"card__subtitle u-center-text\">Doctorante, D\u00e9partement de G\u00e9ographie et Am\u00e9nagement du territoire,  Universit\u00e9 d\u2019Abomey-Calavi, Benin<\/p>\t<p class=\"card__more-link u-center-text\">Full Profile<\/p>\n<\/a>\n<\/div>\n\n<div class=\"card card--no-underline card--people-list\">\n<a class=\"card__link equalheight\" href=\"https:\/\/carleton.ca\/qes\/people\/celina-aju-ameh\/\">\n\t<div class=\"card__people-thumb\"><img width=\"200\" height=\"200\" src=\"https:\/\/carleton.ca\/qes\/wp-content\/uploads\/Celina-picture-200x200.jpg\" class=\"card__image card__image--people\" alt=\"Profile photo of Celina Aju-Ameh\" decoding=\"async\" title=\"Round thumbnail photo of Celina Aju-Ameh\" loading=\"lazy\" \/><\/div><h3 class=\"card__heading card__heading--people u-center-text u-hide-in-toc\">Celina Aju-Ameh<\/h3><p class=\"card__subtitle u-center-text\">Lecturer1\/Researcher, Federal University of Health Sciences, Otukpo (FUHSO), Nigeria<\/p>\t<p class=\"card__more-link u-center-text\">Full Profile<\/p>\n<\/a>\n<\/div>\n\n<div class=\"card card--no-underline card--people-list\">\n<a class=\"card__link equalheight\" href=\"https:\/\/carleton.ca\/qes\/people\/eugenia-ama-breba-anderson\/\">\n\t<div class=\"card__people-thumb\"><img width=\"200\" height=\"200\" src=\"https:\/\/carleton.ca\/qes\/wp-content\/uploads\/Picture1-2-200x200.jpg\" class=\"card__image card__image--people\" alt=\"Profile photo of Eugenia Ama Breba Anderson\" decoding=\"async\" title=\"Round thumbnail photo of Eugenia Ama Breba Anderson\" loading=\"lazy\" \/><\/div><h3 class=\"card__heading card__heading--people u-center-text u-hide-in-toc\">Eugenia Ama Breba Anderson<\/h3><p class=\"card__subtitle u-center-text\">Lecturer, Gender Historian Department of History and Political Studies,  Kwame Nkrumah University of Science and Technology<\/p>\t<p class=\"card__more-link u-center-text\">Full Profile<\/p>\n<\/a>\n<\/div>\n\n<div class=\"card card--no-underline card--people-list\">\n<a class=\"card__link equalheight\" href=\"https:\/\/carleton.ca\/qes\/people\/adwoa-owusuaa-bobie\/\">\n\t<div class=\"card__people-thumb\"><img width=\"200\" height=\"200\" src=\"https:\/\/carleton.ca\/qes\/wp-content\/uploads\/Pic-2-200x200.jpg\" class=\"card__image card__image--people\" alt=\"Profile photo of Adwoa Owusuaa Bobie\" decoding=\"async\" title=\"Round thumbnail photo of Adwoa Owusuaa Bobie\" loading=\"lazy\" \/><\/div><h3 class=\"card__heading card__heading--people u-center-text u-hide-in-toc\">Adwoa Owusuaa Bobie<\/h3><p class=\"card__subtitle u-center-text\">Research fellow, Centre for Cultural and African Studies (CeCASt) at the Kwame Nkrumah University of Science and Technology (KNUST)<\/p>\t<p class=\"card__more-link u-center-text\">Full Profile<\/p>\n<\/a>\n<\/div>\n\n<div class=\"card card--no-underline card--people-list\">\n<a class=\"card__link equalheight\" href=\"https:\/\/carleton.ca\/qes\/people\/chimaobim-ijeoma-enendu\/\">\n\t<div class=\"card__people-thumb\"><img width=\"200\" height=\"200\" src=\"https:\/\/carleton.ca\/qes\/wp-content\/uploads\/165197d114744785edfb55dd77e7fb9d-200x200.jpg\" class=\"card__image card__image--people\" alt=\"Profile photo of Chimaobim Ijeoma Enendu\" decoding=\"async\" title=\"Round thumbnail photo of Chimaobim Ijeoma Enendu\" loading=\"lazy\" \/><\/div><h3 class=\"card__heading card__heading--people u-center-text u-hide-in-toc\">Chimaobim Ijeoma Enendu<\/h3><p class=\"card__subtitle u-center-text\">PhD candidate at Ignatius Ajuru University of Education, Nigeria<\/p>\t<p class=\"card__more-link u-center-text\">Full Profile<\/p>\n<\/a>\n<\/div>\n\n<div class=\"card card--no-underline card--people-list\">\n<a class=\"card__link equalheight\" href=\"https:\/\/carleton.ca\/qes\/people\/jane-ezirigwe\/\">\n\t<div class=\"card__people-thumb\"><img width=\"200\" height=\"200\" src=\"https:\/\/carleton.ca\/qes\/wp-content\/uploads\/Pic-200x200.jpg\" class=\"card__image card__image--people\" alt=\"Profile photo of Jane Ezirigwe\" decoding=\"async\" title=\"Round thumbnail photo of Jane Ezirigwe\" loading=\"lazy\" \/><\/div><h3 class=\"card__heading card__heading--people u-center-text u-hide-in-toc\">Jane Ezirigwe<\/h3><p class=\"card__subtitle u-center-text\">Senior Research Fellow at the Nigerian Institute of Advanced Legal Studies (NIALS)<\/p>\t<p class=\"card__more-link u-center-text\">Full Profile<\/p>\n<\/a>\n<\/div>\n\n<div class=\"card card--no-underline card--people-list\">\n<a class=\"card__link equalheight\" href=\"https:\/\/carleton.ca\/qes\/people\/ruth-aba-tobi-sawyerr\/\">\n\t<div class=\"card__people-thumb\"><img width=\"200\" height=\"200\" src=\"https:\/\/carleton.ca\/qes\/wp-content\/uploads\/pic-1-200x200.jpg\" class=\"card__image card__image--people\" alt=\"Profile photo of Ruth  Sawyerr\" decoding=\"async\" title=\"Round thumbnail photo of Ruth  Sawyerr\" loading=\"lazy\" \/><\/div><h3 class=\"card__heading card__heading--people u-center-text u-hide-in-toc\">Ruth  Sawyerr<\/h3><p class=\"card__subtitle u-center-text\">PhD Candidate, University of Ghana, Legon, Regional Institute for Population Studies<\/p>\t<p class=\"card__more-link u-center-text\">Full Profile<\/p>\n<\/a>\n<\/div>\n\n<div class=\"card card--no-underline card--people-list\">\n<a class=\"card__link equalheight\" href=\"https:\/\/carleton.ca\/qes\/people\/zainab-musa-shallangwa\/\">\n\t<div class=\"card__people-thumb\"><img width=\"200\" height=\"200\" src=\"https:\/\/carleton.ca\/qes\/wp-content\/uploads\/Pic_zainab-200x200.jpg\" class=\"card__image card__image--people\" alt=\"Profile photo of Zainab  Shallangwa\" decoding=\"async\" title=\"Round thumbnail photo of Zainab  Shallangwa\" loading=\"lazy\" \/><\/div><h3 class=\"card__heading card__heading--people u-center-text u-hide-in-toc\">Zainab  Shallangwa<\/h3><p class=\"card__subtitle u-center-text\">Lecturer, Department of Fine Arts, University of Maiduguri, Nigeria<\/p>\t<p class=\"card__more-link u-center-text\">Full Profile<\/p>\n<\/a>\n<\/div>\n\n<div class=\"card card--no-underline card--people-list\">\n<a class=\"card__link equalheight\" href=\"https:\/\/carleton.ca\/qes\/people\/loukaiya-zorobouragui\/\">\n\t<div class=\"card__people-thumb\"><img width=\"200\" height=\"200\" src=\"https:\/\/carleton.ca\/qes\/wp-content\/uploads\/Picture1-3-200x200.jpg\" class=\"card__image card__image--people\" alt=\"Profile photo of Louka\u00efya Zorobouragui\" decoding=\"async\" title=\"Round thumbnail photo of Louka\u00efya Zorobouragui\" loading=\"lazy\" \/><\/div><h3 class=\"card__heading card__heading--people u-center-text u-hide-in-toc\">Louka\u00efya Zorobouragui<\/h3><p class=\"card__subtitle u-center-text\">PhD candidate in Animal Genetics and Conservation, The University of Parakou in Benin.<\/p>\t<p class=\"card__more-link u-center-text\">Full Profile<\/p>\n<\/a>\n<\/div>\n<\/div><\/div><\/section>\n","protected":false},"excerpt":{"rendered":"<p>2023-2024 QES-AS-WA Scholars<\/p>\n","protected":false},"author":23,"featured_media":0,"parent":859,"menu_order":0,"comment_status":"closed","ping_status":"closed","template":"","meta":{"_relevanssi_hide_post":"","_relevanssi_hide_content":"","_relevanssi_pin_for_all":"","_relevanssi_pin_keywords":"","_relevanssi_unpin_keywords":"","_relevanssi_related_keywords":"","_relevanssi_related_include_ids":"","_relevanssi_related_exclude_ids":"","_relevanssi_related_no_append":"","_relevanssi_related_not_related":"","_relevanssi_related_posts":"","_relevanssi_noindex_reason":"","_mi_skip_tracking":false,"_exactmetrics_sitenote_active":false,"_exactmetrics_sitenote_note":"","_exactmetrics_sitenote_category":0,"footnotes":"","_links_to":"","_links_to_target":""},"yoast_head":"<!-- This site is optimized with the Yoast SEO plugin v21.2 - https:\/\/yoast.com\/wordpress\/plugins\/seo\/ -->\n<title>2023-2024 Scholars - Queen Elizabeth Scholarship-Advanced Scholars Program<\/title>\n<meta name=\"description\" content=\"2023-2024 QES-AS-WA Scholars\" \/>\n<meta name=\"robots\" content=\"index, follow, max-snippet:-1, max-image-preview:large, max-video-preview:-1\" \/>\n<link rel=\"canonical\" href=\"https:\/\/carleton.ca\/qes\/qes-as-wa-2021-2024-2\/2023-2024-scholars\/\" \/>\n<meta name=\"twitter:label1\" content=\"Est. reading time\" \/>\n\t<meta name=\"twitter:data1\" content=\"1 minute\" \/>\n<script type=\"application\/ld+json\" class=\"yoast-schema-graph\">{\"@context\":\"https:\/\/schema.org\",\"@graph\":[{\"@type\":\"WebPage\",\"@id\":\"https:\/\/carleton.ca\/qes\/qes-as-wa-2021-2024-2\/2023-2024-scholars\/\",\"url\":\"https:\/\/carleton.ca\/qes\/qes-as-wa-2021-2024-2\/2023-2024-scholars\/\",\"name\":\"2023-2024 Scholars - Queen Elizabeth Scholarship-Advanced Scholars Program\",\"isPartOf\":{\"@id\":\"https:\/\/carleton.ca\/qes\/#website\"},\"datePublished\":\"2023-06-27T15:12:25+00:00\",\"dateModified\":\"2023-12-04T16:10:10+00:00\",\"description\":\"2023-2024 QES-AS-WA Scholars\",\"breadcrumb\":{\"@id\":\"https:\/\/carleton.ca\/qes\/qes-as-wa-2021-2024-2\/2023-2024-scholars\/#breadcrumb\"},\"inLanguage\":\"en-US\",\"potentialAction\":[{\"@type\":\"ReadAction\",\"target\":[\"https:\/\/carleton.ca\/qes\/qes-as-wa-2021-2024-2\/2023-2024-scholars\/\"]}]},{\"@type\":\"BreadcrumbList\",\"@id\":\"https:\/\/carleton.ca\/qes\/qes-as-wa-2021-2024-2\/2023-2024-scholars\/#breadcrumb\",\"itemListElement\":[{\"@type\":\"ListItem\",\"position\":1,\"name\":\"Home\",\"item\":\"https:\/\/carleton.ca\/qes\/\"},{\"@type\":\"ListItem\",\"position\":2,\"name\":\"Wurin ta na yin rubutu QES-AS-WA (2021-2024)\",\"item\":\"https:\/\/carleton.ca\/qes\/qes-as-wa-2021-2024-2\/\"},{\"@type\":\"ListItem\",\"position\":3,\"name\":\"2023-2024 Scholars\"}]},{\"@type\":\"WebSite\",\"@id\":\"https:\/\/carleton.ca\/qes\/#website\",\"url\":\"https:\/\/carleton.ca\/qes\/\",\"name\":\"Queen Elizabeth Scholarship-Advanced Scholars Program\",\"description\":\"Carleton University\",\"potentialAction\":[{\"@type\":\"SearchAction\",\"target\":{\"@type\":\"EntryPoint\",\"urlTemplate\":\"https:\/\/carleton.ca\/qes\/?s={search_term_string}\"},\"query-input\":\"required name=search_term_string\"}],\"inLanguage\":\"en-US\"}]}<\/script>\n<!-- \/ Yoast SEO plugin. -->","yoast_head_json":{"title":"2023-2024 Scholars - Queen Elizabeth Scholarship-Advanced Scholars Program","description":"2023-2024 QES-AS-WA Scholars","robots":{"index":"index","follow":"follow","max-snippet":"max-snippet:-1","max-image-preview":"max-image-preview:large","max-video-preview":"max-video-preview:-1"},"canonical":"https:\/\/carleton.ca\/qes\/qes-as-wa-2021-2024-2\/2023-2024-scholars\/","twitter_misc":{"Est. reading time":"1 minute"},"schema":{"@context":"https:\/\/schema.org","@graph":[{"@type":"WebPage","@id":"https:\/\/carleton.ca\/qes\/qes-as-wa-2021-2024-2\/2023-2024-scholars\/","url":"https:\/\/carleton.ca\/qes\/qes-as-wa-2021-2024-2\/2023-2024-scholars\/","name":"2023-2024 Scholars - Queen Elizabeth Scholarship-Advanced Scholars Program","isPartOf":{"@id":"https:\/\/carleton.ca\/qes\/#website"},"datePublished":"2023-06-27T15:12:25+00:00","dateModified":"2023-12-04T16:10:10+00:00","description":"2023-2024 QES-AS-WA Scholars","breadcrumb":{"@id":"https:\/\/carleton.ca\/qes\/qes-as-wa-2021-2024-2\/2023-2024-scholars\/#breadcrumb"},"inLanguage":"en-US","potentialAction":[{"@type":"ReadAction","target":["https:\/\/carleton.ca\/qes\/qes-as-wa-2021-2024-2\/2023-2024-scholars\/"]}]},{"@type":"BreadcrumbList","@id":"https:\/\/carleton.ca\/qes\/qes-as-wa-2021-2024-2\/2023-2024-scholars\/#breadcrumb","itemListElement":[{"@type":"ListItem","position":1,"name":"Home","item":"https:\/\/carleton.ca\/qes\/"},{"@type":"ListItem","position":2,"name":"Wurin ta na yin rubutu QES-AS-WA (2021-2024)","item":"https:\/\/carleton.ca\/qes\/qes-as-wa-2021-2024-2\/"},{"@type":"ListItem","position":3,"name":"2023-2024 Scholars"}]},{"@type":"WebSite","@id":"https:\/\/carleton.ca\/qes\/#website","url":"https:\/\/carleton.ca\/qes\/","name":"Queen Elizabeth Scholarship-Advanced Scholars Program","description":"Carleton University","potentialAction":[{"@type":"SearchAction","target":{"@type":"EntryPoint","urlTemplate":"https:\/\/carleton.ca\/qes\/?s={search_term_string}"},"query-input":"required name=search_term_string"}],"inLanguage":"en-US"}]}},"acf":{"banner_image_type":"upload","banner_button":"no","banner_uploaded_image":{"ID":1660,"id":1660,"title":"Website_Scholars_banner","filename":"Website_Scholars_banner-scaled-e1688062541549.jpg","filesize":216935,"url":"https:\/\/carleton.ca\/qes\/wp-content\/uploads\/Website_Scholars_banner-scaled-e1688062541549.jpg","link":"https:\/\/carleton.ca\/qes\/qes-as-wa-2021-2024-2\/2022-scholars\/website_scholars_banner\/","alt":"","author":"23","description":"","caption":"","name":"website_scholars_banner","status":"inherit","uploaded_to":1435,"date":"2023-06-29 18:14:59","modified":"2023-06-29 18:22:18","menu_order":0,"mime_type":"image\/jpeg","type":"image","subtype":"jpeg","icon":"https:\/\/carleton.ca\/qes\/wp\/wp-includes\/images\/media\/default.png","width":1600,"height":700,"sizes":{"thumbnail":"https:\/\/carleton.ca\/qes\/wp-content\/uploads\/Website_Scholars_banner-160x70.jpg","thumbnail-width":160,"thumbnail-height":70,"medium":"https:\/\/carleton.ca\/qes\/wp-content\/uploads\/Website_Scholars_banner-240x105.jpg","medium-width":240,"medium-height":105,"medium_large":"https:\/\/carleton.ca\/qes\/wp-content\/uploads\/Website_Scholars_banner-768x336.jpg","medium_large-width":768,"medium_large-height":336,"large":"https:\/\/carleton.ca\/qes\/wp-content\/uploads\/Website_Scholars_banner-400x175.jpg","large-width":400,"large-height":175,"gallery-thumb":"https:\/\/carleton.ca\/qes\/wp-content\/uploads\/Website_Scholars_banner-300x230.jpg","gallery-thumb-width":300,"gallery-thumb-height":230,"1536x1536":"https:\/\/carleton.ca\/qes\/wp-content\/uploads\/Website_Scholars_banner-1536x672.jpg","1536x1536-width":1536,"1536x1536-height":672,"2048x2048":"https:\/\/carleton.ca\/qes\/wp-content\/uploads\/Website_Scholars_banner-2048x896.jpg","2048x2048-width":2048,"2048x2048-height":896,"banner":"https:\/\/carleton.ca\/qes\/wp-content\/uploads\/Website_Scholars_banner-1600x700.jpg","banner-width":1600,"banner-height":700,"people":"https:\/\/carleton.ca\/qes\/wp-content\/uploads\/Website_Scholars_banner-200x200.jpg","people-width":200,"people-height":200,"post-thumb":"https:\/\/carleton.ca\/qes\/wp-content\/uploads\/Website_Scholars_banner-300x230.jpg","post-thumb-width":300,"post-thumb-height":230,"rotator-image":"https:\/\/carleton.ca\/qes\/wp-content\/uploads\/Website_Scholars_banner-800x600.jpg","rotator-image-width":800,"rotator-image-height":600,"video-thumb":"https:\/\/carleton.ca\/qes\/wp-content\/uploads\/Website_Scholars_banner-360x158.jpg","video-thumb-width":360,"video-thumb-height":158}},"banner_opacity":"dark"},"_links":{"self":[{"href":"https:\/\/carleton.ca\/qes\/wp-json\/wp\/v2\/pages\/1582"}],"collection":[{"href":"https:\/\/carleton.ca\/qes\/wp-json\/wp\/v2\/pages"}],"about":[{"href":"https:\/\/carleton.ca\/qes\/wp-json\/wp\/v2\/types\/page"}],"author":[{"embeddable":true,"href":"https:\/\/carleton.ca\/qes\/wp-json\/wp\/v2\/users\/23"}],"replies":[{"embeddable":true,"href":"https:\/\/carleton.ca\/qes\/wp-json\/wp\/v2\/comments?post=1582"}],"version-history":[{"count":2,"href":"https:\/\/carleton.ca\/qes\/wp-json\/wp\/v2\/pages\/1582\/revisions"}],"predecessor-version":[{"id":1986,"href":"https:\/\/carleton.ca\/qes\/wp-json\/wp\/v2\/pages\/1582\/revisions\/1986"}],"up":[{"embeddable":true,"href":"https:\/\/carleton.ca\/qes\/wp-json\/wp\/v2\/pages\/859"}],"wp:attachment":[{"href":"https:\/\/carleton.ca\/qes\/wp-json\/wp\/v2\/media?parent=1582"}],"curies":[{"name":"wp","href":"https:\/\/api.w.org\/{rel}","templated":true}]}}